{"id":1145,"date":"2018-02-14T19:37:52","date_gmt":"2018-02-14T18:37:52","guid":{"rendered":"http:\/\/festivalbritannique.fr\/?page_id=1145"},"modified":"2018-02-25T11:41:28","modified_gmt":"2018-02-25T10:41:28","slug":"dunkerque","status":"publish","type":"page","link":"https:\/\/festivalbritannique.fr\/?page_id=1145","title":{"rendered":"Dunkerque"},"content":{"rendered":"<h3><em>Titre original : <span style=\"color: #0000ff;\">Dunkirk<br \/>\n<\/span><\/em><\/h3>\n<hr \/>\n<h3><span style=\"color: #ff0000;\"><strong>Vendredi 9 mars \u00e0 18h<\/strong><br \/>\n<\/span><\/h3>\n<hr \/>\n<h5>Guerre. 1h47.<\/h5>\n<blockquote>\n<h5>Au d\u00e9but de la Seconde Guerre mondiale, en mai 1940, environ 400 000 soldats britanniques, canadiens, fran\u00e7ais et belges se retrouvent encercl\u00e9s par les troupes allemandes dans la poche de Dunkerque. L&rsquo;op\u00e9ration Dynamo est mise en place pour \u00e9vacuer le Corps exp\u00e9ditionnaire britannique (CEB) vers l&rsquo;Angleterre.<br \/>\nL&rsquo;histoire s&rsquo;int\u00e9resse aux destins crois\u00e9s des soldats, pilotes, marins et civils anglais mobilis\u00e9s pour leurs bateaux durant l&rsquo;op\u00e9ration Dynamo. Alors que le CEB est \u00e9vacu\u00e9 par le port et les plages de Dunkerque, trois soldats, Tommy, Gibson et Alex, arrivent \u00e0 embarquer sous les bombardements, avec un peu d&rsquo;ing\u00e9niosit\u00e9 et de chance. Mais un autre p\u00e9riple les attend : la travers\u00e9e du d\u00e9troit du Pas de Calais. De l&rsquo;autre c\u00f4t\u00e9 de la Manche, M. Dawson, un propri\u00e9taire de bateau de plaisance, pr\u00e9pare avec son fils cadet, Peter, et un jeune gar\u00e7on, George, la r\u00e9quisition de son embarcation par la Royal Navy. Enfin, dans les cieux, trois pilotes britanniques, dont Collins et Farrier, sont en route pour Dunkerque, avec pour mission de couvrir l&rsquo;\u00e9vacuation contre les chasseurs et bombardiers allemands, tout en surveillant leur r\u00e9serve de carburant.<\/h5>\n<h5>May\/June 1940. 400,000 British and French soldiers are holed up in the French port town of Dunkirk. The only way out is via sea, and the Germans have air superiority, bombing the British soldiers and ships without much opposition. The situation looks dire and, in desperation, Britain sends civilian boats in addition to its hard-pressed navy to try to evacuate the beleaguered forces. This is that story, seen through the eyes of a soldier amongst those trapped forces, two RAF fighter pilots and a group of civilians on their boat, part of the evacuation fleet.<\/h5>\n<hr \/>\n<\/blockquote>\n<p class=\"wpview-selection-before\"><img loading=\"lazy\" decoding=\"async\" class=\"alignleft wp-image-1146 size-medium\" src=\"http:\/\/festivalbritannique.fr\/wp-content\/uploads\/2018\/02\/Dunkirk-202x300.jpg\" alt=\"Dunkirk\" width=\"202\" height=\"300\" \/><img loading=\"lazy\" decoding=\"async\" class=\"alignleft wp-image-1195 size-medium\" src=\"http:\/\/festivalbritannique.fr\/wp-content\/uploads\/2018\/02\/dunkerque-225x300.jpg\" alt=\"dunkerque\" width=\"225\" height=\"300\" \/><\/p>\n<p><iframe loading=\"lazy\" title=\"Dunkerque - Bande Annonce Officielle (VOST) - Christopher Nolan\" width=\"1170\" height=\"658\" src=\"https:\/\/www.youtube.com\/embed\/XmyVvtDxA5A?feature=oembed\" frameborder=\"0\" allow=\"accelerometer; autoplay; encrypted-media; gyroscope; picture-in-picture\" allowfullscreen><\/iframe><\/p>\n<!-- AddThis Advanced Settings generic via filter on the_content --><!-- AddThis Share Buttons generic via filter on the_content -->","protected":false},"excerpt":{"rendered":"<p>Titre original : Dunkirk Vendredi 9 mars \u00e0 18h Guerre. 1h47. Au d\u00e9but de la Seconde Guerre mondiale, en mai 1940, environ 400 000 soldats britanniques, canadiens, fran\u00e7ais et belges se retrouvent encercl\u00e9s par les troupes allemandes dans la poche de Dunkerque. L&rsquo;op\u00e9ration Dynamo est mise en place pour \u00e9vacuer le Corps exp\u00e9ditionnaire britannique (CEB)<\/p>\n<p><a href=\"https:\/\/festivalbritannique.fr\/?page_id=1145\" class=\"more-link themebutton\">Read More<\/a><\/p>\n<p><!-- AddThis Advanced Settings generic via filter on get_the_excerpt --><!-- AddThis Share Buttons generic via filter on get_the_excerpt --><\/p>\n","protected":false},"author":2,"featured_media":0,"parent":804,"menu_order":30,"comment_status":"closed","ping_status":"closed","template":"","meta":{"ngg_post_thumbnail":0,"footnotes":""},"class_list":["post-1145","page","type-page","status-publish","hentry"],"_links":{"self":[{"href":"https:\/\/festivalbritannique.fr\/index.php?rest_route=\/wp\/v2\/pages\/1145","targetHints":{"allow":["GET"]}}],"collection":[{"href":"https:\/\/festivalbritannique.fr\/index.php?rest_route=\/wp\/v2\/pages"}],"about":[{"href":"https:\/\/festivalbritannique.fr\/index.php?rest_route=\/wp\/v2\/types\/page"}],"author":[{"embeddable":true,"href":"https:\/\/festivalbritannique.fr\/index.php?rest_route=\/wp\/v2\/users\/2"}],"replies":[{"embeddable":true,"href":"https:\/\/festivalbritannique.fr\/index.php?rest_route=%2Fwp%2Fv2%2Fcomments&post=1145"}],"version-history":[{"count":4,"href":"https:\/\/festivalbritannique.fr\/index.php?rest_route=\/wp\/v2\/pages\/1145\/revisions"}],"predecessor-version":[{"id":1284,"href":"https:\/\/festivalbritannique.fr\/index.php?rest_route=\/wp\/v2\/pages\/1145\/revisions\/1284"}],"up":[{"embeddable":true,"href":"https:\/\/festivalbritannique.fr\/index.php?rest_route=\/wp\/v2\/pages\/804"}],"wp:attachment":[{"href":"https:\/\/festivalbritannique.fr\/index.php?rest_route=%2Fwp%2Fv2%2Fmedia&parent=1145"}],"curies":[{"name":"wp","href":"https:\/\/api.w.org\/{rel}","templated":true}]}}