{"id":1148,"date":"2018-02-14T19:44:51","date_gmt":"2018-02-14T18:44:51","guid":{"rendered":"http:\/\/festivalbritannique.fr\/?page_id=1148"},"modified":"2018-02-25T11:42:40","modified_gmt":"2018-02-25T10:42:40","slug":"la-mort-de-staline","status":"publish","type":"page","link":"https:\/\/festivalbritannique.fr\/?page_id=1148","title":{"rendered":"La mort de Staline"},"content":{"rendered":"<h3><em>Titre original : <span style=\"color: #0000ff;\">The death of Stalin<br \/>\n<\/span><\/em><\/h3>\n<hr \/>\n<h3><span style=\"color: #ff0000;\"><strong>Vendredi 9 mars \u00e0 20h30, en avant-premi\u00e8re<\/strong><br \/>\n<\/span><\/h3>\n<hr \/>\n<h5>Com\u00e9die. 1h47.<\/h5>\n<blockquote>\n<h5>Dans les jours qui suivent son attaque c\u00e9r\u00e9brale, les ministres composant la garde rapproch\u00e9e de Staline se livrent \u00e0 un combat acharn\u00e9 pour prendre le contr\u00f4le, certains souhaitant un changement positif en Union Sovi\u00e9tique, d&rsquo;autres nourrissant des ambitions plus funestes. Mais tous sont dans la m\u00eame urgence : lutter \u00e0 tout prix pour rester, simplement, en vie.<\/h5>\n<h5>Follows the Soviet dictator&rsquo;s last days and depicts the chaos of the regime after his death.<\/h5>\n<hr \/>\n<\/blockquote>\n<p class=\"wpview-selection-before\"><img loading=\"lazy\" decoding=\"async\" class=\"wp-image-1197 size-medium alignleft\" src=\"http:\/\/festivalbritannique.fr\/wp-content\/uploads\/2018\/02\/death-of-stalin-203x300.jpg\" alt=\"death of stalin\" width=\"203\" height=\"300\" \/><img loading=\"lazy\" decoding=\"async\" class=\"wp-image-1149 size-medium alignleft\" src=\"http:\/\/festivalbritannique.fr\/wp-content\/uploads\/2018\/02\/Staline-225x300.jpg\" alt=\"\" width=\"225\" height=\"300\" \/><\/p>\n<p><iframe loading=\"lazy\" title=\"LA MORT DE STALINE - Bande Annonce #1 VOST (2018) | CLIPDEFILM\" width=\"1170\" height=\"658\" src=\"https:\/\/www.youtube.com\/embed\/hL0MUILik6I?feature=oembed\" frameborder=\"0\" allow=\"accelerometer; autoplay; encrypted-media; gyroscope; picture-in-picture\" allowfullscreen><\/iframe><\/p>\n<p class=\"wpview-selection-after\">\n<!-- AddThis Advanced Settings generic via filter on the_content --><!-- AddThis Share Buttons generic via filter on the_content -->","protected":false},"excerpt":{"rendered":"<p>Titre original : The death of Stalin Vendredi 9 mars \u00e0 20h30, en avant-premi\u00e8re Com\u00e9die. 1h47. Dans les jours qui suivent son attaque c\u00e9r\u00e9brale, les ministres composant la garde rapproch\u00e9e de Staline se livrent \u00e0 un combat acharn\u00e9 pour prendre le contr\u00f4le, certains souhaitant un changement positif en Union Sovi\u00e9tique, d&rsquo;autres nourrissant des ambitions plus<\/p>\n<p><a href=\"https:\/\/festivalbritannique.fr\/?page_id=1148\" class=\"more-link themebutton\">Read More<\/a><\/p>\n<p><!-- AddThis Advanced Settings generic via filter on get_the_excerpt --><!-- AddThis Share Buttons generic via filter on get_the_excerpt --><\/p>\n","protected":false},"author":2,"featured_media":0,"parent":804,"menu_order":31,"comment_status":"closed","ping_status":"closed","template":"","meta":{"ngg_post_thumbnail":0,"footnotes":""},"class_list":["post-1148","page","type-page","status-publish","hentry"],"_links":{"self":[{"href":"https:\/\/festivalbritannique.fr\/index.php?rest_route=\/wp\/v2\/pages\/1148","targetHints":{"allow":["GET"]}}],"collection":[{"href":"https:\/\/festivalbritannique.fr\/index.php?rest_route=\/wp\/v2\/pages"}],"about":[{"href":"https:\/\/festivalbritannique.fr\/index.php?rest_route=\/wp\/v2\/types\/page"}],"author":[{"embeddable":true,"href":"https:\/\/festivalbritannique.fr\/index.php?rest_route=\/wp\/v2\/users\/2"}],"replies":[{"embeddable":true,"href":"https:\/\/festivalbritannique.fr\/index.php?rest_route=%2Fwp%2Fv2%2Fcomments&post=1148"}],"version-history":[{"count":4,"href":"https:\/\/festivalbritannique.fr\/index.php?rest_route=\/wp\/v2\/pages\/1148\/revisions"}],"predecessor-version":[{"id":1285,"href":"https:\/\/festivalbritannique.fr\/index.php?rest_route=\/wp\/v2\/pages\/1148\/revisions\/1285"}],"up":[{"embeddable":true,"href":"https:\/\/festivalbritannique.fr\/index.php?rest_route=\/wp\/v2\/pages\/804"}],"wp:attachment":[{"href":"https:\/\/festivalbritannique.fr\/index.php?rest_route=%2Fwp%2Fv2%2Fmedia&parent=1148"}],"curies":[{"name":"wp","href":"https:\/\/api.w.org\/{rel}","templated":true}]}}