{"id":1369,"date":"2019-02-22T14:37:21","date_gmt":"2019-02-22T13:37:21","guid":{"rendered":"http:\/\/festivalbritannique.fr\/?page_id=1369"},"modified":"2019-02-22T14:37:21","modified_gmt":"2019-02-22T13:37:21","slug":"le-cercle-litteraire-de-guernesey-2-2","status":"publish","type":"page","link":"https:\/\/festivalbritannique.fr\/?page_id=1369","title":{"rendered":"Le jour de mon retour"},"content":{"rendered":"\n<p class=\"has-text-color has-medium-font-size has-vivid-cyan-blue-color\">The mercy<\/p>\n\n\n\n<p class=\"has-text-color has-medium-font-size has-vivid-red-color\">Samedi 23 mars \u00e0 14h<\/p>\n\n\n\n<ul class=\"wp-block-list\"><li><strong>Aventure, Biopic.<\/strong><\/li><li><strong>Adventure, Biography.<\/strong><\/li><li><strong>James Marsh, Colin Firth, Rachel Weisz. 1h42<\/strong><\/li><\/ul>\n\n\n\n<blockquote class=\"wp-block-quote is-style-default is-layout-flow wp-block-quote-is-layout-flow\"><p> 1968. Donald Crowhurst, un homme d\u2019affaires  anglais, passionn\u00e9 par la voile, est au bord de la faillite. Pour sauver  son entreprise et vivre l\u2019aventure dont il r\u00eave depuis toujours, il  d\u00e9cide de participer \u00e0 la premi\u00e8re course \u00e0 la voile en solitaire pour  remporter le grand prix. Soutenu par sa femme et ses enfants, il se  lance alors dans cette incroyable odyss\u00e9e \u00e0 travers les mers du monde.  Mais mal pr\u00e9par\u00e9 et face \u00e0 luim\u00eame, Crowhurst rencontre tr\u00e8s vite de  graves difficult\u00e9s\u2026                       <\/p><cite>Allocin\u00e9.fr<\/cite><\/blockquote>\n\n\n\n<blockquote class=\"wp-block-quote is-layout-flow wp-block-quote-is-layout-flow\"><p>The incredible story of amateur sailor Donald  Crowhurst and his solo attempt to circumnavigate the globe. The  struggles he confronted on the journey while his family awaited his  return is one of the most enduring mysteries of recent times.              <\/p><cite>ImDb.com<\/cite><\/blockquote>\n\n\n\n<figure class=\"wp-block-embed-youtube aligncenter wp-block-embed is-type-video is-provider-youtube wp-embed-aspect-16-9 wp-has-aspect-ratio\"><div class=\"wp-block-embed__wrapper\">\n<iframe loading=\"lazy\" title=\"LE JOUR DE MON RETOUR \u2013 Bande-annonce Officielle VOSTF - Colin Firth \/ Rachel Weisz (2018)\" width=\"1170\" height=\"658\" src=\"https:\/\/www.youtube.com\/embed\/ck0XjYx-ji0?feature=oembed\" frameborder=\"0\" allow=\"accelerometer; autoplay; encrypted-media; gyroscope; picture-in-picture\" allowfullscreen><\/iframe>\n<\/div><\/figure>\n\n\n\n<ul class=\"wp-block-gallery columns-2 is-cropped wp-block-gallery-1 is-layout-flex wp-block-gallery-is-layout-flex\"><li class=\"blocks-gallery-item\"><figure><img loading=\"lazy\" decoding=\"async\" width=\"625\" height=\"1000\" src=\"http:\/\/festivalbritannique.fr\/wp-content\/uploads\/2019\/02\/Le-jour-de-mon-retour-aff2.jpg\" alt=\"\" data-id=\"1366\" data-link=\"http:\/\/festivalbritannique.fr\/?attachment_id=1366#main\" class=\"wp-image-1366\" srcset=\"https:\/\/festivalbritannique.fr\/wp-content\/uploads\/2019\/02\/Le-jour-de-mon-retour-aff2.jpg 625w, https:\/\/festivalbritannique.fr\/wp-content\/uploads\/2019\/02\/Le-jour-de-mon-retour-aff2-188x300.jpg 188w\" sizes=\"auto, (max-width: 625px) 100vw, 625px\" \/><\/figure><\/li><li class=\"blocks-gallery-item\"><figure><img loading=\"lazy\" decoding=\"async\" width=\"752\" height=\"1024\" src=\"http:\/\/festivalbritannique.fr\/wp-content\/uploads\/2019\/02\/Le-jour-de-mon-retour-aff1-752x1024.jpg\" alt=\"\" data-id=\"1365\" data-link=\"http:\/\/festivalbritannique.fr\/?attachment_id=1365#main\" class=\"wp-image-1365\" srcset=\"https:\/\/festivalbritannique.fr\/wp-content\/uploads\/2019\/02\/Le-jour-de-mon-retour-aff1-752x1024.jpg 752w, https:\/\/festivalbritannique.fr\/wp-content\/uploads\/2019\/02\/Le-jour-de-mon-retour-aff1-220x300.jpg 220w, https:\/\/festivalbritannique.fr\/wp-content\/uploads\/2019\/02\/Le-jour-de-mon-retour-aff1-768x1046.jpg 768w, https:\/\/festivalbritannique.fr\/wp-content\/uploads\/2019\/02\/Le-jour-de-mon-retour-aff1.jpg 793w\" sizes=\"auto, (max-width: 752px) 100vw, 752px\" \/><\/figure><\/li><\/ul>\n<!-- AddThis Advanced Settings generic via filter on the_content --><!-- AddThis Share Buttons generic via filter on the_content -->","protected":false},"excerpt":{"rendered":"<p>The mercy Samedi 23 mars \u00e0 14h Aventure, Biopic. Adventure, Biography. James Marsh, Colin Firth, Rachel Weisz. 1h42 1968. Donald Crowhurst, un homme d\u2019affaires anglais, passionn\u00e9 par la voile, est au bord de la faillite. Pour sauver son entreprise et vivre l\u2019aventure dont il r\u00eave depuis toujours, il d\u00e9cide de participer \u00e0 la premi\u00e8re course<\/p>\n<p><a href=\"https:\/\/festivalbritannique.fr\/?page_id=1369\" class=\"more-link themebutton\">Read More<\/a><\/p>\n<p><!-- AddThis Advanced Settings generic via filter on get_the_excerpt --><!-- AddThis Share Buttons generic via filter on get_the_excerpt --><\/p>\n","protected":false},"author":2,"featured_media":0,"parent":1343,"menu_order":0,"comment_status":"closed","ping_status":"closed","template":"","meta":{"ngg_post_thumbnail":0,"footnotes":""},"class_list":["post-1369","page","type-page","status-publish","hentry"],"_links":{"self":[{"href":"https:\/\/festivalbritannique.fr\/index.php?rest_route=\/wp\/v2\/pages\/1369","targetHints":{"allow":["GET"]}}],"collection":[{"href":"https:\/\/festivalbritannique.fr\/index.php?rest_route=\/wp\/v2\/pages"}],"about":[{"href":"https:\/\/festivalbritannique.fr\/index.php?rest_route=\/wp\/v2\/types\/page"}],"author":[{"embeddable":true,"href":"https:\/\/festivalbritannique.fr\/index.php?rest_route=\/wp\/v2\/users\/2"}],"replies":[{"embeddable":true,"href":"https:\/\/festivalbritannique.fr\/index.php?rest_route=%2Fwp%2Fv2%2Fcomments&post=1369"}],"version-history":[{"count":1,"href":"https:\/\/festivalbritannique.fr\/index.php?rest_route=\/wp\/v2\/pages\/1369\/revisions"}],"predecessor-version":[{"id":1370,"href":"https:\/\/festivalbritannique.fr\/index.php?rest_route=\/wp\/v2\/pages\/1369\/revisions\/1370"}],"up":[{"embeddable":true,"href":"https:\/\/festivalbritannique.fr\/index.php?rest_route=\/wp\/v2\/pages\/1343"}],"wp:attachment":[{"href":"https:\/\/festivalbritannique.fr\/index.php?rest_route=%2Fwp%2Fv2%2Fmedia&parent=1369"}],"curies":[{"name":"wp","href":"https:\/\/api.w.org\/{rel}","templated":true}]}}