{"id":1554,"date":"2020-02-09T14:58:24","date_gmt":"2020-02-09T13:58:24","guid":{"rendered":"http:\/\/festivalbritannique.fr\/?page_id=1554"},"modified":"2020-02-18T22:02:23","modified_gmt":"2020-02-18T21:02:23","slug":"vendredi-6-mars-3","status":"publish","type":"page","link":"https:\/\/festivalbritannique.fr\/?page_id=1554","title":{"rendered":"Jane Austen au cin\u00e9ma"},"content":{"rendered":"\n<div class=\"wp-block-columns is-layout-flex wp-container-core-columns-is-layout-9d6595d7 wp-block-columns-is-layout-flex\">\n<div class=\"wp-block-column is-layout-flow wp-block-column-is-layout-flow\"><\/div>\n\n\n\n<div class=\"wp-block-column is-layout-flow wp-block-column-is-layout-flow\">\n<p style=\"color:#ffffff\" class=\"has-text-color has-background has-text-align-center has-medium-font-size has-vivid-red-background-color\"><strong>Ven 6 mars \u00e0 21h<\/strong><\/p>\n<\/div>\n<\/div>\n\n\n\n<div class=\"wp-block-columns is-layout-flex wp-container-core-columns-is-layout-9d6595d7 wp-block-columns-is-layout-flex\">\n<div class=\"wp-block-column is-layout-flow wp-block-column-is-layout-flow\"><\/div>\n\n\n\n<div class=\"wp-block-column is-layout-flow wp-block-column-is-layout-flow\">\n<p style=\"color:#ffffff\" class=\"has-text-color has-background has-text-align-center has-normal-font-size has-vivid-cyan-blue-background-color\"><strong>EMMA.<\/strong><\/p>\n<\/div>\n<\/div>\n\n\n\n<div class=\"wp-block-columns is-layout-flex wp-container-core-columns-is-layout-9d6595d7 wp-block-columns-is-layout-flex\">\n<div class=\"wp-block-column is-layout-flow wp-block-column-is-layout-flow\"><\/div>\n\n\n\n<div class=\"wp-block-column is-layout-flow wp-block-column-is-layout-flow\">\n<div class=\"wp-block-image\"><figure class=\"aligncenter size-large\"><a href=\"http:\/\/festivalbritannique.fr\/?page_id=1598\"><img loading=\"lazy\" decoding=\"async\" width=\"675\" height=\"1000\" src=\"http:\/\/festivalbritannique.fr\/wp-content\/uploads\/2020\/02\/emma-1.jpg\" alt=\"\" class=\"wp-image-1556\" srcset=\"https:\/\/festivalbritannique.fr\/wp-content\/uploads\/2020\/02\/emma-1.jpg 675w, https:\/\/festivalbritannique.fr\/wp-content\/uploads\/2020\/02\/emma-1-203x300.jpg 203w\" sizes=\"auto, (max-width: 675px) 100vw, 675px\" \/><\/a><\/figure><\/div>\n<\/div>\n<\/div>\n\n\n\n<div class=\"wp-block-columns is-layout-flex wp-container-core-columns-is-layout-9d6595d7 wp-block-columns-is-layout-flex\">\n<div class=\"wp-block-column is-layout-flow wp-block-column-is-layout-flow\">\n<p style=\"color:#ffffff;font-size:17px\" class=\"has-text-color has-background has-text-align-center has-vivid-red-background-color\"><strong>Sam 7 mars \u00e0 13h45<\/strong><\/p>\n<\/div>\n\n\n\n<div class=\"wp-block-column is-layout-flow wp-block-column-is-layout-flow\">\n<p style=\"color:#ffffff;font-size:17px\" class=\"has-text-color has-background has-text-align-center has-vivid-red-background-color\"><strong>Dim 8 mars \u00e0 13h45<\/strong><\/p>\n<\/div>\n<\/div>\n\n\n\n<div class=\"wp-block-columns is-layout-flex wp-container-core-columns-is-layout-9d6595d7 wp-block-columns-is-layout-flex\">\n<div class=\"wp-block-column is-layout-flow wp-block-column-is-layout-flow\">\n<p style=\"color:#ffffff\" class=\"has-text-color has-background has-text-align-center has-small-font-size has-vivid-cyan-blue-background-color\"><strong>SENSE AND SENSIBILITY<\/strong><\/p>\n<\/div>\n\n\n\n<div class=\"wp-block-column is-layout-flow wp-block-column-is-layout-flow\">\n<p style=\"color:#ffffff;font-size:14px\" class=\"has-text-color has-background has-text-align-center has-vivid-cyan-blue-background-color\"><strong>PRIDE AND PREJUDICE<\/strong><\/p>\n<\/div>\n<\/div>\n\n\n\n<div class=\"wp-block-columns is-layout-flex wp-container-core-columns-is-layout-9d6595d7 wp-block-columns-is-layout-flex\">\n<div class=\"wp-block-column is-layout-flow wp-block-column-is-layout-flow\">\n<div class=\"wp-block-image\"><figure class=\"aligncenter size-large\"><a href=\"http:\/\/festivalbritannique.fr\/?page_id=1611\"><img loading=\"lazy\" decoding=\"async\" width=\"696\" height=\"1024\" src=\"http:\/\/festivalbritannique.fr\/wp-content\/uploads\/2020\/02\/sense-and-sensibility-01-1-696x1024.jpg\" alt=\"\" class=\"wp-image-1557\" srcset=\"https:\/\/festivalbritannique.fr\/wp-content\/uploads\/2020\/02\/sense-and-sensibility-01-1-696x1024.jpg 696w, https:\/\/festivalbritannique.fr\/wp-content\/uploads\/2020\/02\/sense-and-sensibility-01-1-204x300.jpg 204w, https:\/\/festivalbritannique.fr\/wp-content\/uploads\/2020\/02\/sense-and-sensibility-01-1-768x1131.jpg 768w, https:\/\/festivalbritannique.fr\/wp-content\/uploads\/2020\/02\/sense-and-sensibility-01-1.jpg 936w\" sizes=\"auto, (max-width: 696px) 100vw, 696px\" \/><\/a><\/figure><\/div>\n<\/div>\n\n\n\n<div class=\"wp-block-column is-layout-flow wp-block-column-is-layout-flow\">\n<div class=\"wp-block-image\"><figure class=\"aligncenter size-large\"><a href=\"http:\/\/festivalbritannique.fr\/?page_id=1605\"><img loading=\"lazy\" decoding=\"async\" width=\"674\" height=\"1000\" src=\"http:\/\/festivalbritannique.fr\/wp-content\/uploads\/2020\/02\/orgueils-et-pr\u00e9jug\u00e9s-2.jpg\" alt=\"\" class=\"wp-image-1558\" srcset=\"https:\/\/festivalbritannique.fr\/wp-content\/uploads\/2020\/02\/orgueils-et-pr\u00e9jug\u00e9s-2.jpg 674w, https:\/\/festivalbritannique.fr\/wp-content\/uploads\/2020\/02\/orgueils-et-pr\u00e9jug\u00e9s-2-202x300.jpg 202w\" sizes=\"auto, (max-width: 674px) 100vw, 674px\" \/><\/a><\/figure><\/div>\n<\/div>\n<\/div>\n<!-- AddThis Advanced Settings generic via filter on the_content --><!-- AddThis Share Buttons generic via filter on the_content -->","protected":false},"excerpt":{"rendered":"<p>Ven 6 mars \u00e0 21h EMMA. Sam 7 mars \u00e0 13h45 Dim 8 mars \u00e0 13h45 SENSE AND SENSIBILITY PRIDE AND PREJUDICE<!-- AddThis Advanced Settings generic via filter on get_the_excerpt --><!-- AddThis Share Buttons generic via filter on get_the_excerpt --><\/p>\n","protected":false},"author":2,"featured_media":0,"parent":1520,"menu_order":13,"comment_status":"closed","ping_status":"closed","template":"","meta":{"ngg_post_thumbnail":0,"footnotes":""},"class_list":["post-1554","page","type-page","status-publish","hentry"],"_links":{"self":[{"href":"https:\/\/festivalbritannique.fr\/index.php?rest_route=\/wp\/v2\/pages\/1554","targetHints":{"allow":["GET"]}}],"collection":[{"href":"https:\/\/festivalbritannique.fr\/index.php?rest_route=\/wp\/v2\/pages"}],"about":[{"href":"https:\/\/festivalbritannique.fr\/index.php?rest_route=\/wp\/v2\/types\/page"}],"author":[{"embeddable":true,"href":"https:\/\/festivalbritannique.fr\/index.php?rest_route=\/wp\/v2\/users\/2"}],"replies":[{"embeddable":true,"href":"https:\/\/festivalbritannique.fr\/index.php?rest_route=%2Fwp%2Fv2%2Fcomments&post=1554"}],"version-history":[{"count":3,"href":"https:\/\/festivalbritannique.fr\/index.php?rest_route=\/wp\/v2\/pages\/1554\/revisions"}],"predecessor-version":[{"id":1640,"href":"https:\/\/festivalbritannique.fr\/index.php?rest_route=\/wp\/v2\/pages\/1554\/revisions\/1640"}],"up":[{"embeddable":true,"href":"https:\/\/festivalbritannique.fr\/index.php?rest_route=\/wp\/v2\/pages\/1520"}],"wp:attachment":[{"href":"https:\/\/festivalbritannique.fr\/index.php?rest_route=%2Fwp%2Fv2%2Fmedia&parent=1554"}],"curies":[{"name":"wp","href":"https:\/\/api.w.org\/{rel}","templated":true}]}}