{"id":1583,"date":"2020-02-09T16:38:30","date_gmt":"2020-02-09T15:38:30","guid":{"rendered":"http:\/\/festivalbritannique.fr\/?page_id=1583"},"modified":"2020-02-09T16:38:43","modified_gmt":"2020-02-09T15:38:43","slug":"le-cercle-litteraire-de-guernesey-2-2-2-2-2-2-2-2-2-3","status":"publish","type":"page","link":"https:\/\/festivalbritannique.fr\/?page_id=1583","title":{"rendered":"1917"},"content":{"rendered":"\n<p class=\"has-text-color has-medium-font-size has-vivid-cyan-blue-color\">1917<\/p>\n\n\n\n<p class=\"has-text-color has-medium-font-size has-vivid-red-color\">Samedi 7 mars \u00e0 21h<\/p>\n\n\n\n<ul class=\"wp-block-list\"><li><strong>Guerre. <\/strong><\/li><li><strong>War.<\/strong><\/li><li><strong>Sam Mendes, George MacKay, Mark Strong. 1h59<\/strong><\/li><\/ul>\n\n\n\n<blockquote class=\"wp-block-quote is-style-default is-layout-flow wp-block-quote-is-layout-flow\"><p>   Pris dans la tourmente de la Premi\u00e8re Guerre Mondiale, Schofield\u00a0et  Blake, deux jeunes soldats britanniques, se voient assigner une mission \u00e0  proprement parler impossible. Porteurs d\u2019un message qui pourrait  emp\u00eacher une attaque\u00a0d\u00e9vastatrice\u00a0et la mort de centaines de soldats,  dont le fr\u00e8re de Blake, ils se lancent dans une v\u00e9ritable course contre  la montre, derri\u00e8re les lignes ennemies.                                                                   <\/p><cite>Allocin\u00e9.fr<\/cite><\/blockquote>\n\n\n\n<blockquote class=\"wp-block-quote is-layout-flow wp-block-quote-is-layout-flow\"><p>  April 6th, 1917. As a regiment assembles to wage war deep in enemy  territory, two soldiers are assigned to race against time and deliver a  message that will stop 1,600 men from walking straight into a deadly  trap.                         <\/p><cite>ImDb.com<\/cite><\/blockquote>\n\n\n\n<figure class=\"wp-block-embed-youtube aligncenter wp-block-embed is-type-video is-provider-youtube wp-embed-aspect-16-9 wp-has-aspect-ratio\"><div class=\"wp-block-embed__wrapper\">\n<iframe loading=\"lazy\" title=\"1917 - Bande-annonce Officielle VOST [Au cin\u00e9ma le 15 janvier]\" width=\"1170\" height=\"658\" src=\"https:\/\/www.youtube.com\/embed\/0YwR8n9tqXM?feature=oembed\" frameborder=\"0\" allow=\"accelerometer; autoplay; encrypted-media; gyroscope; picture-in-picture\" allowfullscreen><\/iframe>\n<\/div><\/figure>\n\n\n\n<figure class=\"wp-block-gallery columns-2 is-cropped wp-block-gallery-1 is-layout-flex wp-block-gallery-is-layout-flex\"><ul class=\"blocks-gallery-grid\"><li class=\"blocks-gallery-item\"><figure><img loading=\"lazy\" decoding=\"async\" width=\"768\" height=\"1024\" src=\"http:\/\/festivalbritannique.fr\/wp-content\/uploads\/2020\/02\/53408161-768x1024.jpg\" alt=\"\" data-id=\"1584\" data-full-url=\"http:\/\/festivalbritannique.fr\/wp-content\/uploads\/2020\/02\/53408161.jpg\" data-link=\"http:\/\/festivalbritannique.fr\/?attachment_id=1584#main\" class=\"wp-image-1584\" srcset=\"https:\/\/festivalbritannique.fr\/wp-content\/uploads\/2020\/02\/53408161-768x1024.jpg 768w, https:\/\/festivalbritannique.fr\/wp-content\/uploads\/2020\/02\/53408161-225x300.jpg 225w, https:\/\/festivalbritannique.fr\/wp-content\/uploads\/2020\/02\/53408161.jpg 810w\" sizes=\"auto, (max-width: 768px) 100vw, 768px\" \/><\/figure><\/li><li class=\"blocks-gallery-item\"><figure><img loading=\"lazy\" decoding=\"async\" width=\"631\" height=\"1000\" src=\"http:\/\/festivalbritannique.fr\/wp-content\/uploads\/2020\/02\/1917-1.jpg\" alt=\"\" data-id=\"1574\" data-full-url=\"http:\/\/festivalbritannique.fr\/wp-content\/uploads\/2020\/02\/1917-1.jpg\" data-link=\"http:\/\/festivalbritannique.fr\/?attachment_id=1574#main\" class=\"wp-image-1574\" srcset=\"https:\/\/festivalbritannique.fr\/wp-content\/uploads\/2020\/02\/1917-1.jpg 631w, https:\/\/festivalbritannique.fr\/wp-content\/uploads\/2020\/02\/1917-1-189x300.jpg 189w\" sizes=\"auto, (max-width: 631px) 100vw, 631px\" \/><\/figure><\/li><\/ul><\/figure>\n<!-- AddThis Advanced Settings generic via filter on the_content --><!-- AddThis Share Buttons generic via filter on the_content -->","protected":false},"excerpt":{"rendered":"<p>1917 Samedi 7 mars \u00e0 21h Guerre. War. Sam Mendes, George MacKay, Mark Strong. 1h59 Pris dans la tourmente de la Premi\u00e8re Guerre Mondiale, Schofield\u00a0et Blake, deux jeunes soldats britanniques, se voient assigner une mission \u00e0 proprement parler impossible. Porteurs d\u2019un message qui pourrait emp\u00eacher une attaque\u00a0d\u00e9vastatrice\u00a0et la mort de centaines de soldats, dont le<\/p>\n<p><a href=\"https:\/\/festivalbritannique.fr\/?page_id=1583\" class=\"more-link themebutton\">Read More<\/a><\/p>\n<p><!-- AddThis Advanced Settings generic via filter on get_the_excerpt --><!-- AddThis Share Buttons generic via filter on get_the_excerpt --><\/p>\n","protected":false},"author":2,"featured_media":0,"parent":1581,"menu_order":0,"comment_status":"closed","ping_status":"closed","template":"","meta":{"ngg_post_thumbnail":0,"footnotes":""},"class_list":["post-1583","page","type-page","status-publish","hentry"],"_links":{"self":[{"href":"https:\/\/festivalbritannique.fr\/index.php?rest_route=\/wp\/v2\/pages\/1583","targetHints":{"allow":["GET"]}}],"collection":[{"href":"https:\/\/festivalbritannique.fr\/index.php?rest_route=\/wp\/v2\/pages"}],"about":[{"href":"https:\/\/festivalbritannique.fr\/index.php?rest_route=\/wp\/v2\/types\/page"}],"author":[{"embeddable":true,"href":"https:\/\/festivalbritannique.fr\/index.php?rest_route=\/wp\/v2\/users\/2"}],"replies":[{"embeddable":true,"href":"https:\/\/festivalbritannique.fr\/index.php?rest_route=%2Fwp%2Fv2%2Fcomments&post=1583"}],"version-history":[{"count":1,"href":"https:\/\/festivalbritannique.fr\/index.php?rest_route=\/wp\/v2\/pages\/1583\/revisions"}],"predecessor-version":[{"id":1586,"href":"https:\/\/festivalbritannique.fr\/index.php?rest_route=\/wp\/v2\/pages\/1583\/revisions\/1586"}],"up":[{"embeddable":true,"href":"https:\/\/festivalbritannique.fr\/index.php?rest_route=\/wp\/v2\/pages\/1581"}],"wp:attachment":[{"href":"https:\/\/festivalbritannique.fr\/index.php?rest_route=%2Fwp%2Fv2%2Fmedia&parent=1583"}],"curies":[{"name":"wp","href":"https:\/\/api.w.org\/{rel}","templated":true}]}}