{"id":1605,"date":"2020-02-09T17:19:23","date_gmt":"2020-02-09T16:19:23","guid":{"rendered":"http:\/\/festivalbritannique.fr\/?page_id=1605"},"modified":"2020-02-09T17:19:24","modified_gmt":"2020-02-09T16:19:24","slug":"le-cercle-litteraire-de-guernesey-2-2-2-2-2-2-2-2-2-3-2-2-2-2-2-2-2","status":"publish","type":"page","link":"https:\/\/festivalbritannique.fr\/?page_id=1605","title":{"rendered":"Pride and prejudice"},"content":{"rendered":"\n<p class=\"has-text-color has-medium-font-size has-vivid-cyan-blue-color\">Orgueil et pr\u00e9jug\u00e9s<\/p>\n\n\n\n<p class=\"has-text-color has-medium-font-size has-vivid-red-color\">Dimanche 8 mars \u00e0 13h45<\/p>\n\n\n\n<ul class=\"wp-block-list\"><li><strong>Romance. <\/strong><\/li><li><strong>Romance.<\/strong><\/li><\/ul>\n\n\n\n<p><strong>De Joe Wright<br> Avec Keira Knightley, Matthew Macfadyen, Talulah Riley   . 2h07<\/strong><\/p>\n\n\n\n<blockquote class=\"wp-block-quote is-style-default is-layout-flow wp-block-quote-is-layout-flow\"><p>  Dans un petit village d&rsquo;Angleterre, sous le r\u00e8gne de George III, Mrs.  Bennet veut marier ses filles afin de leur assurer un avenir serein.  L&rsquo;arriv\u00e9e de nouveaux voisins, Mr. Bingley et son ami Mr. Darcy, plonge  Jane et Elisabeth dans des affaires de coeur tumultueuses. Cette  derni\u00e8re d\u00e9couvre l&rsquo;amour en rencontrant le bel et aristocratique Darcy.  Pourtant, tous deux devront passer outre leur orgueil et les mauvaises  interpr\u00e9tations qui s&rsquo;ensuivent avant de tomber dans les bras l&rsquo;un de  l&rsquo;autre \u00e0 la grande surprise des Bennet.                       <\/p><cite>Allocin\u00e9.fr<\/cite><\/blockquote>\n\n\n\n<blockquote class=\"wp-block-quote is-layout-flow wp-block-quote-is-layout-flow\"><p>     Sparks fly when spirited Elizabeth Bennet meets single, rich, and proud  Mr. Darcy. But Mr. Darcy reluctantly finds himself falling in love with a  woman beneath his class. Can each overcome his or her own pride and  prejudice?                    <\/p><cite>ImDb.com<\/cite><\/blockquote>\n\n\n\n<figure class=\"wp-block-embed-youtube aligncenter wp-block-embed is-type-video is-provider-youtube wp-embed-aspect-16-9 wp-has-aspect-ratio\"><div class=\"wp-block-embed__wrapper\">\n<iframe loading=\"lazy\" title=\"Pride &amp; Prejudice Official Trailer #1 - Keira Knightley Movie (2005) HD\" width=\"1170\" height=\"658\" src=\"https:\/\/www.youtube.com\/embed\/1dYv5u6v55Y?feature=oembed\" frameborder=\"0\" allow=\"accelerometer; autoplay; encrypted-media; gyroscope; picture-in-picture\" allowfullscreen><\/iframe>\n<\/div><\/figure>\n\n\n\n<figure class=\"wp-block-gallery columns-2 is-cropped wp-block-gallery-1 is-layout-flex wp-block-gallery-is-layout-flex\"><ul class=\"blocks-gallery-grid\"><li class=\"blocks-gallery-item\"><figure><img loading=\"lazy\" decoding=\"async\" width=\"674\" height=\"1000\" src=\"http:\/\/festivalbritannique.fr\/wp-content\/uploads\/2020\/02\/orgueils-et-pr\u00e9jug\u00e9s-2.jpg\" alt=\"\" data-id=\"1558\" data-full-url=\"http:\/\/festivalbritannique.fr\/wp-content\/uploads\/2020\/02\/orgueils-et-pr\u00e9jug\u00e9s-2.jpg\" data-link=\"http:\/\/festivalbritannique.fr\/?attachment_id=1558#main\" class=\"wp-image-1558\" srcset=\"https:\/\/festivalbritannique.fr\/wp-content\/uploads\/2020\/02\/orgueils-et-pr\u00e9jug\u00e9s-2.jpg 674w, https:\/\/festivalbritannique.fr\/wp-content\/uploads\/2020\/02\/orgueils-et-pr\u00e9jug\u00e9s-2-202x300.jpg 202w\" sizes=\"auto, (max-width: 674px) 100vw, 674px\" \/><\/figure><\/li><li class=\"blocks-gallery-item\"><figure><img loading=\"lazy\" decoding=\"async\" width=\"600\" height=\"800\" src=\"http:\/\/festivalbritannique.fr\/wp-content\/uploads\/2020\/02\/184612151.jpg\" alt=\"\" data-id=\"1606\" data-full-url=\"http:\/\/festivalbritannique.fr\/wp-content\/uploads\/2020\/02\/184612151.jpg\" data-link=\"http:\/\/festivalbritannique.fr\/?attachment_id=1606#main\" class=\"wp-image-1606\" srcset=\"https:\/\/festivalbritannique.fr\/wp-content\/uploads\/2020\/02\/184612151.jpg 600w, https:\/\/festivalbritannique.fr\/wp-content\/uploads\/2020\/02\/184612151-225x300.jpg 225w\" sizes=\"auto, (max-width: 600px) 100vw, 600px\" \/><\/figure><\/li><\/ul><\/figure>\n<!-- AddThis Advanced Settings generic via filter on the_content --><!-- AddThis Share Buttons generic via filter on the_content -->","protected":false},"excerpt":{"rendered":"<p>Orgueil et pr\u00e9jug\u00e9s Dimanche 8 mars \u00e0 13h45 Romance. Romance. De Joe Wright Avec Keira Knightley, Matthew Macfadyen, Talulah Riley . 2h07 Dans un petit village d&rsquo;Angleterre, sous le r\u00e8gne de George III, Mrs. Bennet veut marier ses filles afin de leur assurer un avenir serein. L&rsquo;arriv\u00e9e de nouveaux voisins, Mr. Bingley et son ami<\/p>\n<p><a href=\"https:\/\/festivalbritannique.fr\/?page_id=1605\" class=\"more-link themebutton\">Read More<\/a><\/p>\n<p><!-- AddThis Advanced Settings generic via filter on get_the_excerpt --><!-- AddThis Share Buttons generic via filter on get_the_excerpt --><\/p>\n","protected":false},"author":2,"featured_media":0,"parent":1581,"menu_order":0,"comment_status":"closed","ping_status":"closed","template":"","meta":{"ngg_post_thumbnail":0,"footnotes":""},"class_list":["post-1605","page","type-page","status-publish","hentry"],"_links":{"self":[{"href":"https:\/\/festivalbritannique.fr\/index.php?rest_route=\/wp\/v2\/pages\/1605","targetHints":{"allow":["GET"]}}],"collection":[{"href":"https:\/\/festivalbritannique.fr\/index.php?rest_route=\/wp\/v2\/pages"}],"about":[{"href":"https:\/\/festivalbritannique.fr\/index.php?rest_route=\/wp\/v2\/types\/page"}],"author":[{"embeddable":true,"href":"https:\/\/festivalbritannique.fr\/index.php?rest_route=\/wp\/v2\/users\/2"}],"replies":[{"embeddable":true,"href":"https:\/\/festivalbritannique.fr\/index.php?rest_route=%2Fwp%2Fv2%2Fcomments&post=1605"}],"version-history":[{"count":1,"href":"https:\/\/festivalbritannique.fr\/index.php?rest_route=\/wp\/v2\/pages\/1605\/revisions"}],"predecessor-version":[{"id":1607,"href":"https:\/\/festivalbritannique.fr\/index.php?rest_route=\/wp\/v2\/pages\/1605\/revisions\/1607"}],"up":[{"embeddable":true,"href":"https:\/\/festivalbritannique.fr\/index.php?rest_route=\/wp\/v2\/pages\/1581"}],"wp:attachment":[{"href":"https:\/\/festivalbritannique.fr\/index.php?rest_route=%2Fwp%2Fv2%2Fmedia&parent=1605"}],"curies":[{"name":"wp","href":"https:\/\/api.w.org\/{rel}","templated":true}]}}