{"id":1635,"date":"2020-02-18T21:59:53","date_gmt":"2020-02-18T20:59:53","guid":{"rendered":"http:\/\/festivalbritannique.fr\/?page_id=1635"},"modified":"2020-02-18T21:59:54","modified_gmt":"2020-02-18T20:59:54","slug":"le-cercle-litteraire-de-guernesey-2-2-2-2-2-2-2-2-2-3-2-3","status":"publish","type":"page","link":"https:\/\/festivalbritannique.fr\/?page_id=1635","title":{"rendered":"Judy"},"content":{"rendered":"\n<p class=\"has-text-color has-medium-font-size has-vivid-cyan-blue-color\">Judy<\/p>\n\n\n\n<p class=\"has-text-color has-medium-font-size has-vivid-red-color\">Vendredi 6 mars \u00e0 18h15<\/p>\n\n\n\n<ul class=\"wp-block-list\"><li><strong>Biopic, Romance. <\/strong><\/li><li><strong>Biography, Romance.<\/strong><\/li><li><strong>Ren\u00e9e Zellweger, Jessie Buckley, Finn Wittrock. 1h58<\/strong><\/li><\/ul>\n\n\n\n<blockquote class=\"wp-block-quote is-style-default is-layout-flow wp-block-quote-is-layout-flow\"><p>     Hiver 1968. La l\u00e9gendaire Judy Garland d\u00e9barque \u00e0 Londres pour se  produire \u00e0 guichets ferm\u00e9s au Talk of the Town. Cela fait trente ans  d\u00e9j\u00e0 qu\u2019elle est devenue une star plan\u00e9taire gr\u00e2ce au Magicien d\u2019Oz.  Judy a d\u00e9but\u00e9 son travail d\u2019artiste \u00e0 l\u2019\u00e2ge de deux ans, cela fait  maintenant plus de quatre d\u00e9cennies qu\u2019elle chante pour gagner sa vie.  Elle est \u00e9puis\u00e9e. Alors qu\u2019elle se pr\u00e9pare pour le spectacle, qu\u2019elle se  bat avec son agent, charme les musiciens et \u00e9voque ses souvenirs entre  amis ; sa vivacit\u00e9 et sa g\u00e9n\u00e9rosit\u00e9 s\u00e9duisent son entourage. Hant\u00e9e par  une enfance sacrifi\u00e9e pour Hollywood, elle aspire \u00e0 rentrer chez elle et  \u00e0 consacrer du temps \u00e0 ses enfants. Aura-t-elle seulement la force  d\u2019aller de l\u2019avant ?                       <\/p><cite>Allocin\u00e9.fr<\/cite><\/blockquote>\n\n\n\n<blockquote class=\"wp-block-quote is-layout-flow wp-block-quote-is-layout-flow\"><p>    Legendary performer <a href=\"https:\/\/www.imdb.com\/name\/nm0000023\/?ref_=\">Judy Garland<\/a> (Ren\u00e9e Zellweger) arrives in London in the winter of 1968 to perform a series of sold-out concerts.                            <\/p><cite>ImDb.com<\/cite><\/blockquote>\n\n\n\n<figure class=\"wp-block-embed-youtube aligncenter wp-block-embed is-type-video is-provider-youtube wp-embed-aspect-16-9 wp-has-aspect-ratio\"><div class=\"wp-block-embed__wrapper\">\n<iframe loading=\"lazy\" title=\"Judy \u2013Bande-annonce officielle HD\" width=\"1170\" height=\"658\" src=\"https:\/\/www.youtube.com\/embed\/1o0P2lfh-TA?feature=oembed\" frameborder=\"0\" allow=\"accelerometer; autoplay; encrypted-media; gyroscope; picture-in-picture\" allowfullscreen><\/iframe>\n<\/div><\/figure>\n\n\n\n<figure class=\"wp-block-gallery columns-2 is-cropped wp-block-gallery-1 is-layout-flex wp-block-gallery-is-layout-flex\"><ul class=\"blocks-gallery-grid\"><li class=\"blocks-gallery-item\"><figure><img loading=\"lazy\" decoding=\"async\" width=\"752\" height=\"1024\" src=\"http:\/\/festivalbritannique.fr\/wp-content\/uploads\/2020\/02\/judy-752x1024.jpg\" alt=\"\" data-id=\"1636\" data-full-url=\"http:\/\/festivalbritannique.fr\/wp-content\/uploads\/2020\/02\/judy.jpg\" data-link=\"http:\/\/festivalbritannique.fr\/?attachment_id=1636#main\" class=\"wp-image-1636\" srcset=\"https:\/\/festivalbritannique.fr\/wp-content\/uploads\/2020\/02\/judy-752x1024.jpg 752w, https:\/\/festivalbritannique.fr\/wp-content\/uploads\/2020\/02\/judy-220x300.jpg 220w, https:\/\/festivalbritannique.fr\/wp-content\/uploads\/2020\/02\/judy-768x1046.jpg 768w, https:\/\/festivalbritannique.fr\/wp-content\/uploads\/2020\/02\/judy.jpg 793w\" sizes=\"auto, (max-width: 752px) 100vw, 752px\" \/><\/figure><\/li><li class=\"blocks-gallery-item\"><figure><img loading=\"lazy\" decoding=\"async\" width=\"648\" height=\"999\" src=\"http:\/\/festivalbritannique.fr\/wp-content\/uploads\/2020\/02\/judy-english.jpg\" alt=\"\" data-id=\"1637\" data-full-url=\"http:\/\/festivalbritannique.fr\/wp-content\/uploads\/2020\/02\/judy-english.jpg\" data-link=\"http:\/\/festivalbritannique.fr\/?attachment_id=1637#main\" class=\"wp-image-1637\" srcset=\"https:\/\/festivalbritannique.fr\/wp-content\/uploads\/2020\/02\/judy-english.jpg 648w, https:\/\/festivalbritannique.fr\/wp-content\/uploads\/2020\/02\/judy-english-195x300.jpg 195w\" sizes=\"auto, (max-width: 648px) 100vw, 648px\" \/><\/figure><\/li><\/ul><\/figure>\n<!-- AddThis Advanced Settings generic via filter on the_content --><!-- AddThis Share Buttons generic via filter on the_content -->","protected":false},"excerpt":{"rendered":"<p>Judy Vendredi 6 mars \u00e0 18h15 Biopic, Romance. Biography, Romance. Ren\u00e9e Zellweger, Jessie Buckley, Finn Wittrock. 1h58 Hiver 1968. La l\u00e9gendaire Judy Garland d\u00e9barque \u00e0 Londres pour se produire \u00e0 guichets ferm\u00e9s au Talk of the Town. Cela fait trente ans d\u00e9j\u00e0 qu\u2019elle est devenue une star plan\u00e9taire gr\u00e2ce au Magicien d\u2019Oz. Judy a d\u00e9but\u00e9<\/p>\n<p><a href=\"https:\/\/festivalbritannique.fr\/?page_id=1635\" class=\"more-link themebutton\">Read More<\/a><\/p>\n<p><!-- AddThis Advanced Settings generic via filter on get_the_excerpt --><!-- AddThis Share Buttons generic via filter on get_the_excerpt --><\/p>\n","protected":false},"author":2,"featured_media":0,"parent":1581,"menu_order":0,"comment_status":"closed","ping_status":"closed","template":"","meta":{"ngg_post_thumbnail":0,"footnotes":""},"class_list":["post-1635","page","type-page","status-publish","hentry"],"_links":{"self":[{"href":"https:\/\/festivalbritannique.fr\/index.php?rest_route=\/wp\/v2\/pages\/1635","targetHints":{"allow":["GET"]}}],"collection":[{"href":"https:\/\/festivalbritannique.fr\/index.php?rest_route=\/wp\/v2\/pages"}],"about":[{"href":"https:\/\/festivalbritannique.fr\/index.php?rest_route=\/wp\/v2\/types\/page"}],"author":[{"embeddable":true,"href":"https:\/\/festivalbritannique.fr\/index.php?rest_route=\/wp\/v2\/users\/2"}],"replies":[{"embeddable":true,"href":"https:\/\/festivalbritannique.fr\/index.php?rest_route=%2Fwp%2Fv2%2Fcomments&post=1635"}],"version-history":[{"count":1,"href":"https:\/\/festivalbritannique.fr\/index.php?rest_route=\/wp\/v2\/pages\/1635\/revisions"}],"predecessor-version":[{"id":1638,"href":"https:\/\/festivalbritannique.fr\/index.php?rest_route=\/wp\/v2\/pages\/1635\/revisions\/1638"}],"up":[{"embeddable":true,"href":"https:\/\/festivalbritannique.fr\/index.php?rest_route=\/wp\/v2\/pages\/1581"}],"wp:attachment":[{"href":"https:\/\/festivalbritannique.fr\/index.php?rest_route=%2Fwp%2Fv2%2Fmedia&parent=1635"}],"curies":[{"name":"wp","href":"https:\/\/api.w.org\/{rel}","templated":true}]}}