{"id":1693,"date":"2022-03-06T17:17:54","date_gmt":"2022-03-06T16:17:54","guid":{"rendered":"http:\/\/festivalbritannique.fr\/?page_id=1693"},"modified":"2022-03-06T17:17:54","modified_gmt":"2022-03-06T16:17:54","slug":"le-cercle-litteraire-de-guernesey-2-2-2-2-2-2-2-2-2-3-2-2-2-3-2-2","status":"publish","type":"page","link":"https:\/\/festivalbritannique.fr\/?page_id=1693","title":{"rendered":"Le peuple loup"},"content":{"rendered":"\n<p class=\"has-text-color has-medium-font-size has-vivid-cyan-blue-color\"> Wolfwalkers <\/p>\n\n\n\n<p class=\"has-text-color has-medium-font-size has-vivid-red-color\">Samedi 19 mars \u00e0 14h<\/p>\n\n\n\n<ul class=\"wp-block-list\"><li><strong>Animation, aventure<\/strong><\/li><\/ul>\n\n\n\n<p> <\/p>\n\n\n\n<p> De Tomm Moore, Ross Stewart <\/p>\n\n\n\n<p>1h43<\/p>\n\n\n\n<blockquote class=\"wp-block-quote is-style-default is-layout-flow wp-block-quote-is-layout-flow\"><p>   En Irlande, au temps des superstitions et de la magie, Robyn, une jeune  fille de 11 ans, aide son p\u00e8re \u00e0 chasser la derni\u00e8re meute de  loups.\u00a0Mais un jour, lors d\u2019une battue en for\u00eat, Robyn rencontre Mebh,  petite fille le jour, louve la nuit.\u00a0D\u00e9sormais pour Robyn, ayant rejoint  elle aussi le peuple des loups, la menace ne vient plus des loups, mais  bien des hommes !  <\/p><cite>Allocin\u00e9.fr<\/cite><\/blockquote>\n\n\n\n<blockquote class=\"wp-block-quote is-layout-flow wp-block-quote-is-layout-flow\"><p> In a time of  superstition and magic, when wolves are seen as demonic and nature an  evil to be tamed, a young apprentice hunter, ROBYN, comes to Ireland  with her father to wipe out the last pack. But when Robyn saves a wild  native girl, MEBH, their friendship leads her to discover the world of  the WOLFWALKERS. <\/p><cite>ImDb.com<\/cite><\/blockquote>\n\n\n\n<figure class=\"wp-block-embed-youtube aligncenter wp-block-embed is-type-video is-provider-youtube wp-embed-aspect-16-9 wp-has-aspect-ratio\"><div class=\"wp-block-embed__wrapper\">\n<iframe loading=\"lazy\" title=\"LE PEUPLE LOUP - Bande annonce (VOst)\" width=\"1170\" height=\"658\" src=\"https:\/\/www.youtube.com\/embed\/SEhrgA_Y4bo?feature=oembed\" frameborder=\"0\" allow=\"accelerometer; autoplay; clipboard-write; encrypted-media; gyroscope; picture-in-picture\" allowfullscreen><\/iframe>\n<\/div><\/figure>\n\n\n\n<figure class=\"wp-block-gallery columns-2 is-cropped wp-block-gallery-1 is-layout-flex wp-block-gallery-is-layout-flex\"><ul class=\"blocks-gallery-grid\"><li class=\"blocks-gallery-item\"><figure><img loading=\"lazy\" decoding=\"async\" width=\"683\" height=\"1024\" src=\"http:\/\/festivalbritannique.fr\/wp-content\/uploads\/2022\/03\/Le-peuple-loup-683x1024.jpg\" alt=\"\" data-id=\"1694\" data-link=\"http:\/\/festivalbritannique.fr\/?attachment_id=1694#main\" class=\"wp-image-1694\" srcset=\"https:\/\/festivalbritannique.fr\/wp-content\/uploads\/2022\/03\/Le-peuple-loup-683x1024.jpg 683w, https:\/\/festivalbritannique.fr\/wp-content\/uploads\/2022\/03\/Le-peuple-loup-200x300.jpg 200w, https:\/\/festivalbritannique.fr\/wp-content\/uploads\/2022\/03\/Le-peuple-loup-768x1152.jpg 768w, https:\/\/festivalbritannique.fr\/wp-content\/uploads\/2022\/03\/Le-peuple-loup-1024x1536.jpg 1024w, https:\/\/festivalbritannique.fr\/wp-content\/uploads\/2022\/03\/Le-peuple-loup.jpg 1140w\" sizes=\"auto, (max-width: 683px) 100vw, 683px\" \/><\/figure><\/li><li class=\"blocks-gallery-item\"><figure><img loading=\"lazy\" decoding=\"async\" width=\"768\" height=\"1024\" src=\"http:\/\/festivalbritannique.fr\/wp-content\/uploads\/2022\/03\/le-peuple-loup-fr-768x1024.jpg\" alt=\"\" data-id=\"1695\" data-full-url=\"http:\/\/festivalbritannique.fr\/wp-content\/uploads\/2022\/03\/le-peuple-loup-fr.jpg\" data-link=\"http:\/\/festivalbritannique.fr\/?attachment_id=1695#main\" class=\"wp-image-1695\" srcset=\"https:\/\/festivalbritannique.fr\/wp-content\/uploads\/2022\/03\/le-peuple-loup-fr-768x1024.jpg 768w, https:\/\/festivalbritannique.fr\/wp-content\/uploads\/2022\/03\/le-peuple-loup-fr-225x300.jpg 225w, https:\/\/festivalbritannique.fr\/wp-content\/uploads\/2022\/03\/le-peuple-loup-fr.jpg 810w\" sizes=\"auto, (max-width: 768px) 100vw, 768px\" \/><\/figure><\/li><\/ul><\/figure>\n<!-- AddThis Advanced Settings generic via filter on the_content --><!-- AddThis Share Buttons generic via filter on the_content -->","protected":false},"excerpt":{"rendered":"<p>Wolfwalkers Samedi 19 mars \u00e0 14h Animation, aventure De Tomm Moore, Ross Stewart 1h43 En Irlande, au temps des superstitions et de la magie, Robyn, une jeune fille de 11 ans, aide son p\u00e8re \u00e0 chasser la derni\u00e8re meute de loups.\u00a0Mais un jour, lors d\u2019une battue en for\u00eat, Robyn rencontre Mebh, petite fille le jour,<\/p>\n<p><a href=\"https:\/\/festivalbritannique.fr\/?page_id=1693\" class=\"more-link themebutton\">Read More<\/a><\/p>\n<p><!-- AddThis Advanced Settings generic via filter on get_the_excerpt --><!-- AddThis Share Buttons generic via filter on get_the_excerpt --><\/p>\n","protected":false},"author":2,"featured_media":0,"parent":1687,"menu_order":0,"comment_status":"closed","ping_status":"closed","template":"","meta":{"ngg_post_thumbnail":0,"footnotes":""},"class_list":["post-1693","page","type-page","status-publish","hentry"],"_links":{"self":[{"href":"https:\/\/festivalbritannique.fr\/index.php?rest_route=\/wp\/v2\/pages\/1693","targetHints":{"allow":["GET"]}}],"collection":[{"href":"https:\/\/festivalbritannique.fr\/index.php?rest_route=\/wp\/v2\/pages"}],"about":[{"href":"https:\/\/festivalbritannique.fr\/index.php?rest_route=\/wp\/v2\/types\/page"}],"author":[{"embeddable":true,"href":"https:\/\/festivalbritannique.fr\/index.php?rest_route=\/wp\/v2\/users\/2"}],"replies":[{"embeddable":true,"href":"https:\/\/festivalbritannique.fr\/index.php?rest_route=%2Fwp%2Fv2%2Fcomments&post=1693"}],"version-history":[{"count":1,"href":"https:\/\/festivalbritannique.fr\/index.php?rest_route=\/wp\/v2\/pages\/1693\/revisions"}],"predecessor-version":[{"id":1696,"href":"https:\/\/festivalbritannique.fr\/index.php?rest_route=\/wp\/v2\/pages\/1693\/revisions\/1696"}],"up":[{"embeddable":true,"href":"https:\/\/festivalbritannique.fr\/index.php?rest_route=\/wp\/v2\/pages\/1687"}],"wp:attachment":[{"href":"https:\/\/festivalbritannique.fr\/index.php?rest_route=%2Fwp%2Fv2%2Fmedia&parent=1693"}],"curies":[{"name":"wp","href":"https:\/\/api.w.org\/{rel}","templated":true}]}}