{"id":1706,"date":"2022-03-06T17:30:15","date_gmt":"2022-03-06T16:30:15","guid":{"rendered":"http:\/\/festivalbritannique.fr\/?page_id=1706"},"modified":"2022-03-06T17:30:16","modified_gmt":"2022-03-06T16:30:16","slug":"le-cercle-litteraire-de-guernesey-2-2-2-2-2-2-2-2-2-3-2-2-2-3-2-2-2-2-2","status":"publish","type":"page","link":"https:\/\/festivalbritannique.fr\/?page_id=1706","title":{"rendered":"Cyrano"},"content":{"rendered":"\n<p class=\"has-text-color has-medium-font-size has-vivid-cyan-blue-color\"> Cyrano<\/p>\n\n\n\n<p class=\"has-text-color has-medium-font-size has-vivid-red-color\">Samedi 19 mars \u00e0 20h50<\/p>\n\n\n\n<ul class=\"wp-block-list\"><li><strong>Drame, Romance, Historique<\/strong><\/li><\/ul>\n\n\n\n<p> De Joe Wright Avec Peter Dinklage, Haley Bennett, Kelvin Harrison Jr.<\/p>\n\n\n\n<p>2h04<\/p>\n\n\n\n<blockquote class=\"wp-block-quote is-style-default is-layout-flow wp-block-quote-is-layout-flow\"><p>     Cyrano De Bergerac est un homme bien en avance sur son temps qui brille  autant par la dext\u00e9rit\u00e9 de sa r\u00e9partie que par celle de son \u00e9p\u00e9e. Mais  persuad\u00e9 que son apparence le prive \u00e0 jamais de l\u2019amour de celle qui lui  est ch\u00e8re, la resplendissante Roxanne, il ne se r\u00e9sout pas \u00e0 lui avouer  sa flamme, la laissant ainsi succomber aux charmes du beau Christian. <\/p><cite>Allocin\u00e9.fr<\/cite><\/blockquote>\n\n\n\n<blockquote class=\"wp-block-quote is-layout-flow wp-block-quote-is-layout-flow\"><p>  A man ahead of  his time, Cyrano de Bergerac dazzles whether with ferocious wordplay at  a verbal joust or with brilliant swordplay in a duel. But, convinced  that his appearance renders him unworthy of the love of a devoted  friend, the luminous Roxanne, Cyrano has yet to declare his feelings for  her and Roxanne has fallen in love, at first sight, with Christian. <\/p><cite>ImDb.com<\/cite><\/blockquote>\n\n\n\n<figure class=\"wp-block-embed-youtube aligncenter wp-block-embed is-type-video is-provider-youtube wp-embed-aspect-16-9 wp-has-aspect-ratio\"><div class=\"wp-block-embed__wrapper\">\n<iframe loading=\"lazy\" title=\"Cyrano - Bande-annonce VOST [Au cin\u00e9ma le 30 mars]\" width=\"1170\" height=\"658\" src=\"https:\/\/www.youtube.com\/embed\/Qzr1n3JKXaM?feature=oembed\" frameborder=\"0\" allow=\"accelerometer; autoplay; clipboard-write; encrypted-media; gyroscope; picture-in-picture\" allowfullscreen><\/iframe>\n<\/div><\/figure>\n\n\n\n<figure class=\"wp-block-gallery columns-2 is-cropped wp-block-gallery-1 is-layout-flex wp-block-gallery-is-layout-flex\"><ul class=\"blocks-gallery-grid\"><li class=\"blocks-gallery-item\"><figure><img loading=\"lazy\" decoding=\"async\" width=\"680\" height=\"924\" src=\"http:\/\/festivalbritannique.fr\/wp-content\/uploads\/2022\/03\/Cyrano.jpg\" alt=\"\" data-id=\"1707\" data-link=\"http:\/\/festivalbritannique.fr\/?attachment_id=1707#main\" class=\"wp-image-1707\" srcset=\"https:\/\/festivalbritannique.fr\/wp-content\/uploads\/2022\/03\/Cyrano.jpg 680w, https:\/\/festivalbritannique.fr\/wp-content\/uploads\/2022\/03\/Cyrano-221x300.jpg 221w\" sizes=\"auto, (max-width: 680px) 100vw, 680px\" \/><\/figure><\/li><li class=\"blocks-gallery-item\"><figure><img loading=\"lazy\" decoding=\"async\" width=\"691\" height=\"1024\" src=\"http:\/\/festivalbritannique.fr\/wp-content\/uploads\/2022\/03\/Cyrano-en-691x1024.jpg\" alt=\"\" data-id=\"1708\" data-full-url=\"http:\/\/festivalbritannique.fr\/wp-content\/uploads\/2022\/03\/Cyrano-en.jpg\" data-link=\"http:\/\/festivalbritannique.fr\/?attachment_id=1708#main\" class=\"wp-image-1708\" srcset=\"https:\/\/festivalbritannique.fr\/wp-content\/uploads\/2022\/03\/Cyrano-en-691x1024.jpg 691w, https:\/\/festivalbritannique.fr\/wp-content\/uploads\/2022\/03\/Cyrano-en-203x300.jpg 203w, https:\/\/festivalbritannique.fr\/wp-content\/uploads\/2022\/03\/Cyrano-en.jpg 729w\" sizes=\"auto, (max-width: 691px) 100vw, 691px\" \/><\/figure><\/li><\/ul><\/figure>\n<!-- AddThis Advanced Settings generic via filter on the_content --><!-- AddThis Share Buttons generic via filter on the_content -->","protected":false},"excerpt":{"rendered":"<p>Cyrano Samedi 19 mars \u00e0 20h50 Drame, Romance, Historique De Joe Wright Avec Peter Dinklage, Haley Bennett, Kelvin Harrison Jr. 2h04 Cyrano De Bergerac est un homme bien en avance sur son temps qui brille autant par la dext\u00e9rit\u00e9 de sa r\u00e9partie que par celle de son \u00e9p\u00e9e. Mais persuad\u00e9 que son apparence le prive<\/p>\n<p><a href=\"https:\/\/festivalbritannique.fr\/?page_id=1706\" class=\"more-link themebutton\">Read More<\/a><\/p>\n<p><!-- AddThis Advanced Settings generic via filter on get_the_excerpt --><!-- AddThis Share Buttons generic via filter on get_the_excerpt --><\/p>\n","protected":false},"author":2,"featured_media":0,"parent":1687,"menu_order":0,"comment_status":"closed","ping_status":"closed","template":"","meta":{"ngg_post_thumbnail":0,"footnotes":""},"class_list":["post-1706","page","type-page","status-publish","hentry"],"_links":{"self":[{"href":"https:\/\/festivalbritannique.fr\/index.php?rest_route=\/wp\/v2\/pages\/1706","targetHints":{"allow":["GET"]}}],"collection":[{"href":"https:\/\/festivalbritannique.fr\/index.php?rest_route=\/wp\/v2\/pages"}],"about":[{"href":"https:\/\/festivalbritannique.fr\/index.php?rest_route=\/wp\/v2\/types\/page"}],"author":[{"embeddable":true,"href":"https:\/\/festivalbritannique.fr\/index.php?rest_route=\/wp\/v2\/users\/2"}],"replies":[{"embeddable":true,"href":"https:\/\/festivalbritannique.fr\/index.php?rest_route=%2Fwp%2Fv2%2Fcomments&post=1706"}],"version-history":[{"count":1,"href":"https:\/\/festivalbritannique.fr\/index.php?rest_route=\/wp\/v2\/pages\/1706\/revisions"}],"predecessor-version":[{"id":1709,"href":"https:\/\/festivalbritannique.fr\/index.php?rest_route=\/wp\/v2\/pages\/1706\/revisions\/1709"}],"up":[{"embeddable":true,"href":"https:\/\/festivalbritannique.fr\/index.php?rest_route=\/wp\/v2\/pages\/1687"}],"wp:attachment":[{"href":"https:\/\/festivalbritannique.fr\/index.php?rest_route=%2Fwp%2Fv2%2Fmedia&parent=1706"}],"curies":[{"name":"wp","href":"https:\/\/api.w.org\/{rel}","templated":true}]}}