{"id":1828,"date":"2023-02-22T18:45:19","date_gmt":"2023-02-22T17:45:19","guid":{"rendered":"http:\/\/festivalbritannique.fr\/?page_id=1828"},"modified":"2023-02-23T19:13:50","modified_gmt":"2023-02-23T18:13:50","slug":"moonage-daydream-2-2-2","status":"publish","type":"page","link":"https:\/\/festivalbritannique.fr\/?page_id=1828","title":{"rendered":"Aftersun"},"content":{"rendered":"\n<p class=\"has-vivid-red-color has-text-color\"><strong>Aftersun<\/strong><\/p>\n\n\n\n<p class=\"has-white-color has-pale-pink-background-color has-text-color has-background has-small-font-size\">Samedi 18 mars \u00e0 16h<\/p>\n\n\n\n<p>1h 42min \/Drame<\/p>\n\n\n\n<p>De Charlotte Wells<\/p>\n\n\n\n<p>Avec Paul Mescal, Frankie Corio, Celia Rowlson-Hall<\/p>\n\n\n\n<p class=\"has-vivid-cyan-blue-color has-text-color\"><em>Avec m\u00e9lancolie, Sophie se rem\u00e9more les vacances d\u2019\u00e9t\u00e9 pass\u00e9es avec son p\u00e8re vingt ans auparavant : les moments de joie partag\u00e9e, leur complicit\u00e9, parfois leurs d\u00e9saccords. Elle repense aussi \u00e0 ce qui planait au-dessus de ces instants si pr\u00e9cieux : la sourde et invisible menace d\u2019un bonheur finissant. Elle tente alors de chercher parmi ces souvenirs des r\u00e9ponses \u00e0 la question qui l\u2019obs\u00e8de depuis tant d\u2019ann\u00e9es : qui \u00e9tait r\u00e9ellement cet homme qu\u2019elle a le sentiment de ne pas conna\u00eetre ?<\/em><\/p>\n\n\n\n<p class=\"has-pale-cyan-blue-color has-text-color\"><em>At a fading vacation resort, 11-year-old Sophie treasures rare time together with her loving and idealistic father, Calum (Paul Mescal). As a world of adolescence creeps into view, beyond her eye Calum struggles under the weight of life outside of fatherhood. Twenty years later, Sophie&rsquo;s tender recollections of their last holiday become a powerful and heartrending portrait of their relationship, as she tries to reconcile the father she knew with the man she didn&rsquo;t, in Charlotte Wells&rsquo; superb and searingly emotional debut film. \u2014<a href=\"https:\/\/www.imdb.com\/search\/title\/?plot_author=A24%20Films&amp;view=simple&amp;sort=alpha&amp;ref_=tt_stry_pl\">A24 Films<\/a><\/em><\/p>\n\n\n\n<figure class=\"wp-block-embed is-type-video is-provider-youtube wp-block-embed-youtube wp-embed-aspect-16-9 wp-has-aspect-ratio\"><div class=\"wp-block-embed__wrapper\">\n<iframe loading=\"lazy\" title=\"SOUS LE SOLEIL (Aftersun) - Bande annonce officielle\" width=\"1170\" height=\"658\" src=\"https:\/\/www.youtube.com\/embed\/P90iTMBTw2A?feature=oembed\" frameborder=\"0\" allow=\"accelerometer; autoplay; clipboard-write; encrypted-media; gyroscope; picture-in-picture; web-share\" allowfullscreen><\/iframe>\n<\/div><\/figure>\n\n\n\n<figure class=\"wp-block-gallery has-nested-images columns-default is-cropped wp-block-gallery-1 is-layout-flex wp-block-gallery-is-layout-flex\">\n<figure class=\"wp-block-image size-full is-style-default\"><img loading=\"lazy\" decoding=\"async\" width=\"640\" height=\"872\" data-id=\"1829\" src=\"http:\/\/festivalbritannique.fr\/wp-content\/uploads\/2023\/02\/aff-120-aftersun-web-logo-fi-hd-640x872-1.jpg\" alt=\"\" class=\"wp-image-1829\" srcset=\"https:\/\/festivalbritannique.fr\/wp-content\/uploads\/2023\/02\/aff-120-aftersun-web-logo-fi-hd-640x872-1.jpg 640w, https:\/\/festivalbritannique.fr\/wp-content\/uploads\/2023\/02\/aff-120-aftersun-web-logo-fi-hd-640x872-1-220x300.jpg 220w\" sizes=\"auto, (max-width: 640px) 100vw, 640px\" \/><\/figure>\n\n\n\n<figure class=\"wp-block-image size-large\"><img loading=\"lazy\" decoding=\"async\" width=\"691\" height=\"1024\" data-id=\"1830\" src=\"http:\/\/festivalbritannique.fr\/wp-content\/uploads\/2023\/02\/3640620.jpg-r_1920_1080-f_jpg-q_x-xxyxx-691x1024.jpg\" alt=\"\" class=\"wp-image-1830\" srcset=\"https:\/\/festivalbritannique.fr\/wp-content\/uploads\/2023\/02\/3640620.jpg-r_1920_1080-f_jpg-q_x-xxyxx-691x1024.jpg 691w, https:\/\/festivalbritannique.fr\/wp-content\/uploads\/2023\/02\/3640620.jpg-r_1920_1080-f_jpg-q_x-xxyxx-203x300.jpg 203w, https:\/\/festivalbritannique.fr\/wp-content\/uploads\/2023\/02\/3640620.jpg-r_1920_1080-f_jpg-q_x-xxyxx.jpg 729w\" sizes=\"auto, (max-width: 691px) 100vw, 691px\" \/><\/figure>\n<\/figure>\n<!-- AddThis Advanced Settings generic via filter on the_content --><!-- AddThis Share Buttons generic via filter on the_content -->","protected":false},"excerpt":{"rendered":"<p>Aftersun Samedi 18 mars \u00e0 16h 1h 42min \/Drame De Charlotte Wells Avec Paul Mescal, Frankie Corio, Celia Rowlson-Hall Avec m\u00e9lancolie, Sophie se rem\u00e9more les vacances d\u2019\u00e9t\u00e9 pass\u00e9es avec son p\u00e8re vingt ans auparavant : les moments de joie partag\u00e9e, leur complicit\u00e9, parfois leurs d\u00e9saccords. Elle repense aussi \u00e0 ce qui planait au-dessus de ces<\/p>\n<p><a href=\"https:\/\/festivalbritannique.fr\/?page_id=1828\" class=\"more-link themebutton\">Read More<\/a><\/p>\n<p><!-- AddThis Advanced Settings generic via filter on get_the_excerpt --><!-- AddThis Share Buttons generic via filter on get_the_excerpt --><\/p>\n","protected":false},"author":2,"featured_media":0,"parent":1812,"menu_order":0,"comment_status":"closed","ping_status":"closed","template":"","meta":{"ngg_post_thumbnail":0,"footnotes":""},"class_list":["post-1828","page","type-page","status-publish","hentry"],"_links":{"self":[{"href":"https:\/\/festivalbritannique.fr\/index.php?rest_route=\/wp\/v2\/pages\/1828","targetHints":{"allow":["GET"]}}],"collection":[{"href":"https:\/\/festivalbritannique.fr\/index.php?rest_route=\/wp\/v2\/pages"}],"about":[{"href":"https:\/\/festivalbritannique.fr\/index.php?rest_route=\/wp\/v2\/types\/page"}],"author":[{"embeddable":true,"href":"https:\/\/festivalbritannique.fr\/index.php?rest_route=\/wp\/v2\/users\/2"}],"replies":[{"embeddable":true,"href":"https:\/\/festivalbritannique.fr\/index.php?rest_route=%2Fwp%2Fv2%2Fcomments&post=1828"}],"version-history":[{"count":2,"href":"https:\/\/festivalbritannique.fr\/index.php?rest_route=\/wp\/v2\/pages\/1828\/revisions"}],"predecessor-version":[{"id":1850,"href":"https:\/\/festivalbritannique.fr\/index.php?rest_route=\/wp\/v2\/pages\/1828\/revisions\/1850"}],"up":[{"embeddable":true,"href":"https:\/\/festivalbritannique.fr\/index.php?rest_route=\/wp\/v2\/pages\/1812"}],"wp:attachment":[{"href":"https:\/\/festivalbritannique.fr\/index.php?rest_route=%2Fwp%2Fv2%2Fmedia&parent=1828"}],"curies":[{"name":"wp","href":"https:\/\/api.w.org\/{rel}","templated":true}]}}