{"id":1870,"date":"2023-02-23T19:42:05","date_gmt":"2023-02-23T18:42:05","guid":{"rendered":"http:\/\/festivalbritannique.fr\/?page_id=1870"},"modified":"2023-02-26T10:21:02","modified_gmt":"2023-02-26T09:21:02","slug":"moonage-daydream-2-2-2-3-2-2-2","status":"publish","type":"page","link":"https:\/\/festivalbritannique.fr\/?page_id=1870","title":{"rendered":"Florence Foster Jenkins"},"content":{"rendered":"\n<p class=\"has-vivid-red-color has-text-color\"><strong>Florence Foster Jenkins<\/strong><\/p>\n\n\n\n<p class=\"has-white-color has-pale-pink-background-color has-text-color has-background has-small-font-size\">Dimanche 19 mars \u00e0 20h40<\/p>\n\n\n\n<p>1h 50min \/Biopic, Drame, Com\u00e9die<\/p>\n\n\n\n<p>De Stephen Frears<\/p>\n\n\n\n<p>Avec Meryl Streep, Hugh Grant, Simon Helberg<\/p>\n\n\n\n<p class=\"has-vivid-cyan-blue-color has-text-color\"><em>L\u2019histoire vraie de Florence Foster Jenkins, h\u00e9riti\u00e8re new-yorkaise et c\u00e9l\u00e8bre mondaine, qui n\u2019a jamais renonc\u00e9 \u00e0 son r\u00eave de devenir une grande cantatrice d\u2019op\u00e9ra. Si elle \u00e9tait convaincue d\u2019avoir une tr\u00e8s belle voix, tout son entourage la trouvait aussi atroce que risible. Son \u201cmari\u201d et impr\u00e9sario, St Clair Bayfield, com\u00e9dien anglais aristocratique, tenait co\u00fbte que co\u00fbte \u00e0 ce que sa Florence bien-aim\u00e9e n\u2019apprenne pas la v\u00e9rit\u00e9. Mais lorsque Florence d\u00e9cide de se produire en public \u00e0 Carnegie Hall en 1944, St Clair comprend qu\u2019il s\u2019appr\u00eate \u00e0 relever le plus grand d\u00e9fi de sa vie\u2026<\/em><\/p>\n\n\n\n<p class=\"has-pale-cyan-blue-color has-text-color\"><em>Florence Foster Jenkins, an heiress from NYC, always wanted to be a concert pianist and play Carnegie Hall. An injury in her youth deterred that dream, so she sets out to sing her way to Carnegie Hall, knowing the only way to get there would be, \u00ab\u00a0Practice, practice, practice\u00a0\u00bb. Her husband supports her venture, and Florence Foster Jenkins&rsquo; performance at Carnegie Hall becomes a truly historic event. \u2014<a href=\"https:\/\/www.imdb.com\/search\/title\/?plot_author=stephen%20scialli&amp;view=simple&amp;sort=alpha&amp;ref_=tt_stry_pl\">stephen scialli<\/a><\/em><\/p>\n\n\n\n<figure class=\"wp-block-embed is-type-video is-provider-youtube wp-block-embed-youtube wp-embed-aspect-16-9 wp-has-aspect-ratio\"><div class=\"wp-block-embed__wrapper\">\n<iframe loading=\"lazy\" title=\"Florence Foster Jenkins - Bande-annonce officielle HD\" width=\"1170\" height=\"658\" src=\"https:\/\/www.youtube.com\/embed\/YekhTcHwHcM?feature=oembed\" frameborder=\"0\" allow=\"accelerometer; autoplay; clipboard-write; encrypted-media; gyroscope; picture-in-picture; web-share\" allowfullscreen><\/iframe>\n<\/div><\/figure>\n\n\n\n<figure class=\"wp-block-gallery has-nested-images columns-default is-cropped wp-block-gallery-1 is-layout-flex wp-block-gallery-is-layout-flex\">\n<figure class=\"wp-block-image size-large is-style-default\"><img loading=\"lazy\" decoding=\"async\" width=\"757\" height=\"1024\" data-id=\"1871\" src=\"http:\/\/festivalbritannique.fr\/wp-content\/uploads\/2023\/02\/502693.jpg-r_1920_1080-f_jpg-q_x-xxyxx-757x1024.jpg\" alt=\"\" class=\"wp-image-1871\" srcset=\"https:\/\/festivalbritannique.fr\/wp-content\/uploads\/2023\/02\/502693.jpg-r_1920_1080-f_jpg-q_x-xxyxx-757x1024.jpg 757w, https:\/\/festivalbritannique.fr\/wp-content\/uploads\/2023\/02\/502693.jpg-r_1920_1080-f_jpg-q_x-xxyxx-222x300.jpg 222w, https:\/\/festivalbritannique.fr\/wp-content\/uploads\/2023\/02\/502693.jpg-r_1920_1080-f_jpg-q_x-xxyxx-768x1039.jpg 768w, https:\/\/festivalbritannique.fr\/wp-content\/uploads\/2023\/02\/502693.jpg-r_1920_1080-f_jpg-q_x-xxyxx.jpg 798w\" sizes=\"auto, (max-width: 757px) 100vw, 757px\" \/><\/figure>\n\n\n\n<figure class=\"wp-block-image size-large\"><img loading=\"lazy\" decoding=\"async\" width=\"710\" height=\"1024\" data-id=\"1872\" src=\"http:\/\/festivalbritannique.fr\/wp-content\/uploads\/2023\/02\/Screenshot-2023-02-23-at-19-41-34-Florence-Foster-Jenkins-2016-710x1024.png\" alt=\"\" class=\"wp-image-1872\" srcset=\"https:\/\/festivalbritannique.fr\/wp-content\/uploads\/2023\/02\/Screenshot-2023-02-23-at-19-41-34-Florence-Foster-Jenkins-2016-710x1024.png 710w, https:\/\/festivalbritannique.fr\/wp-content\/uploads\/2023\/02\/Screenshot-2023-02-23-at-19-41-34-Florence-Foster-Jenkins-2016-208x300.png 208w, https:\/\/festivalbritannique.fr\/wp-content\/uploads\/2023\/02\/Screenshot-2023-02-23-at-19-41-34-Florence-Foster-Jenkins-2016-768x1108.png 768w, https:\/\/festivalbritannique.fr\/wp-content\/uploads\/2023\/02\/Screenshot-2023-02-23-at-19-41-34-Florence-Foster-Jenkins-2016-1065x1536.png 1065w, https:\/\/festivalbritannique.fr\/wp-content\/uploads\/2023\/02\/Screenshot-2023-02-23-at-19-41-34-Florence-Foster-Jenkins-2016.png 1242w\" sizes=\"auto, (max-width: 710px) 100vw, 710px\" \/><\/figure>\n<\/figure>\n<!-- AddThis Advanced Settings generic via filter on the_content --><!-- AddThis Share Buttons generic via filter on the_content -->","protected":false},"excerpt":{"rendered":"<p>Florence Foster Jenkins Dimanche 19 mars \u00e0 20h40 1h 50min \/Biopic, Drame, Com\u00e9die De Stephen Frears Avec Meryl Streep, Hugh Grant, Simon Helberg L\u2019histoire vraie de Florence Foster Jenkins, h\u00e9riti\u00e8re new-yorkaise et c\u00e9l\u00e8bre mondaine, qui n\u2019a jamais renonc\u00e9 \u00e0 son r\u00eave de devenir une grande cantatrice d\u2019op\u00e9ra. Si elle \u00e9tait convaincue d\u2019avoir une tr\u00e8s belle<\/p>\n<p><a href=\"https:\/\/festivalbritannique.fr\/?page_id=1870\" class=\"more-link themebutton\">Read More<\/a><\/p>\n<p><!-- AddThis Advanced Settings generic via filter on get_the_excerpt --><!-- AddThis Share Buttons generic via filter on get_the_excerpt --><\/p>\n","protected":false},"author":2,"featured_media":0,"parent":1812,"menu_order":0,"comment_status":"closed","ping_status":"closed","template":"","meta":{"ngg_post_thumbnail":0,"footnotes":""},"class_list":["post-1870","page","type-page","status-publish","hentry"],"_links":{"self":[{"href":"https:\/\/festivalbritannique.fr\/index.php?rest_route=\/wp\/v2\/pages\/1870","targetHints":{"allow":["GET"]}}],"collection":[{"href":"https:\/\/festivalbritannique.fr\/index.php?rest_route=\/wp\/v2\/pages"}],"about":[{"href":"https:\/\/festivalbritannique.fr\/index.php?rest_route=\/wp\/v2\/types\/page"}],"author":[{"embeddable":true,"href":"https:\/\/festivalbritannique.fr\/index.php?rest_route=\/wp\/v2\/users\/2"}],"replies":[{"embeddable":true,"href":"https:\/\/festivalbritannique.fr\/index.php?rest_route=%2Fwp%2Fv2%2Fcomments&post=1870"}],"version-history":[{"count":3,"href":"https:\/\/festivalbritannique.fr\/index.php?rest_route=\/wp\/v2\/pages\/1870\/revisions"}],"predecessor-version":[{"id":1946,"href":"https:\/\/festivalbritannique.fr\/index.php?rest_route=\/wp\/v2\/pages\/1870\/revisions\/1946"}],"up":[{"embeddable":true,"href":"https:\/\/festivalbritannique.fr\/index.php?rest_route=\/wp\/v2\/pages\/1812"}],"wp:attachment":[{"href":"https:\/\/festivalbritannique.fr\/index.php?rest_route=%2Fwp%2Fv2%2Fmedia&parent=1870"}],"curies":[{"name":"wp","href":"https:\/\/api.w.org\/{rel}","templated":true}]}}