{"id":1995,"date":"2024-02-26T11:29:42","date_gmt":"2024-02-26T10:29:42","guid":{"rendered":"http:\/\/festivalbritannique.fr\/?page_id=1995"},"modified":"2024-02-26T11:29:44","modified_gmt":"2024-02-26T10:29:44","slug":"the-old-oak-2-2-2-2","status":"publish","type":"page","link":"https:\/\/festivalbritannique.fr\/?page_id=1995","title":{"rendered":"Une vie"},"content":{"rendered":"\n<p class=\"has-vivid-red-color has-text-color\"><strong>One life<\/strong><\/p>\n\n\n\n<p class=\"has-white-color has-pale-pink-background-color has-text-color has-background\">Samedi 16 mars \u00e0 18h<\/p>\n\n\n\n<p class=\"has-cyan-bluish-gray-color has-text-color\">1h 49min | Biopic, Drame<br>De James Hawes<br>| Par Lucinda Coxon, Nick Drake<br>Avec Anthony Hopkins, Johnny Flynn, Helena Bonham Carter<\/p>\n\n\n\n<p class=\"has-vivid-cyan-blue-color has-text-color\">Prague, 1938. Alors que la ville est sur le point de tomber aux mains des nazis, un banquier londonien va tout mettre en \u0153uvre pour sauver des centaines d\u2019enfants promis \u00e0 une mort certaine dans les camps de concentration. Au p\u00e9ril de sa vie, Nicholas Winton va organiser des convois vers l\u2019Angleterre, o\u00f9 669 enfants juifs trouveront refuge.<\/p>\n\n\n\n<p class=\"has-vivid-cyan-blue-color has-text-color\">Cette histoire vraie, rest\u00e9e m\u00e9connue pendant des d\u00e9cennies, est d\u00e9voil\u00e9e au monde entier lorsqu\u2019en 1988, une \u00e9mission britannique invite Nicholas \u00e0 t\u00e9moigner. Celui-ci ne se doute pas que dans le public se trouvent les enfants \u2013 d\u00e9sormais adultes \u2013 qui ont surv\u00e9cu gr\u00e2ce \u00e0 lui\u2026<\/p>\n\n\n\n<p class=\"has-pale-cyan-blue-color has-text-color\">The true story of Sir Nicholas &lsquo;Nicky&rsquo; Winton, a young London broker who, in the months leading up to World War II, rescued 669 predominantly Jewish children from the Nazis. Nicky visited Prague in December 1938 and found families who had fled the rise of the Nazis in Germany and Austria, living in desperate conditions with little or no shelter and food, and under threat of Nazi invasion. He immediately realized it was a race against time. How many children could he and the team rescue before the borders closed? Fifty years later, it&rsquo;s 1988 and Nicky lives haunted by the fate of the children he wasn&rsquo;t able to bring to safety in England; always blaming himself for not doing more. It&rsquo;s not until a live BBC television show, &lsquo;That&rsquo;s Life&rsquo;, surprises him by introducing him to some surviving children &#8211; now adults &#8211; that he finally begins to come to terms with the guilt and grief he had carried for five decades.<\/p>\n\n\n\n<figure class=\"wp-block-embed is-type-video is-provider-youtube wp-block-embed-youtube wp-embed-aspect-16-9 wp-has-aspect-ratio\"><div class=\"wp-block-embed__wrapper\">\n<iframe loading=\"lazy\" title=\"UNE VIE - Bande-annonce (VOST)\" width=\"1170\" height=\"658\" src=\"https:\/\/www.youtube.com\/embed\/yP_1HIAI9_4?feature=oembed\" frameborder=\"0\" allow=\"accelerometer; autoplay; clipboard-write; encrypted-media; gyroscope; picture-in-picture; web-share\" allowfullscreen><\/iframe>\n<\/div><\/figure>\n\n\n\n<figure class=\"wp-block-gallery has-nested-images columns-default is-cropped wp-block-gallery-1 is-layout-flex wp-block-gallery-is-layout-flex\">\n<figure class=\"wp-block-image size-large\"><img loading=\"lazy\" decoding=\"async\" width=\"768\" height=\"1024\" data-id=\"1996\" src=\"http:\/\/festivalbritannique.fr\/wp-content\/uploads\/2024\/02\/une-vie-vf-768x1024.jpg\" alt=\"\" class=\"wp-image-1996\" srcset=\"https:\/\/festivalbritannique.fr\/wp-content\/uploads\/2024\/02\/une-vie-vf-768x1024.jpg 768w, https:\/\/festivalbritannique.fr\/wp-content\/uploads\/2024\/02\/une-vie-vf-225x300.jpg 225w, https:\/\/festivalbritannique.fr\/wp-content\/uploads\/2024\/02\/une-vie-vf-1152x1536.jpg 1152w, https:\/\/festivalbritannique.fr\/wp-content\/uploads\/2024\/02\/une-vie-vf.jpg 1200w\" sizes=\"auto, (max-width: 768px) 100vw, 768px\" \/><\/figure>\n\n\n\n<figure class=\"wp-block-image size-full\"><img loading=\"lazy\" decoding=\"async\" width=\"1013\" height=\"1500\" data-id=\"1997\" src=\"http:\/\/festivalbritannique.fr\/wp-content\/uploads\/2024\/02\/une-vie-vo.webp\" alt=\"\" class=\"wp-image-1997\"\/><\/figure>\n<\/figure>\n<!-- AddThis Advanced Settings generic via filter on the_content --><!-- AddThis Share Buttons generic via filter on the_content -->","protected":false},"excerpt":{"rendered":"<p>One life Samedi 16 mars \u00e0 18h 1h 49min | Biopic, DrameDe James Hawes| Par Lucinda Coxon, Nick DrakeAvec Anthony Hopkins, Johnny Flynn, Helena Bonham Carter Prague, 1938. Alors que la ville est sur le point de tomber aux mains des nazis, un banquier londonien va tout mettre en \u0153uvre pour sauver des centaines d\u2019enfants<\/p>\n<p><a href=\"https:\/\/festivalbritannique.fr\/?page_id=1995\" class=\"more-link themebutton\">Read More<\/a><\/p>\n<p><!-- AddThis Advanced Settings generic via filter on get_the_excerpt --><!-- AddThis Share Buttons generic via filter on get_the_excerpt --><\/p>\n","protected":false},"author":2,"featured_media":0,"parent":1985,"menu_order":0,"comment_status":"closed","ping_status":"closed","template":"","meta":{"ngg_post_thumbnail":0,"footnotes":""},"class_list":["post-1995","page","type-page","status-publish","hentry"],"_links":{"self":[{"href":"https:\/\/festivalbritannique.fr\/index.php?rest_route=\/wp\/v2\/pages\/1995","targetHints":{"allow":["GET"]}}],"collection":[{"href":"https:\/\/festivalbritannique.fr\/index.php?rest_route=\/wp\/v2\/pages"}],"about":[{"href":"https:\/\/festivalbritannique.fr\/index.php?rest_route=\/wp\/v2\/types\/page"}],"author":[{"embeddable":true,"href":"https:\/\/festivalbritannique.fr\/index.php?rest_route=\/wp\/v2\/users\/2"}],"replies":[{"embeddable":true,"href":"https:\/\/festivalbritannique.fr\/index.php?rest_route=%2Fwp%2Fv2%2Fcomments&post=1995"}],"version-history":[{"count":1,"href":"https:\/\/festivalbritannique.fr\/index.php?rest_route=\/wp\/v2\/pages\/1995\/revisions"}],"predecessor-version":[{"id":1998,"href":"https:\/\/festivalbritannique.fr\/index.php?rest_route=\/wp\/v2\/pages\/1995\/revisions\/1998"}],"up":[{"embeddable":true,"href":"https:\/\/festivalbritannique.fr\/index.php?rest_route=\/wp\/v2\/pages\/1985"}],"wp:attachment":[{"href":"https:\/\/festivalbritannique.fr\/index.php?rest_route=%2Fwp%2Fv2%2Fmedia&parent=1995"}],"curies":[{"name":"wp","href":"https:\/\/api.w.org\/{rel}","templated":true}]}}