{"id":2083,"date":"2025-02-02T18:20:56","date_gmt":"2025-02-02T17:20:56","guid":{"rendered":"http:\/\/festivalbritannique.fr\/?page_id=2083"},"modified":"2025-02-02T18:20:57","modified_gmt":"2025-02-02T17:20:57","slug":"the-old-oak-2-2-2-2-7","status":"publish","type":"page","link":"https:\/\/festivalbritannique.fr\/?page_id=2083","title":{"rendered":"Lee Miller"},"content":{"rendered":"\n<p class=\"has-vivid-red-color has-text-color\"><strong>Lee<\/strong><\/p>\n\n\n\n<p class=\"has-white-color has-pale-pink-background-color has-text-color has-background\">Vendredi 14 mars \u00e0 18h<\/p>\n\n\n\n<p class=\"has-cyan-bluish-gray-color has-text-color\">| 1h 57min | Biopic, Drame, Guerre<br>De Ellen Kuras<br>|Par Liz Hannah, John Collee<br>Avec Kate Winslet, Andy Samberg, Alexander Skarsg\u00e5rd<\/p>\n\n\n\n<p class=\"has-vivid-cyan-blue-color has-text-color\">L\u2019incroyable vie de LEE MILLER, ex-mod\u00e8le pour Vogue et muse de Man Ray devenue l\u2019une des premi\u00e8res femmes photographes de guerre. Partie sur le front et pr\u00eate \u00e0 tout pour t\u00e9moigner des horreurs de la Seconde Guerre, elle a, par son courage et son refus des conventions, chang\u00e9 la fa\u00e7on de voir le monde.<\/p>\n\n\n\n<p class=\"has-pale-cyan-blue-color has-text-color\">The story of American photographer Lee Miller, a fashion model who became an acclaimed war correspondent for Vogue magazine during World War II.<\/p>\n\n\n\n<figure class=\"wp-block-embed is-type-video is-provider-youtube wp-block-embed-youtube wp-embed-aspect-16-9 wp-has-aspect-ratio\"><div class=\"wp-block-embed__wrapper\">\n<iframe loading=\"lazy\" title=\"LEE MILLER - Bande annonce (VOST)\" width=\"1170\" height=\"658\" src=\"https:\/\/www.youtube.com\/embed\/FijdTkn1pE4?feature=oembed\" frameborder=\"0\" allow=\"accelerometer; autoplay; clipboard-write; encrypted-media; gyroscope; picture-in-picture; web-share\" referrerpolicy=\"strict-origin-when-cross-origin\" allowfullscreen><\/iframe>\n<\/div><\/figure>\n\n\n\n<figure class=\"wp-block-gallery has-nested-images columns-default is-cropped wp-block-gallery-1 is-layout-flex wp-block-gallery-is-layout-flex\">\n<figure class=\"wp-block-image size-large\"><img loading=\"lazy\" decoding=\"async\" width=\"752\" height=\"1024\" data-id=\"2069\" src=\"http:\/\/festivalbritannique.fr\/wp-content\/uploads\/2025\/01\/lee-miller_affiche--752x1024.jpg\" alt=\"\" class=\"wp-image-2069\" srcset=\"https:\/\/festivalbritannique.fr\/wp-content\/uploads\/2025\/01\/lee-miller_affiche--752x1024.jpg 752w, https:\/\/festivalbritannique.fr\/wp-content\/uploads\/2025\/01\/lee-miller_affiche--220x300.jpg 220w, https:\/\/festivalbritannique.fr\/wp-content\/uploads\/2025\/01\/lee-miller_affiche--768x1046.jpg 768w, https:\/\/festivalbritannique.fr\/wp-content\/uploads\/2025\/01\/lee-miller_affiche--1128x1536.jpg 1128w, https:\/\/festivalbritannique.fr\/wp-content\/uploads\/2025\/01\/lee-miller_affiche-.jpg 1370w\" sizes=\"auto, (max-width: 752px) 100vw, 752px\" \/><\/figure>\n\n\n\n<figure class=\"wp-block-image size-large\"><img loading=\"lazy\" decoding=\"async\" width=\"710\" height=\"1024\" data-id=\"2086\" src=\"http:\/\/festivalbritannique.fr\/wp-content\/uploads\/2025\/01\/Screenshot-2025-01-31-at-22-25-38-Lee-Miller-2023-710x1024.png\" alt=\"\" class=\"wp-image-2086\" srcset=\"https:\/\/festivalbritannique.fr\/wp-content\/uploads\/2025\/01\/Screenshot-2025-01-31-at-22-25-38-Lee-Miller-2023-710x1024.png 710w, https:\/\/festivalbritannique.fr\/wp-content\/uploads\/2025\/01\/Screenshot-2025-01-31-at-22-25-38-Lee-Miller-2023-208x300.png 208w, https:\/\/festivalbritannique.fr\/wp-content\/uploads\/2025\/01\/Screenshot-2025-01-31-at-22-25-38-Lee-Miller-2023-768x1108.png 768w, https:\/\/festivalbritannique.fr\/wp-content\/uploads\/2025\/01\/Screenshot-2025-01-31-at-22-25-38-Lee-Miller-2023-1065x1536.png 1065w, https:\/\/festivalbritannique.fr\/wp-content\/uploads\/2025\/01\/Screenshot-2025-01-31-at-22-25-38-Lee-Miller-2023.png 1198w\" sizes=\"auto, (max-width: 710px) 100vw, 710px\" \/><\/figure>\n<\/figure>\n<!-- AddThis Advanced Settings generic via filter on the_content --><!-- AddThis Share Buttons generic via filter on the_content -->","protected":false},"excerpt":{"rendered":"<p>Lee Vendredi 14 mars \u00e0 18h | 1h 57min | Biopic, Drame, GuerreDe Ellen Kuras|Par Liz Hannah, John ColleeAvec Kate Winslet, Andy Samberg, Alexander Skarsg\u00e5rd L\u2019incroyable vie de LEE MILLER, ex-mod\u00e8le pour Vogue et muse de Man Ray devenue l\u2019une des premi\u00e8res femmes photographes de guerre. Partie sur le front et pr\u00eate \u00e0 tout pour<\/p>\n<p><a href=\"https:\/\/festivalbritannique.fr\/?page_id=2083\" class=\"more-link themebutton\">Read More<\/a><\/p>\n<p><!-- AddThis Advanced Settings generic via filter on get_the_excerpt --><!-- AddThis Share Buttons generic via filter on get_the_excerpt --><\/p>\n","protected":false},"author":2,"featured_media":0,"parent":2088,"menu_order":0,"comment_status":"closed","ping_status":"closed","template":"","meta":{"ngg_post_thumbnail":0,"footnotes":""},"class_list":["post-2083","page","type-page","status-publish","hentry"],"_links":{"self":[{"href":"https:\/\/festivalbritannique.fr\/index.php?rest_route=\/wp\/v2\/pages\/2083","targetHints":{"allow":["GET"]}}],"collection":[{"href":"https:\/\/festivalbritannique.fr\/index.php?rest_route=\/wp\/v2\/pages"}],"about":[{"href":"https:\/\/festivalbritannique.fr\/index.php?rest_route=\/wp\/v2\/types\/page"}],"author":[{"embeddable":true,"href":"https:\/\/festivalbritannique.fr\/index.php?rest_route=\/wp\/v2\/users\/2"}],"replies":[{"embeddable":true,"href":"https:\/\/festivalbritannique.fr\/index.php?rest_route=%2Fwp%2Fv2%2Fcomments&post=2083"}],"version-history":[{"count":2,"href":"https:\/\/festivalbritannique.fr\/index.php?rest_route=\/wp\/v2\/pages\/2083\/revisions"}],"predecessor-version":[{"id":2087,"href":"https:\/\/festivalbritannique.fr\/index.php?rest_route=\/wp\/v2\/pages\/2083\/revisions\/2087"}],"up":[{"embeddable":true,"href":"https:\/\/festivalbritannique.fr\/index.php?rest_route=\/wp\/v2\/pages\/2088"}],"wp:attachment":[{"href":"https:\/\/festivalbritannique.fr\/index.php?rest_route=%2Fwp%2Fv2%2Fmedia&parent=2083"}],"curies":[{"name":"wp","href":"https:\/\/api.w.org\/{rel}","templated":true}]}}