{"id":2090,"date":"2025-02-02T18:22:19","date_gmt":"2025-02-02T17:22:19","guid":{"rendered":"http:\/\/festivalbritannique.fr\/?page_id=2090"},"modified":"2025-02-02T18:22:21","modified_gmt":"2025-02-02T17:22:21","slug":"the-old-oak-2-2-2-2-11","status":"publish","type":"page","link":"https:\/\/festivalbritannique.fr\/?page_id=2090","title":{"rendered":"Professeur Freud"},"content":{"rendered":"\n<p class=\"has-vivid-red-color has-text-color\"><strong>Freud&rsquo;s Last Session<\/strong><\/p>\n\n\n\n<p class=\"has-white-color has-pale-pink-background-color has-text-color has-background\">Vendredi 14 mars \u00e0 20h30<\/p>\n\n\n\n<p class=\"has-cyan-bluish-gray-color has-text-color\">| 1h 50min | Drame<br>De Matt Brown<br>|Par Mark St. Germain, Matt Brown<br>Avec Anthony Hopkins, Matthew Goode, Liv Lisa Fries<\/p>\n\n\n\n<p class=\"has-vivid-cyan-blue-color has-text-color\">A la veille de la Seconde Guerre Mondiale, Sigmund Freud s&rsquo;est r\u00e9fugi\u00e9 \u00e0 Londres, en compagnie de sa fille Anna.<\/p>\n\n\n\n<p class=\"has-vivid-cyan-blue-color has-text-color\">Sous l&rsquo;effet de l&rsquo;\u00e2ge et de la maladie, la star mondiale de la psychanalyse s&rsquo;est chang\u00e9e en un vieillard aigri et capricieux.<\/p>\n\n\n\n<p class=\"has-vivid-cyan-blue-color has-text-color\">Mais la curiosit\u00e9 du professeur est piqu\u00e9e au vif lorsqu&rsquo;un certain C.S Lewis, auteur de romans pour la jeunesse, demande \u00e0 le rencontrer pour d\u00e9battre de l&rsquo;existence de Dieu.<\/p>\n\n\n\n<p class=\"has-pale-cyan-blue-color has-text-color\">Set on the eve of WWII and towards the end of his life, Freud&rsquo;s Last Session sees Freud (Hopkins) invite iconic author C.S. Lewis for a debate over the existence of God. Exploring Freud&rsquo;s unique relationship with his lesbian daughter Anna and Lewis&rsquo; unconventional romance with his best friend&rsquo;s mother, the film interweaves past, present and fantasy, bursting from the confines of Freud&rsquo;s study on a dynamic journey.<\/p>\n\n\n\n<figure class=\"wp-block-embed is-type-video is-provider-youtube wp-block-embed-youtube wp-embed-aspect-16-9 wp-has-aspect-ratio\"><div class=\"wp-block-embed__wrapper\">\n<iframe loading=\"lazy\" title=\"FREUD&#039;S LAST SESSION | Official Trailer (2023)\" width=\"1170\" height=\"658\" src=\"https:\/\/www.youtube.com\/embed\/hPJM9lEMyV4?feature=oembed\" frameborder=\"0\" allow=\"accelerometer; autoplay; clipboard-write; encrypted-media; gyroscope; picture-in-picture; web-share\" referrerpolicy=\"strict-origin-when-cross-origin\" allowfullscreen><\/iframe>\n<\/div><\/figure>\n\n\n\n<figure class=\"wp-block-gallery has-nested-images columns-default is-cropped wp-block-gallery-1 is-layout-flex wp-block-gallery-is-layout-flex\">\n<figure class=\"wp-block-image size-large\"><img loading=\"lazy\" decoding=\"async\" width=\"691\" height=\"1024\" data-id=\"2091\" src=\"http:\/\/festivalbritannique.fr\/wp-content\/uploads\/2025\/01\/1f349d60b0db06466b456c58f2a821bc-1-691x1024.jpg\" alt=\"\" class=\"wp-image-2091\" srcset=\"https:\/\/festivalbritannique.fr\/wp-content\/uploads\/2025\/01\/1f349d60b0db06466b456c58f2a821bc-1-691x1024.jpg 691w, https:\/\/festivalbritannique.fr\/wp-content\/uploads\/2025\/01\/1f349d60b0db06466b456c58f2a821bc-1-203x300.jpg 203w, https:\/\/festivalbritannique.fr\/wp-content\/uploads\/2025\/01\/1f349d60b0db06466b456c58f2a821bc-1.jpg 729w\" sizes=\"auto, (max-width: 691px) 100vw, 691px\" \/><\/figure>\n\n\n\n<figure class=\"wp-block-image size-large\"><img loading=\"lazy\" decoding=\"async\" width=\"680\" height=\"1024\" data-id=\"2092\" src=\"http:\/\/festivalbritannique.fr\/wp-content\/uploads\/2025\/01\/Screenshot-2025-01-31-at-22-32-26-Freuds-Last-Session-2023-680x1024.png\" alt=\"\" class=\"wp-image-2092\" srcset=\"https:\/\/festivalbritannique.fr\/wp-content\/uploads\/2025\/01\/Screenshot-2025-01-31-at-22-32-26-Freuds-Last-Session-2023-680x1024.png 680w, https:\/\/festivalbritannique.fr\/wp-content\/uploads\/2025\/01\/Screenshot-2025-01-31-at-22-32-26-Freuds-Last-Session-2023-199x300.png 199w, https:\/\/festivalbritannique.fr\/wp-content\/uploads\/2025\/01\/Screenshot-2025-01-31-at-22-32-26-Freuds-Last-Session-2023-768x1157.png 768w, https:\/\/festivalbritannique.fr\/wp-content\/uploads\/2025\/01\/Screenshot-2025-01-31-at-22-32-26-Freuds-Last-Session-2023-1019x1536.png 1019w, https:\/\/festivalbritannique.fr\/wp-content\/uploads\/2025\/01\/Screenshot-2025-01-31-at-22-32-26-Freuds-Last-Session-2023.png 1148w\" sizes=\"auto, (max-width: 680px) 100vw, 680px\" \/><\/figure>\n<\/figure>\n<!-- AddThis Advanced Settings generic via filter on the_content --><!-- AddThis Share Buttons generic via filter on the_content -->","protected":false},"excerpt":{"rendered":"<p>Freud&rsquo;s Last Session Vendredi 14 mars \u00e0 20h30 | 1h 50min | DrameDe Matt Brown|Par Mark St. Germain, Matt BrownAvec Anthony Hopkins, Matthew Goode, Liv Lisa Fries A la veille de la Seconde Guerre Mondiale, Sigmund Freud s&rsquo;est r\u00e9fugi\u00e9 \u00e0 Londres, en compagnie de sa fille Anna. Sous l&rsquo;effet de l&rsquo;\u00e2ge et de la maladie,<\/p>\n<p><a href=\"https:\/\/festivalbritannique.fr\/?page_id=2090\" class=\"more-link themebutton\">Read More<\/a><\/p>\n<p><!-- AddThis Advanced Settings generic via filter on get_the_excerpt --><!-- AddThis Share Buttons generic via filter on get_the_excerpt --><\/p>\n","protected":false},"author":2,"featured_media":0,"parent":2088,"menu_order":0,"comment_status":"closed","ping_status":"closed","template":"","meta":{"ngg_post_thumbnail":0,"footnotes":""},"class_list":["post-2090","page","type-page","status-publish","hentry"],"_links":{"self":[{"href":"https:\/\/festivalbritannique.fr\/index.php?rest_route=\/wp\/v2\/pages\/2090","targetHints":{"allow":["GET"]}}],"collection":[{"href":"https:\/\/festivalbritannique.fr\/index.php?rest_route=\/wp\/v2\/pages"}],"about":[{"href":"https:\/\/festivalbritannique.fr\/index.php?rest_route=\/wp\/v2\/types\/page"}],"author":[{"embeddable":true,"href":"https:\/\/festivalbritannique.fr\/index.php?rest_route=\/wp\/v2\/users\/2"}],"replies":[{"embeddable":true,"href":"https:\/\/festivalbritannique.fr\/index.php?rest_route=%2Fwp%2Fv2%2Fcomments&post=2090"}],"version-history":[{"count":2,"href":"https:\/\/festivalbritannique.fr\/index.php?rest_route=\/wp\/v2\/pages\/2090\/revisions"}],"predecessor-version":[{"id":2094,"href":"https:\/\/festivalbritannique.fr\/index.php?rest_route=\/wp\/v2\/pages\/2090\/revisions\/2094"}],"up":[{"embeddable":true,"href":"https:\/\/festivalbritannique.fr\/index.php?rest_route=\/wp\/v2\/pages\/2088"}],"wp:attachment":[{"href":"https:\/\/festivalbritannique.fr\/index.php?rest_route=%2Fwp%2Fv2%2Fmedia&parent=2090"}],"curies":[{"name":"wp","href":"https:\/\/api.w.org\/{rel}","templated":true}]}}