{"id":2108,"date":"2025-02-02T18:21:55","date_gmt":"2025-02-02T17:21:55","guid":{"rendered":"http:\/\/festivalbritannique.fr\/?page_id=2108"},"modified":"2025-02-02T18:21:56","modified_gmt":"2025-02-02T17:21:56","slug":"the-old-oak-2-2-2-2-10","status":"publish","type":"page","link":"https:\/\/festivalbritannique.fr\/?page_id=2108","title":{"rendered":"Ozi, la voix de la for\u00eat"},"content":{"rendered":"\n<p class=\"has-vivid-red-color has-text-color\"><strong>Ozi<\/strong><\/p>\n\n\n\n<p class=\"has-white-color has-pale-pink-background-color has-text-color has-background\">Dimanche 16 mars \u00e0 11h<\/p>\n\n\n\n<p class=\"has-cyan-bluish-gray-color has-text-color\">2 avril 2025 en salle | 1h 27min | Animation, Famille<br>De Tim Harper<br>|Par Ricky Roxburgh<br>Avec Amandla Stenberg, Laura Dern, Djimon Hounsou<\/p>\n\n\n\n<p class=\"has-vivid-cyan-blue-color has-text-color\">Ozi, une jeune orang-outan, est s\u00e9par\u00e9e de ses parents \u00e0 la suite d\u2019un feu de for\u00eat. Elle grandit dans une r\u00e9serve, entour\u00e9e d\u2019autres animaux devenus ses amis. Mais un jour, guid\u00e9e par son instinct, elle d\u00e9cide de partir \u00e0 la recherche de sa famille. Dans sa qu\u00eate, elle va d\u00e9couvrir la beaut\u00e9 de la nature mais aussi les dangers qui la menacent. Ozi se lance alors dans une incroyable aventure pour retrouver ses parents et sauver la for\u00eat tropicale.<\/p>\n\n\n\n<p class=\"has-pale-cyan-blue-color has-text-color\">This is the story of Ozi, an orphan orangutan who uses her influencer skills to save her forest and home from deforestation.<\/p>\n\n\n\n<figure class=\"wp-block-embed is-type-video is-provider-youtube wp-block-embed-youtube wp-embed-aspect-16-9 wp-has-aspect-ratio\"><div class=\"wp-block-embed__wrapper\">\n<iframe loading=\"lazy\" title=\"OZI LA VOIX DE LA FOR\u00caT (Bande-annonce officielle) | VF\" width=\"1170\" height=\"658\" src=\"https:\/\/www.youtube.com\/embed\/VzpBa97clCQ?feature=oembed\" frameborder=\"0\" allow=\"accelerometer; autoplay; clipboard-write; encrypted-media; gyroscope; picture-in-picture; web-share\" referrerpolicy=\"strict-origin-when-cross-origin\" allowfullscreen><\/iframe>\n<\/div><\/figure>\n\n\n\n<figure class=\"wp-block-gallery has-nested-images columns-default is-cropped wp-block-gallery-1 is-layout-flex wp-block-gallery-is-layout-flex\">\n<figure class=\"wp-block-image size-large\"><img loading=\"lazy\" decoding=\"async\" width=\"768\" height=\"1024\" data-id=\"2077\" src=\"http:\/\/festivalbritannique.fr\/wp-content\/uploads\/2025\/01\/60b0291b84a5c7fe4ebd7e8495f2a471-768x1024.jpg\" alt=\"\" class=\"wp-image-2077\" srcset=\"https:\/\/festivalbritannique.fr\/wp-content\/uploads\/2025\/01\/60b0291b84a5c7fe4ebd7e8495f2a471-768x1024.jpg 768w, https:\/\/festivalbritannique.fr\/wp-content\/uploads\/2025\/01\/60b0291b84a5c7fe4ebd7e8495f2a471-225x300.jpg 225w, https:\/\/festivalbritannique.fr\/wp-content\/uploads\/2025\/01\/60b0291b84a5c7fe4ebd7e8495f2a471.jpg 810w\" sizes=\"auto, (max-width: 768px) 100vw, 768px\" \/><\/figure>\n\n\n\n<figure class=\"wp-block-image size-large\"><img loading=\"lazy\" decoding=\"async\" width=\"726\" height=\"1024\" data-id=\"2109\" src=\"http:\/\/festivalbritannique.fr\/wp-content\/uploads\/2025\/02\/Screenshot-2025-02-02-at-17-33-50-Ozi-la-voix-de-la-foret-2023-726x1024.png\" alt=\"\" class=\"wp-image-2109\" srcset=\"https:\/\/festivalbritannique.fr\/wp-content\/uploads\/2025\/02\/Screenshot-2025-02-02-at-17-33-50-Ozi-la-voix-de-la-foret-2023-726x1024.png 726w, https:\/\/festivalbritannique.fr\/wp-content\/uploads\/2025\/02\/Screenshot-2025-02-02-at-17-33-50-Ozi-la-voix-de-la-foret-2023-213x300.png 213w, https:\/\/festivalbritannique.fr\/wp-content\/uploads\/2025\/02\/Screenshot-2025-02-02-at-17-33-50-Ozi-la-voix-de-la-foret-2023-768x1083.png 768w, https:\/\/festivalbritannique.fr\/wp-content\/uploads\/2025\/02\/Screenshot-2025-02-02-at-17-33-50-Ozi-la-voix-de-la-foret-2023-1089x1536.png 1089w, https:\/\/festivalbritannique.fr\/wp-content\/uploads\/2025\/02\/Screenshot-2025-02-02-at-17-33-50-Ozi-la-voix-de-la-foret-2023.png 1156w\" sizes=\"auto, (max-width: 726px) 100vw, 726px\" \/><\/figure>\n<\/figure>\n<!-- AddThis Advanced Settings generic via filter on the_content --><!-- AddThis Share Buttons generic via filter on the_content -->","protected":false},"excerpt":{"rendered":"<p>Ozi Dimanche 16 mars \u00e0 11h 2 avril 2025 en salle | 1h 27min | Animation, FamilleDe Tim Harper|Par Ricky RoxburghAvec Amandla Stenberg, Laura Dern, Djimon Hounsou Ozi, une jeune orang-outan, est s\u00e9par\u00e9e de ses parents \u00e0 la suite d\u2019un feu de for\u00eat. Elle grandit dans une r\u00e9serve, entour\u00e9e d\u2019autres animaux devenus ses amis. Mais<\/p>\n<p><a href=\"https:\/\/festivalbritannique.fr\/?page_id=2108\" class=\"more-link themebutton\">Read More<\/a><\/p>\n<p><!-- AddThis Advanced Settings generic via filter on get_the_excerpt --><!-- AddThis Share Buttons generic via filter on get_the_excerpt --><\/p>\n","protected":false},"author":2,"featured_media":0,"parent":2088,"menu_order":0,"comment_status":"closed","ping_status":"closed","template":"","meta":{"ngg_post_thumbnail":0,"footnotes":""},"class_list":["post-2108","page","type-page","status-publish","hentry"],"_links":{"self":[{"href":"https:\/\/festivalbritannique.fr\/index.php?rest_route=\/wp\/v2\/pages\/2108","targetHints":{"allow":["GET"]}}],"collection":[{"href":"https:\/\/festivalbritannique.fr\/index.php?rest_route=\/wp\/v2\/pages"}],"about":[{"href":"https:\/\/festivalbritannique.fr\/index.php?rest_route=\/wp\/v2\/types\/page"}],"author":[{"embeddable":true,"href":"https:\/\/festivalbritannique.fr\/index.php?rest_route=\/wp\/v2\/users\/2"}],"replies":[{"embeddable":true,"href":"https:\/\/festivalbritannique.fr\/index.php?rest_route=%2Fwp%2Fv2%2Fcomments&post=2108"}],"version-history":[{"count":1,"href":"https:\/\/festivalbritannique.fr\/index.php?rest_route=\/wp\/v2\/pages\/2108\/revisions"}],"predecessor-version":[{"id":2110,"href":"https:\/\/festivalbritannique.fr\/index.php?rest_route=\/wp\/v2\/pages\/2108\/revisions\/2110"}],"up":[{"embeddable":true,"href":"https:\/\/festivalbritannique.fr\/index.php?rest_route=\/wp\/v2\/pages\/2088"}],"wp:attachment":[{"href":"https:\/\/festivalbritannique.fr\/index.php?rest_route=%2Fwp%2Fv2%2Fmedia&parent=2108"}],"curies":[{"name":"wp","href":"https:\/\/api.w.org\/{rel}","templated":true}]}}