{"id":2217,"date":"2026-02-18T16:55:13","date_gmt":"2026-02-18T15:55:13","guid":{"rendered":"https:\/\/festivalbritannique.fr\/?page_id=2217"},"modified":"2026-02-18T17:09:33","modified_gmt":"2026-02-18T16:09:33","slug":"the-old-oak-2-2-2-2-20","status":"publish","type":"page","link":"https:\/\/festivalbritannique.fr\/?page_id=2217","title":{"rendered":"Downton Abbey III : le grand final"},"content":{"rendered":"\n<p class=\"has-luminous-vivid-amber-color has-text-color\"><strong>Downton Abbey: The Grand Finale<\/strong><\/p>\n\n\n\n<p class=\"has-white-color has-luminous-vivid-amber-background-color has-text-color has-background\">Vendredi 13 mars \u00e0 18h<\/p>\n\n\n\n<p class=\"has-luminous-vivid-orange-color has-text-color\">2h 04min | Drame, Historique<br>De Simon Curtis<br>| Par Julian Fellowes<\/p>\n\n\n\n<p class=\"has-black-color has-text-color\"><br>Avec Michelle Dockery, Hugh Bonneville, Laura Carmichael<br>Rona, bient\u00f4t la trentaine, br\u00fble sa vie dans les exc\u00e8s et se perd dans les nuits londoniennes. Apr\u00e8s l\u2019\u00e9chec de son couple et pour faire face \u00e0 ses addictions, elle trouve refuge dans les Orcades, ces \u00eeles du nord de l\u2019\u00c9cosse o\u00f9 elle a grandi. Au contact de sa famille et des habitants de l\u2019archipel, les souvenirs d\u2019enfance reviennent et se m\u00ealent, jusqu\u2019\u00e0 s\u2019y confondre, avec ceux de ses vir\u00e9es urbaines. C\u2019est l\u00e0, dans cette nature sauvage qui la traverse, qu\u2019elle trouvera un nouveau souffle, fragile mais chaque jour plus puissant.<\/p>\n\n\n\n<p class=\"has-cyan-bluish-gray-color has-text-color\">When Mary finds herself in a public scandal and the family faces financial trouble, the household grapples with the threat of social disgrace. The Crawleys must embrace change with the next generation leading Downton Abbey into the future.<\/p>\n\n\n\n<figure class=\"wp-block-embed is-type-video is-provider-youtube wp-block-embed-youtube wp-embed-aspect-16-9 wp-has-aspect-ratio\"><div class=\"wp-block-embed__wrapper\">\n<iframe loading=\"lazy\" title=\"Downton Abbey III : Le Grand Final - Bande Annonce Officielle VOST [Au cin\u00e9ma le 10 septembre]\" width=\"1170\" height=\"658\" src=\"https:\/\/www.youtube.com\/embed\/wRgExMHRf2M?feature=oembed\" frameborder=\"0\" allow=\"accelerometer; autoplay; clipboard-write; encrypted-media; gyroscope; picture-in-picture; web-share\" referrerpolicy=\"strict-origin-when-cross-origin\" allowfullscreen><\/iframe>\n<\/div><\/figure>\n\n\n\n<figure class=\"wp-block-gallery has-nested-images columns-default is-cropped wp-block-gallery-1 is-layout-flex wp-block-gallery-is-layout-flex\">\n<figure class=\"wp-block-image size-full\"><img loading=\"lazy\" decoding=\"async\" width=\"1357\" height=\"1831\" data-id=\"2219\" src=\"http:\/\/festivalbritannique.fr\/wp-content\/uploads\/2026\/02\/Capture-decran-2026-02-18-a-15.10.08.png\" alt=\"\" class=\"wp-image-2219\" srcset=\"https:\/\/festivalbritannique.fr\/wp-content\/uploads\/2026\/02\/Capture-decran-2026-02-18-a-15.10.08.png 1357w, https:\/\/festivalbritannique.fr\/wp-content\/uploads\/2026\/02\/Capture-decran-2026-02-18-a-15.10.08-222x300.png 222w, https:\/\/festivalbritannique.fr\/wp-content\/uploads\/2026\/02\/Capture-decran-2026-02-18-a-15.10.08-759x1024.png 759w, https:\/\/festivalbritannique.fr\/wp-content\/uploads\/2026\/02\/Capture-decran-2026-02-18-a-15.10.08-768x1036.png 768w, https:\/\/festivalbritannique.fr\/wp-content\/uploads\/2026\/02\/Capture-decran-2026-02-18-a-15.10.08-1138x1536.png 1138w\" sizes=\"auto, (max-width: 1357px) 100vw, 1357px\" \/><\/figure>\n\n\n\n<figure class=\"wp-block-image size-large\"><img loading=\"lazy\" decoding=\"async\" width=\"684\" height=\"1024\" data-id=\"2218\" src=\"https:\/\/festivalbritannique.fr\/wp-content\/uploads\/2026\/02\/Capture-decran-2026-02-18-a-15.08.51-684x1024.png\" alt=\"\" class=\"wp-image-2218\" srcset=\"https:\/\/festivalbritannique.fr\/wp-content\/uploads\/2026\/02\/Capture-decran-2026-02-18-a-15.08.51-684x1024.png 684w, https:\/\/festivalbritannique.fr\/wp-content\/uploads\/2026\/02\/Capture-decran-2026-02-18-a-15.08.51-200x300.png 200w, https:\/\/festivalbritannique.fr\/wp-content\/uploads\/2026\/02\/Capture-decran-2026-02-18-a-15.08.51-768x1149.png 768w, https:\/\/festivalbritannique.fr\/wp-content\/uploads\/2026\/02\/Capture-decran-2026-02-18-a-15.08.51-1026x1536.png 1026w, https:\/\/festivalbritannique.fr\/wp-content\/uploads\/2026\/02\/Capture-decran-2026-02-18-a-15.08.51.png 1112w\" sizes=\"auto, (max-width: 684px) 100vw, 684px\" \/><\/figure>\n<\/figure>\n<!-- AddThis Advanced Settings generic via filter on the_content --><!-- AddThis Share Buttons generic via filter on the_content -->","protected":false},"excerpt":{"rendered":"<p>Downton Abbey: The Grand Finale Vendredi 13 mars \u00e0 18h 2h 04min | Drame, HistoriqueDe Simon Curtis| Par Julian Fellowes Avec Michelle Dockery, Hugh Bonneville, Laura CarmichaelRona, bient\u00f4t la trentaine, br\u00fble sa vie dans les exc\u00e8s et se perd dans les nuits londoniennes. Apr\u00e8s l\u2019\u00e9chec de son couple et pour faire face \u00e0 ses addictions,<\/p>\n<p><a href=\"https:\/\/festivalbritannique.fr\/?page_id=2217\" class=\"more-link themebutton\">Read More<\/a><\/p>\n<p><!-- AddThis Advanced Settings generic via filter on get_the_excerpt --><!-- AddThis Share Buttons generic via filter on get_the_excerpt --><\/p>\n","protected":false},"author":2,"featured_media":0,"parent":2215,"menu_order":0,"comment_status":"closed","ping_status":"closed","template":"","meta":{"ngg_post_thumbnail":0,"footnotes":""},"class_list":["post-2217","page","type-page","status-publish","hentry"],"_links":{"self":[{"href":"https:\/\/festivalbritannique.fr\/index.php?rest_route=\/wp\/v2\/pages\/2217","targetHints":{"allow":["GET"]}}],"collection":[{"href":"https:\/\/festivalbritannique.fr\/index.php?rest_route=\/wp\/v2\/pages"}],"about":[{"href":"https:\/\/festivalbritannique.fr\/index.php?rest_route=\/wp\/v2\/types\/page"}],"author":[{"embeddable":true,"href":"https:\/\/festivalbritannique.fr\/index.php?rest_route=\/wp\/v2\/users\/2"}],"replies":[{"embeddable":true,"href":"https:\/\/festivalbritannique.fr\/index.php?rest_route=%2Fwp%2Fv2%2Fcomments&post=2217"}],"version-history":[{"count":5,"href":"https:\/\/festivalbritannique.fr\/index.php?rest_route=\/wp\/v2\/pages\/2217\/revisions"}],"predecessor-version":[{"id":2281,"href":"https:\/\/festivalbritannique.fr\/index.php?rest_route=\/wp\/v2\/pages\/2217\/revisions\/2281"}],"up":[{"embeddable":true,"href":"https:\/\/festivalbritannique.fr\/index.php?rest_route=\/wp\/v2\/pages\/2215"}],"wp:attachment":[{"href":"https:\/\/festivalbritannique.fr\/index.php?rest_route=%2Fwp%2Fv2%2Fmedia&parent=2217"}],"curies":[{"name":"wp","href":"https:\/\/api.w.org\/{rel}","templated":true}]}}