{"id":2262,"date":"2026-02-18T16:57:28","date_gmt":"2026-02-18T15:57:28","guid":{"rendered":"https:\/\/festivalbritannique.fr\/?page_id=2262"},"modified":"2026-02-18T17:12:11","modified_gmt":"2026-02-18T16:12:11","slug":"the-old-oak-2-2-2-2","status":"publish","type":"page","link":"https:\/\/festivalbritannique.fr\/?page_id=2262","title":{"rendered":"Urchin"},"content":{"rendered":"\n<p class=\"has-luminous-vivid-amber-color has-text-color\"><strong>Urchin<\/strong><\/p>\n\n\n\n<p class=\"has-white-color has-luminous-vivid-amber-background-color has-text-color has-background\">Dimanche 15 mars \u00e0 20h50<\/p>\n\n\n\n<p class=\"has-luminous-vivid-orange-color has-text-color\">1h 39min | Drame<br>De Harris Dickinson<br>| Par Harris Dickinson<br>Avec Frank Dillane, Megan Northam, Karyna Khymchuk<\/p>\n\n\n\n<p class=\"has-luminous-vivid-orange-color has-text-color\"><strong>Tout public avec avertissement<\/strong><\/p>\n\n\n\n<p class=\"has-black-color has-text-color\">\u00c0 Londres, Mike vit dans la rue, il va de petits boulots en larcins, jusqu&rsquo;au jour o\u00f9 il se fait incarc\u00e9rer. \u00c0 sa sortie de prison, aid\u00e9 par les services sociaux, il tente de reprendre sa vie en main en combattant ses vieux d\u00e9mons.<\/p>\n\n\n\n<p class=\"has-cyan-bluish-gray-color has-text-color\">A young addict living on the streets of London is given a shot at redemption, but his road to recovery soon curdles into a strange odyssey from which he may never escape.<\/p>\n\n\n\n<figure class=\"wp-block-embed is-type-video is-provider-youtube wp-block-embed-youtube wp-embed-aspect-16-9 wp-has-aspect-ratio\"><div class=\"wp-block-embed__wrapper\">\n<iframe loading=\"lazy\" title=\"URCHIN | Le 11 f\u00e9vrier au cin\u00e9ma.\" width=\"1170\" height=\"658\" src=\"https:\/\/www.youtube.com\/embed\/EKIp9dDEEpg?feature=oembed\" frameborder=\"0\" allow=\"accelerometer; autoplay; clipboard-write; encrypted-media; gyroscope; picture-in-picture; web-share\" referrerpolicy=\"strict-origin-when-cross-origin\" allowfullscreen><\/iframe>\n<\/div><\/figure>\n\n\n\n<figure class=\"wp-block-gallery has-nested-images columns-default is-cropped wp-block-gallery-1 is-layout-flex wp-block-gallery-is-layout-flex\">\n<figure class=\"wp-block-image size-full\"><img loading=\"lazy\" decoding=\"async\" width=\"1361\" height=\"1824\" data-id=\"2264\" src=\"https:\/\/festivalbritannique.fr\/wp-content\/uploads\/2026\/02\/Capture-decran-2026-02-18-a-16.51.08.png\" alt=\"\" class=\"wp-image-2264\" srcset=\"https:\/\/festivalbritannique.fr\/wp-content\/uploads\/2026\/02\/Capture-decran-2026-02-18-a-16.51.08.png 1361w, https:\/\/festivalbritannique.fr\/wp-content\/uploads\/2026\/02\/Capture-decran-2026-02-18-a-16.51.08-224x300.png 224w, https:\/\/festivalbritannique.fr\/wp-content\/uploads\/2026\/02\/Capture-decran-2026-02-18-a-16.51.08-764x1024.png 764w, https:\/\/festivalbritannique.fr\/wp-content\/uploads\/2026\/02\/Capture-decran-2026-02-18-a-16.51.08-768x1029.png 768w, https:\/\/festivalbritannique.fr\/wp-content\/uploads\/2026\/02\/Capture-decran-2026-02-18-a-16.51.08-1146x1536.png 1146w\" sizes=\"auto, (max-width: 1361px) 100vw, 1361px\" \/><\/figure>\n\n\n\n<figure class=\"wp-block-image size-large\"><img loading=\"lazy\" decoding=\"async\" width=\"809\" height=\"1024\" data-id=\"2265\" src=\"https:\/\/festivalbritannique.fr\/wp-content\/uploads\/2026\/02\/Capture-decran-2026-02-18-a-16.50.41-809x1024.png\" alt=\"\" class=\"wp-image-2265\" srcset=\"https:\/\/festivalbritannique.fr\/wp-content\/uploads\/2026\/02\/Capture-decran-2026-02-18-a-16.50.41-809x1024.png 809w, https:\/\/festivalbritannique.fr\/wp-content\/uploads\/2026\/02\/Capture-decran-2026-02-18-a-16.50.41-237x300.png 237w, https:\/\/festivalbritannique.fr\/wp-content\/uploads\/2026\/02\/Capture-decran-2026-02-18-a-16.50.41-768x973.png 768w, https:\/\/festivalbritannique.fr\/wp-content\/uploads\/2026\/02\/Capture-decran-2026-02-18-a-16.50.41-1213x1536.png 1213w, https:\/\/festivalbritannique.fr\/wp-content\/uploads\/2026\/02\/Capture-decran-2026-02-18-a-16.50.41.png 1318w\" sizes=\"auto, (max-width: 809px) 100vw, 809px\" \/><\/figure>\n<\/figure>\n<!-- AddThis Advanced Settings generic via filter on the_content --><!-- AddThis Share Buttons generic via filter on the_content -->","protected":false},"excerpt":{"rendered":"<p>Urchin Dimanche 15 mars \u00e0 20h50 1h 39min | DrameDe Harris Dickinson| Par Harris DickinsonAvec Frank Dillane, Megan Northam, Karyna Khymchuk Tout public avec avertissement \u00c0 Londres, Mike vit dans la rue, il va de petits boulots en larcins, jusqu&rsquo;au jour o\u00f9 il se fait incarc\u00e9rer. \u00c0 sa sortie de prison, aid\u00e9 par les services<\/p>\n<p><a href=\"https:\/\/festivalbritannique.fr\/?page_id=2262\" class=\"more-link themebutton\">Read More<\/a><\/p>\n<p><!-- AddThis Advanced Settings generic via filter on get_the_excerpt --><!-- AddThis Share Buttons generic via filter on get_the_excerpt --><\/p>\n","protected":false},"author":2,"featured_media":0,"parent":2215,"menu_order":0,"comment_status":"closed","ping_status":"closed","template":"","meta":{"ngg_post_thumbnail":0,"footnotes":""},"class_list":["post-2262","page","type-page","status-publish","hentry"],"_links":{"self":[{"href":"https:\/\/festivalbritannique.fr\/index.php?rest_route=\/wp\/v2\/pages\/2262","targetHints":{"allow":["GET"]}}],"collection":[{"href":"https:\/\/festivalbritannique.fr\/index.php?rest_route=\/wp\/v2\/pages"}],"about":[{"href":"https:\/\/festivalbritannique.fr\/index.php?rest_route=\/wp\/v2\/types\/page"}],"author":[{"embeddable":true,"href":"https:\/\/festivalbritannique.fr\/index.php?rest_route=\/wp\/v2\/users\/2"}],"replies":[{"embeddable":true,"href":"https:\/\/festivalbritannique.fr\/index.php?rest_route=%2Fwp%2Fv2%2Fcomments&post=2262"}],"version-history":[{"count":3,"href":"https:\/\/festivalbritannique.fr\/index.php?rest_route=\/wp\/v2\/pages\/2262\/revisions"}],"predecessor-version":[{"id":2289,"href":"https:\/\/festivalbritannique.fr\/index.php?rest_route=\/wp\/v2\/pages\/2262\/revisions\/2289"}],"up":[{"embeddable":true,"href":"https:\/\/festivalbritannique.fr\/index.php?rest_route=\/wp\/v2\/pages\/2215"}],"wp:attachment":[{"href":"https:\/\/festivalbritannique.fr\/index.php?rest_route=%2Fwp%2Fv2%2Fmedia&parent=2262"}],"curies":[{"name":"wp","href":"https:\/\/api.w.org\/{rel}","templated":true}]}}