{"id":403,"date":"2016-02-08T19:00:24","date_gmt":"2016-02-08T18:00:24","guid":{"rendered":"http:\/\/festivalbritannique.fr\/?page_id=403"},"modified":"2017-01-26T19:57:54","modified_gmt":"2017-01-26T18:57:54","slug":"monty-python-sacre-graal","status":"publish","type":"page","link":"https:\/\/festivalbritannique.fr\/?page_id=403","title":{"rendered":"Monty Python, sacr\u00e9 Graal"},"content":{"rendered":"<h3><em>Titre original : <span class=\"that\" style=\"color: #0000ff;\">MONTY PYTHON AND THE HOLY GRAIL<\/span><\/em><\/h3>\n<hr \/>\n<h3><strong><span style=\"color: #ff0000;\">Samedi 12 mars \u00e0 18h15<\/span><\/strong><\/h3>\n<hr \/>\n<h5>Com\u00e9die de <strong>Terry Jones<\/strong>. 1h30.<\/h5>\n<blockquote>\n<h5>Le roi Arthur et les Chevaliers de la Table Ronde se lancent \u00e0 la conqu\u00eate du Graal, chevauchant de fant\u00f4matiques montures dans un bruitage de noix de coco cogn\u00e9es. La petite troupe va devoir passer mille \u00e9preuves, dont un chevalier \u00e0 trois t\u00eates, des jouvencelles en chaleur, voire m\u00eame un terrible lapin tueur.<\/h5>\n<hr \/>\n<\/blockquote>\n<p><p>Invalid Displayed Gallery<\/p><\/p>\n<p>https:\/\/www.youtube.com\/watch?v=LG1PlkURjxE<\/p>\n<!-- AddThis Advanced Settings generic via filter on the_content --><!-- AddThis Share Buttons generic via filter on the_content -->","protected":false},"excerpt":{"rendered":"<p>Titre original : MONTY PYTHON AND THE HOLY GRAIL Samedi 12 mars \u00e0 18h15 Com\u00e9die de Terry Jones. 1h30. Le roi Arthur et les Chevaliers de la Table Ronde se lancent \u00e0 la conqu\u00eate du Graal, chevauchant de fant\u00f4matiques montures dans un bruitage de noix de coco cogn\u00e9es. La petite troupe va devoir passer mille<\/p>\n<p><a href=\"https:\/\/festivalbritannique.fr\/?page_id=403\" class=\"more-link themebutton\">Read More<\/a><\/p>\n<p><!-- AddThis Advanced Settings generic via filter on get_the_excerpt --><!-- AddThis Share Buttons generic via filter on get_the_excerpt --><\/p>\n","protected":false},"author":2,"featured_media":0,"parent":407,"menu_order":30,"comment_status":"closed","ping_status":"closed","template":"","meta":{"ngg_post_thumbnail":0,"footnotes":""},"class_list":["post-403","page","type-page","status-publish","hentry"],"_links":{"self":[{"href":"https:\/\/festivalbritannique.fr\/index.php?rest_route=\/wp\/v2\/pages\/403","targetHints":{"allow":["GET"]}}],"collection":[{"href":"https:\/\/festivalbritannique.fr\/index.php?rest_route=\/wp\/v2\/pages"}],"about":[{"href":"https:\/\/festivalbritannique.fr\/index.php?rest_route=\/wp\/v2\/types\/page"}],"author":[{"embeddable":true,"href":"https:\/\/festivalbritannique.fr\/index.php?rest_route=\/wp\/v2\/users\/2"}],"replies":[{"embeddable":true,"href":"https:\/\/festivalbritannique.fr\/index.php?rest_route=%2Fwp%2Fv2%2Fcomments&post=403"}],"version-history":[{"count":6,"href":"https:\/\/festivalbritannique.fr\/index.php?rest_route=\/wp\/v2\/pages\/403\/revisions"}],"predecessor-version":[{"id":754,"href":"https:\/\/festivalbritannique.fr\/index.php?rest_route=\/wp\/v2\/pages\/403\/revisions\/754"}],"up":[{"embeddable":true,"href":"https:\/\/festivalbritannique.fr\/index.php?rest_route=\/wp\/v2\/pages\/407"}],"wp:attachment":[{"href":"https:\/\/festivalbritannique.fr\/index.php?rest_route=%2Fwp%2Fv2%2Fmedia&parent=403"}],"curies":[{"name":"wp","href":"https:\/\/api.w.org\/{rel}","templated":true}]}}