{"id":413,"date":"2016-02-08T19:21:23","date_gmt":"2016-02-08T18:21:23","guid":{"rendered":"http:\/\/festivalbritannique.fr\/?page_id=413"},"modified":"2017-01-26T19:55:49","modified_gmt":"2017-01-26T18:55:49","slug":"le-monde-de-nathan","status":"publish","type":"page","link":"https:\/\/festivalbritannique.fr\/?page_id=413","title":{"rendered":"Le monde de Nathan"},"content":{"rendered":"<h3><em>Titre original : <span style=\"color: #0000ff;\">X+Y<\/span><\/em><\/h3>\n<hr \/>\n<h3><span style=\"color: #ff0000;\"><strong>Vendredi 11 mars \u00e0 14h30<\/strong> <em>&#8211; s\u00e9ance r\u00e9serv\u00e9e aux scolaires<\/em><br \/>\n<\/span><\/h3>\n<hr \/>\n<h5>Com\u00e9die dramatique. 1h51.<\/h5>\n<blockquote>\n<h5>Nathan est un adolescent souffrant de troubles autistiques et prodige en math\u00e9matiques. Brillant mais asocial, il fuit toute manifestation d\u2019affection, m\u00eame venant de sa m\u00e8re. Il tisse pourtant une amiti\u00e9 \u00e9tonnante avec son professeur anticonformiste Mr. Humphreys, qui le pousse \u00e0 int\u00e9grer l\u2019\u00e9quipe britannique et participer aux prochaines Olympiades Internationales de Math\u00e9matiques. De la banlieue anglaise \u00e0 Cambridge en passant par Taipei, la vie de Nathan pourrait bien prendre un tour nouveau\u2026<\/h5>\n<hr \/>\n<\/blockquote>\n<p>\n<div class=\"ngg-galleryoverview ngg-slideshow\"\n\tid=\"ngg-slideshow-dd4b4834ced480421e81f674ec7af879-13315782450\"\n\tdata-gallery-id=\"dd4b4834ced480421e81f674ec7af879\"\n\tstyle=\"max-width: 600px;\n\t\t\tmax-height: 400px;\n\t\t\tdisplay: none;\">\n\n\t\n\t\t<a href=\"https:\/\/festivalbritannique.fr\/wp-content\/gallery\/The%20young%20lady\/2f95da_fbc7077adff548b5b9fba69f7f7f2805mv2.png\"\n\t\t\ttitle=\"\"\n\t\t\tdata-src=\"https:\/\/festivalbritannique.fr\/wp-content\/gallery\/The%20young%20lady\/2f95da_fbc7077adff548b5b9fba69f7f7f2805mv2.png\"\n\t\t\tdata-thumbnail=\"https:\/\/festivalbritannique.fr\/wp-content\/gallery\/The%20young%20lady\/thumbs\/thumbs_2f95da_fbc7077adff548b5b9fba69f7f7f2805mv2.png\"\n\t\t\tdata-image-id=\"123\"\n\t\t\tdata-title=\"2f95da_fbc7077adff548b5b9fba69f7f7f2805~mv2\"\n\t\t\tdata-description=\"\"\n\t\t\tclass=\"ngg-fancybox\" rel=\"dd4b4834ced480421e81f674ec7af879\">\n\n\t\t\t<img data-image-id='123'\n\t\t\t\ttitle=\"\"\n\t\t\t\talt=\"2f95da_fbc7077adff548b5b9fba69f7f7f2805~mv2\"\n\t\t\t\tsrc=\"https:\/\/festivalbritannique.fr\/wp-content\/gallery\/The%20young%20lady\/2f95da_fbc7077adff548b5b9fba69f7f7f2805mv2.png\"\n\t\t\t\tstyle=\"max-height: 380px;\"\/>\n\t\t<\/a>\n\n\t\t\n\t\t<a href=\"https:\/\/festivalbritannique.fr\/wp-content\/gallery\/The%20young%20lady\/097737.jpg-r_1920_1080-f_jpg-q_x-xxyxx.jpg\"\n\t\t\ttitle=\"\"\n\t\t\tdata-src=\"https:\/\/festivalbritannique.fr\/wp-content\/gallery\/The%20young%20lady\/097737.jpg-r_1920_1080-f_jpg-q_x-xxyxx.jpg\"\n\t\t\tdata-thumbnail=\"https:\/\/festivalbritannique.fr\/wp-content\/gallery\/The%20young%20lady\/thumbs\/thumbs_097737.jpg-r_1920_1080-f_jpg-q_x-xxyxx.jpg\"\n\t\t\tdata-image-id=\"124\"\n\t\t\tdata-title=\"097737-r_1920_1080-f_jpg-q_x-xxyxx\"\n\t\t\tdata-description=\"\"\n\t\t\tclass=\"ngg-fancybox\" rel=\"dd4b4834ced480421e81f674ec7af879\">\n\n\t\t\t<img data-image-id='124'\n\t\t\t\ttitle=\"\"\n\t\t\t\talt=\"097737-r_1920_1080-f_jpg-q_x-xxyxx\"\n\t\t\t\tsrc=\"https:\/\/festivalbritannique.fr\/wp-content\/gallery\/The%20young%20lady\/097737.jpg-r_1920_1080-f_jpg-q_x-xxyxx.jpg\"\n\t\t\t\tstyle=\"max-height: 380px;\"\/>\n\t\t<\/a>\n\n\t\t\n\t\t<a href=\"https:\/\/festivalbritannique.fr\/wp-content\/gallery\/The%20young%20lady\/098362.jpg-r_1920_1080-f_jpg-q_x-xxyxx.jpg\"\n\t\t\ttitle=\"\"\n\t\t\tdata-src=\"https:\/\/festivalbritannique.fr\/wp-content\/gallery\/The%20young%20lady\/098362.jpg-r_1920_1080-f_jpg-q_x-xxyxx.jpg\"\n\t\t\tdata-thumbnail=\"https:\/\/festivalbritannique.fr\/wp-content\/gallery\/The%20young%20lady\/thumbs\/thumbs_098362.jpg-r_1920_1080-f_jpg-q_x-xxyxx.jpg\"\n\t\t\tdata-image-id=\"125\"\n\t\t\tdata-title=\"098362-r_1920_1080-f_jpg-q_x-xxyxx\"\n\t\t\tdata-description=\"\"\n\t\t\tclass=\"ngg-fancybox\" rel=\"dd4b4834ced480421e81f674ec7af879\">\n\n\t\t\t<img data-image-id='125'\n\t\t\t\ttitle=\"\"\n\t\t\t\talt=\"098362-r_1920_1080-f_jpg-q_x-xxyxx\"\n\t\t\t\tsrc=\"https:\/\/festivalbritannique.fr\/wp-content\/gallery\/The%20young%20lady\/098362.jpg-r_1920_1080-f_jpg-q_x-xxyxx.jpg\"\n\t\t\t\tstyle=\"max-height: 380px;\"\/>\n\t\t<\/a>\n\n\t\t\n\t\t<a href=\"https:\/\/festivalbritannique.fr\/wp-content\/gallery\/The%20young%20lady\/199708.png-r_1920_1080-f_jpg-q_x-xxyxx.jpg\"\n\t\t\ttitle=\"\"\n\t\t\tdata-src=\"https:\/\/festivalbritannique.fr\/wp-content\/gallery\/The%20young%20lady\/199708.png-r_1920_1080-f_jpg-q_x-xxyxx.jpg\"\n\t\t\tdata-thumbnail=\"https:\/\/festivalbritannique.fr\/wp-content\/gallery\/The%20young%20lady\/thumbs\/thumbs_199708.png-r_1920_1080-f_jpg-q_x-xxyxx.jpg\"\n\t\t\tdata-image-id=\"126\"\n\t\t\tdata-title=\"199708.png-r_1920_1080-f_jpg-q_x-xxyxx\"\n\t\t\tdata-description=\"\"\n\t\t\tclass=\"ngg-fancybox\" rel=\"dd4b4834ced480421e81f674ec7af879\">\n\n\t\t\t<img data-image-id='126'\n\t\t\t\ttitle=\"\"\n\t\t\t\talt=\"199708.png-r_1920_1080-f_jpg-q_x-xxyxx\"\n\t\t\t\tsrc=\"https:\/\/festivalbritannique.fr\/wp-content\/gallery\/The%20young%20lady\/199708.png-r_1920_1080-f_jpg-q_x-xxyxx.jpg\"\n\t\t\t\tstyle=\"max-height: 380px;\"\/>\n\t\t<\/a>\n\n\t\t<\/div>\n\n\n<\/p>\n<p><iframe loading=\"lazy\" title=\"LE MONDE DE NATHAN Bande Annonce VOST (2015)\" width=\"1170\" height=\"658\" src=\"https:\/\/www.youtube.com\/embed\/6xTNuYt-Ve4?feature=oembed\" frameborder=\"0\" allow=\"accelerometer; autoplay; encrypted-media; gyroscope; picture-in-picture\" allowfullscreen><\/iframe><\/p>\n<!-- AddThis Advanced Settings generic via filter on the_content --><!-- AddThis Share Buttons generic via filter on the_content -->","protected":false},"excerpt":{"rendered":"<p>Titre original : X+Y Vendredi 11 mars \u00e0 14h30 &#8211; s\u00e9ance r\u00e9serv\u00e9e aux scolaires Com\u00e9die dramatique. 1h51. Nathan est un adolescent souffrant de troubles autistiques et prodige en math\u00e9matiques. Brillant mais asocial, il fuit toute manifestation d\u2019affection, m\u00eame venant de sa m\u00e8re. Il tisse pourtant une amiti\u00e9 \u00e9tonnante avec son professeur anticonformiste Mr. Humphreys, qui<\/p>\n<p><a href=\"https:\/\/festivalbritannique.fr\/?page_id=413\" class=\"more-link themebutton\">Read More<\/a><\/p>\n<p><!-- AddThis Advanced Settings generic via filter on get_the_excerpt --><!-- AddThis Share Buttons generic via filter on get_the_excerpt --><\/p>\n","protected":false},"author":2,"featured_media":0,"parent":407,"menu_order":20,"comment_status":"closed","ping_status":"closed","template":"","meta":{"ngg_post_thumbnail":0,"footnotes":""},"class_list":["post-413","page","type-page","status-publish","hentry"],"_links":{"self":[{"href":"https:\/\/festivalbritannique.fr\/index.php?rest_route=\/wp\/v2\/pages\/413","targetHints":{"allow":["GET"]}}],"collection":[{"href":"https:\/\/festivalbritannique.fr\/index.php?rest_route=\/wp\/v2\/pages"}],"about":[{"href":"https:\/\/festivalbritannique.fr\/index.php?rest_route=\/wp\/v2\/types\/page"}],"author":[{"embeddable":true,"href":"https:\/\/festivalbritannique.fr\/index.php?rest_route=\/wp\/v2\/users\/2"}],"replies":[{"embeddable":true,"href":"https:\/\/festivalbritannique.fr\/index.php?rest_route=%2Fwp%2Fv2%2Fcomments&post=413"}],"version-history":[{"count":7,"href":"https:\/\/festivalbritannique.fr\/index.php?rest_route=\/wp\/v2\/pages\/413\/revisions"}],"predecessor-version":[{"id":747,"href":"https:\/\/festivalbritannique.fr\/index.php?rest_route=\/wp\/v2\/pages\/413\/revisions\/747"}],"up":[{"embeddable":true,"href":"https:\/\/festivalbritannique.fr\/index.php?rest_route=\/wp\/v2\/pages\/407"}],"wp:attachment":[{"href":"https:\/\/festivalbritannique.fr\/index.php?rest_route=%2Fwp%2Fv2%2Fmedia&parent=413"}],"curies":[{"name":"wp","href":"https:\/\/api.w.org\/{rel}","templated":true}]}}