{"id":558,"date":"2016-02-15T21:42:50","date_gmt":"2016-02-15T20:42:50","guid":{"rendered":"http:\/\/festivalbritannique.fr\/?page_id=558"},"modified":"2017-01-26T19:57:42","modified_gmt":"2017-01-26T18:57:42","slug":"45-ans","status":"publish","type":"page","link":"https:\/\/festivalbritannique.fr\/?page_id=558","title":{"rendered":"45 ans"},"content":{"rendered":"<h3><em>Titre original : <span style=\"color: #0000ff;\">45 YEARS<br \/>\n<\/span><\/em><\/h3>\n<hr \/>\n<h3><strong><span style=\"color: #ff0000;\">Dimanche 13 mars \u00e0 20h30<br \/>\n<\/span><\/strong><\/h3>\n<hr \/>\n<h5>Drame britannique nomin\u00e9 aux BAFTA 2016. 1h35.<\/h5>\n<blockquote>\n<h5>Kate et Geoff Mercer sont sur le point d\u2019organiser une grande f\u00eate pour leur 45e anniversaire de mariage. Pendant ces pr\u00e9paratifs, Geoff re\u00e7oit une nouvelle : le corps de Katya, son premier grand amour, disparu 50 ans auparavant dans les glaces des Alpes, vient d\u2019\u00eatre retrouv\u00e9. Cette nouvelle va alors bouleverser le couple et modifier doucement le regard que Kate porte sur son mari\u2026<\/h5>\n<hr \/>\n<\/blockquote>\n<p class=\"wpview-selection-before\" style=\"text-align: center;\">\n<div class=\"ngg-galleryoverview ngg-slideshow\"\n\tid=\"ngg-slideshow-607d7dbb16b598d514c91bb2719ecd9b-9099145770\"\n\tdata-gallery-id=\"607d7dbb16b598d514c91bb2719ecd9b\"\n\tstyle=\"max-width: 600px;\n\t\t\tmax-height: 400px;\n\t\t\tdisplay: none;\">\n\n\t\n\t\t<a href=\"https:\/\/festivalbritannique.fr\/wp-content\/gallery\/45-years\/affiche.jpg\"\n\t\t\ttitle=\"\"\n\t\t\tdata-src=\"https:\/\/festivalbritannique.fr\/wp-content\/gallery\/45-years\/affiche.jpg\"\n\t\t\tdata-thumbnail=\"https:\/\/festivalbritannique.fr\/wp-content\/gallery\/45-years\/thumbs\/thumbs_affiche.jpg\"\n\t\t\tdata-image-id=\"93\"\n\t\t\tdata-title=\"affiche\"\n\t\t\tdata-description=\"\"\n\t\t\tclass=\"ngg-fancybox\" rel=\"607d7dbb16b598d514c91bb2719ecd9b\">\n\n\t\t\t<img data-image-id='93'\n\t\t\t\ttitle=\"\"\n\t\t\t\talt=\"affiche\"\n\t\t\t\tsrc=\"https:\/\/festivalbritannique.fr\/wp-content\/gallery\/45-years\/affiche.jpg\"\n\t\t\t\tstyle=\"max-height: 380px;\"\/>\n\t\t<\/a>\n\n\t\t\n\t\t<a href=\"https:\/\/festivalbritannique.fr\/wp-content\/gallery\/45-years\/affiche-GB.png\"\n\t\t\ttitle=\"\"\n\t\t\tdata-src=\"https:\/\/festivalbritannique.fr\/wp-content\/gallery\/45-years\/affiche-GB.png\"\n\t\t\tdata-thumbnail=\"https:\/\/festivalbritannique.fr\/wp-content\/gallery\/45-years\/thumbs\/thumbs_affiche-GB.png\"\n\t\t\tdata-image-id=\"94\"\n\t\t\tdata-title=\"affiche GB\"\n\t\t\tdata-description=\"\"\n\t\t\tclass=\"ngg-fancybox\" rel=\"607d7dbb16b598d514c91bb2719ecd9b\">\n\n\t\t\t<img data-image-id='94'\n\t\t\t\ttitle=\"\"\n\t\t\t\talt=\"affiche GB\"\n\t\t\t\tsrc=\"https:\/\/festivalbritannique.fr\/wp-content\/gallery\/45-years\/affiche-GB.png\"\n\t\t\t\tstyle=\"max-height: 380px;\"\/>\n\t\t<\/a>\n\n\t\t\n\t\t<a href=\"https:\/\/festivalbritannique.fr\/wp-content\/gallery\/45-years\/151791.jpg\"\n\t\t\ttitle=\"\"\n\t\t\tdata-src=\"https:\/\/festivalbritannique.fr\/wp-content\/gallery\/45-years\/151791.jpg\"\n\t\t\tdata-thumbnail=\"https:\/\/festivalbritannique.fr\/wp-content\/gallery\/45-years\/thumbs\/thumbs_151791.jpg\"\n\t\t\tdata-image-id=\"87\"\n\t\t\tdata-title=\"151791\"\n\t\t\tdata-description=\"\"\n\t\t\tclass=\"ngg-fancybox\" rel=\"607d7dbb16b598d514c91bb2719ecd9b\">\n\n\t\t\t<img data-image-id='87'\n\t\t\t\ttitle=\"\"\n\t\t\t\talt=\"151791\"\n\t\t\t\tsrc=\"https:\/\/festivalbritannique.fr\/wp-content\/gallery\/45-years\/151791.jpg\"\n\t\t\t\tstyle=\"max-height: 380px;\"\/>\n\t\t<\/a>\n\n\t\t\n\t\t<a href=\"https:\/\/festivalbritannique.fr\/wp-content\/gallery\/45-years\/436500.jpg\"\n\t\t\ttitle=\"\"\n\t\t\tdata-src=\"https:\/\/festivalbritannique.fr\/wp-content\/gallery\/45-years\/436500.jpg\"\n\t\t\tdata-thumbnail=\"https:\/\/festivalbritannique.fr\/wp-content\/gallery\/45-years\/thumbs\/thumbs_436500.jpg\"\n\t\t\tdata-image-id=\"88\"\n\t\t\tdata-title=\"436500\"\n\t\t\tdata-description=\"\"\n\t\t\tclass=\"ngg-fancybox\" rel=\"607d7dbb16b598d514c91bb2719ecd9b\">\n\n\t\t\t<img data-image-id='88'\n\t\t\t\ttitle=\"\"\n\t\t\t\talt=\"436500\"\n\t\t\t\tsrc=\"https:\/\/festivalbritannique.fr\/wp-content\/gallery\/45-years\/436500.jpg\"\n\t\t\t\tstyle=\"max-height: 380px;\"\/>\n\t\t<\/a>\n\n\t\t\n\t\t<a href=\"https:\/\/festivalbritannique.fr\/wp-content\/gallery\/45-years\/437593.jpg\"\n\t\t\ttitle=\"\"\n\t\t\tdata-src=\"https:\/\/festivalbritannique.fr\/wp-content\/gallery\/45-years\/437593.jpg\"\n\t\t\tdata-thumbnail=\"https:\/\/festivalbritannique.fr\/wp-content\/gallery\/45-years\/thumbs\/thumbs_437593.jpg\"\n\t\t\tdata-image-id=\"89\"\n\t\t\tdata-title=\"437593\"\n\t\t\tdata-description=\"\"\n\t\t\tclass=\"ngg-fancybox\" rel=\"607d7dbb16b598d514c91bb2719ecd9b\">\n\n\t\t\t<img data-image-id='89'\n\t\t\t\ttitle=\"\"\n\t\t\t\talt=\"437593\"\n\t\t\t\tsrc=\"https:\/\/festivalbritannique.fr\/wp-content\/gallery\/45-years\/437593.jpg\"\n\t\t\t\tstyle=\"max-height: 380px;\"\/>\n\t\t<\/a>\n\n\t\t\n\t\t<a href=\"https:\/\/festivalbritannique.fr\/wp-content\/gallery\/45-years\/438531.jpg\"\n\t\t\ttitle=\"\"\n\t\t\tdata-src=\"https:\/\/festivalbritannique.fr\/wp-content\/gallery\/45-years\/438531.jpg\"\n\t\t\tdata-thumbnail=\"https:\/\/festivalbritannique.fr\/wp-content\/gallery\/45-years\/thumbs\/thumbs_438531.jpg\"\n\t\t\tdata-image-id=\"90\"\n\t\t\tdata-title=\"438531\"\n\t\t\tdata-description=\"\"\n\t\t\tclass=\"ngg-fancybox\" rel=\"607d7dbb16b598d514c91bb2719ecd9b\">\n\n\t\t\t<img data-image-id='90'\n\t\t\t\ttitle=\"\"\n\t\t\t\talt=\"438531\"\n\t\t\t\tsrc=\"https:\/\/festivalbritannique.fr\/wp-content\/gallery\/45-years\/438531.jpg\"\n\t\t\t\tstyle=\"max-height: 380px;\"\/>\n\t\t<\/a>\n\n\t\t\n\t\t<a href=\"https:\/\/festivalbritannique.fr\/wp-content\/gallery\/45-years\/439625.jpg\"\n\t\t\ttitle=\"\"\n\t\t\tdata-src=\"https:\/\/festivalbritannique.fr\/wp-content\/gallery\/45-years\/439625.jpg\"\n\t\t\tdata-thumbnail=\"https:\/\/festivalbritannique.fr\/wp-content\/gallery\/45-years\/thumbs\/thumbs_439625.jpg\"\n\t\t\tdata-image-id=\"91\"\n\t\t\tdata-title=\"439625\"\n\t\t\tdata-description=\"\"\n\t\t\tclass=\"ngg-fancybox\" rel=\"607d7dbb16b598d514c91bb2719ecd9b\">\n\n\t\t\t<img data-image-id='91'\n\t\t\t\ttitle=\"\"\n\t\t\t\talt=\"439625\"\n\t\t\t\tsrc=\"https:\/\/festivalbritannique.fr\/wp-content\/gallery\/45-years\/439625.jpg\"\n\t\t\t\tstyle=\"max-height: 380px;\"\/>\n\t\t<\/a>\n\n\t\t\n\t\t<a href=\"https:\/\/festivalbritannique.fr\/wp-content\/gallery\/45-years\/440562.jpg\"\n\t\t\ttitle=\"\"\n\t\t\tdata-src=\"https:\/\/festivalbritannique.fr\/wp-content\/gallery\/45-years\/440562.jpg\"\n\t\t\tdata-thumbnail=\"https:\/\/festivalbritannique.fr\/wp-content\/gallery\/45-years\/thumbs\/thumbs_440562.jpg\"\n\t\t\tdata-image-id=\"92\"\n\t\t\tdata-title=\"440562\"\n\t\t\tdata-description=\"\"\n\t\t\tclass=\"ngg-fancybox\" rel=\"607d7dbb16b598d514c91bb2719ecd9b\">\n\n\t\t\t<img data-image-id='92'\n\t\t\t\ttitle=\"\"\n\t\t\t\talt=\"440562\"\n\t\t\t\tsrc=\"https:\/\/festivalbritannique.fr\/wp-content\/gallery\/45-years\/440562.jpg\"\n\t\t\t\tstyle=\"max-height: 380px;\"\/>\n\t\t<\/a>\n\n\t\t<\/div>\n\n\n<\/p>\n<p>https:\/\/www.youtube.com\/watch?v=1ua4dQJNRSM<\/p>\n<!-- AddThis Advanced Settings generic via filter on the_content --><!-- AddThis Share Buttons generic via filter on the_content -->","protected":false},"excerpt":{"rendered":"<p>Titre original : 45 YEARS Dimanche 13 mars \u00e0 20h30 Drame britannique nomin\u00e9 aux BAFTA 2016. 1h35. Kate et Geoff Mercer sont sur le point d\u2019organiser une grande f\u00eate pour leur 45e anniversaire de mariage. Pendant ces pr\u00e9paratifs, Geoff re\u00e7oit une nouvelle : le corps de Katya, son premier grand amour, disparu 50 ans auparavant<\/p>\n<p><a href=\"https:\/\/festivalbritannique.fr\/?page_id=558\" class=\"more-link themebutton\">Read More<\/a><\/p>\n<p><!-- AddThis Advanced Settings generic via filter on get_the_excerpt --><!-- AddThis Share Buttons generic via filter on get_the_excerpt --><\/p>\n","protected":false},"author":2,"featured_media":0,"parent":407,"menu_order":47,"comment_status":"closed","ping_status":"closed","template":"","meta":{"ngg_post_thumbnail":0,"footnotes":""},"class_list":["post-558","page","type-page","status-publish","hentry"],"_links":{"self":[{"href":"https:\/\/festivalbritannique.fr\/index.php?rest_route=\/wp\/v2\/pages\/558","targetHints":{"allow":["GET"]}}],"collection":[{"href":"https:\/\/festivalbritannique.fr\/index.php?rest_route=\/wp\/v2\/pages"}],"about":[{"href":"https:\/\/festivalbritannique.fr\/index.php?rest_route=\/wp\/v2\/types\/page"}],"author":[{"embeddable":true,"href":"https:\/\/festivalbritannique.fr\/index.php?rest_route=\/wp\/v2\/users\/2"}],"replies":[{"embeddable":true,"href":"https:\/\/festivalbritannique.fr\/index.php?rest_route=%2Fwp%2Fv2%2Fcomments&post=558"}],"version-history":[{"count":5,"href":"https:\/\/festivalbritannique.fr\/index.php?rest_route=\/wp\/v2\/pages\/558\/revisions"}],"predecessor-version":[{"id":753,"href":"https:\/\/festivalbritannique.fr\/index.php?rest_route=\/wp\/v2\/pages\/558\/revisions\/753"}],"up":[{"embeddable":true,"href":"https:\/\/festivalbritannique.fr\/index.php?rest_route=\/wp\/v2\/pages\/407"}],"wp:attachment":[{"href":"https:\/\/festivalbritannique.fr\/index.php?rest_route=%2Fwp%2Fv2%2Fmedia&parent=558"}],"curies":[{"name":"wp","href":"https:\/\/api.w.org\/{rel}","templated":true}]}}