{"id":782,"date":"2017-02-13T16:12:06","date_gmt":"2017-02-13T15:12:06","guid":{"rendered":"http:\/\/festivalbritannique.fr\/?page_id=782"},"modified":"2018-02-06T10:54:34","modified_gmt":"2018-02-06T09:54:34","slug":"moi-daniel-blake","status":"publish","type":"page","link":"https:\/\/festivalbritannique.fr\/?page_id=782","title":{"rendered":"Moi, Daniel Blake"},"content":{"rendered":"<h3><em>Titre original : <span style=\"color: #0000ff;\">I, Daniel Blake<br \/>\n<\/span><\/em><\/h3>\n<hr \/>\n<h3><span style=\"color: #ff0000;\"><strong>Vendredi 10 mars \u00e0 17h<\/strong><br \/>\n<\/span><\/h3>\n<hr \/>\n<h5>de Ken Loach. 1h41.<\/h5>\n<blockquote>\n<h5>Pour la premi\u00e8re fois de sa vie, Daniel Blake, un menuisier anglais de 59 ans, est contraint de faire appel \u00e0 l\u2019aide sociale \u00e0 la suite de probl\u00e8mes cardiaques. Mais bien que son m\u00e9decin lui ait interdit de travailler, il se voit signifier l&rsquo;obligation d&rsquo;une recherche d&#8217;emploi sous peine de sanction. Au cours de ses rendez-vous r\u00e9guliers au \u00ab\u00a0job center\u00a0\u00bb, Daniel va croiser la route de Katie, m\u00e8re c\u00e9libataire de deux enfants qui a \u00e9t\u00e9 contrainte d&rsquo;accepter un logement \u00e0 450km de sa ville natale pour ne pas \u00eatre plac\u00e9e en foyer d\u2019accueil. Pris tous deux dans les filets des aberrations administratives de la Grande-Bretagne d\u2019aujourd\u2019hui, Daniel et Katie\u00a0vont tenter de s\u2019entraider\u2026<\/h5>\n<hr \/>\n<\/blockquote>\n<p>\n<div class=\"ngg-galleryoverview ngg-slideshow\"\n\tid=\"ngg-slideshow-ac23e728de56542cd85f83612e2a8119-15868672720\"\n\tdata-gallery-id=\"ac23e728de56542cd85f83612e2a8119\"\n\tstyle=\"max-width: 600px;\n\t\t\tmax-height: 400px;\n\t\t\tdisplay: none;\">\n\n\t\n\t\t<a href=\"https:\/\/festivalbritannique.fr\/wp-content\/gallery\/Moi%20daniel%20blake\/143639.jpg-r_1920_1080-f_jpg-q_x-xxyxx.jpg\"\n\t\t\ttitle=\"\"\n\t\t\tdata-src=\"https:\/\/festivalbritannique.fr\/wp-content\/gallery\/Moi%20daniel%20blake\/143639.jpg-r_1920_1080-f_jpg-q_x-xxyxx.jpg\"\n\t\t\tdata-thumbnail=\"https:\/\/festivalbritannique.fr\/wp-content\/gallery\/Moi%20daniel%20blake\/thumbs\/thumbs_143639.jpg-r_1920_1080-f_jpg-q_x-xxyxx.jpg\"\n\t\t\tdata-image-id=\"114\"\n\t\t\tdata-title=\"143639-r_1920_1080-f_jpg-q_x-xxyxx\"\n\t\t\tdata-description=\"\"\n\t\t\tclass=\"ngg-fancybox\" rel=\"ac23e728de56542cd85f83612e2a8119\">\n\n\t\t\t<img data-image-id='114'\n\t\t\t\ttitle=\"\"\n\t\t\t\talt=\"143639-r_1920_1080-f_jpg-q_x-xxyxx\"\n\t\t\t\tsrc=\"https:\/\/festivalbritannique.fr\/wp-content\/gallery\/Moi%20daniel%20blake\/143639.jpg-r_1920_1080-f_jpg-q_x-xxyxx.jpg\"\n\t\t\t\tstyle=\"max-height: 380px;\"\/>\n\t\t<\/a>\n\n\t\t\n\t\t<a href=\"https:\/\/festivalbritannique.fr\/wp-content\/gallery\/Moi%20daniel%20blake\/144265.jpg-r_1920_1080-f_jpg-q_x-xxyxx.jpg\"\n\t\t\ttitle=\" \"\n\t\t\tdata-src=\"https:\/\/festivalbritannique.fr\/wp-content\/gallery\/Moi%20daniel%20blake\/144265.jpg-r_1920_1080-f_jpg-q_x-xxyxx.jpg\"\n\t\t\tdata-thumbnail=\"https:\/\/festivalbritannique.fr\/wp-content\/gallery\/Moi%20daniel%20blake\/thumbs\/thumbs_144265.jpg-r_1920_1080-f_jpg-q_x-xxyxx.jpg\"\n\t\t\tdata-image-id=\"115\"\n\t\t\tdata-title=\"144265-r_1920_1080-f_jpg-q_x-xxyxx\"\n\t\t\tdata-description=\" \"\n\t\t\tclass=\"ngg-fancybox\" rel=\"ac23e728de56542cd85f83612e2a8119\">\n\n\t\t\t<img data-image-id='115'\n\t\t\t\ttitle=\" \"\n\t\t\t\talt=\"144265-r_1920_1080-f_jpg-q_x-xxyxx\"\n\t\t\t\tsrc=\"https:\/\/festivalbritannique.fr\/wp-content\/gallery\/Moi%20daniel%20blake\/144265.jpg-r_1920_1080-f_jpg-q_x-xxyxx.jpg\"\n\t\t\t\tstyle=\"max-height: 380px;\"\/>\n\t\t<\/a>\n\n\t\t\n\t\t<a href=\"https:\/\/festivalbritannique.fr\/wp-content\/gallery\/Moi%20daniel%20blake\/144577.jpg-r_1920_1080-f_jpg-q_x-xxyxx.jpg\"\n\t\t\ttitle=\" \"\n\t\t\tdata-src=\"https:\/\/festivalbritannique.fr\/wp-content\/gallery\/Moi%20daniel%20blake\/144577.jpg-r_1920_1080-f_jpg-q_x-xxyxx.jpg\"\n\t\t\tdata-thumbnail=\"https:\/\/festivalbritannique.fr\/wp-content\/gallery\/Moi%20daniel%20blake\/thumbs\/thumbs_144577.jpg-r_1920_1080-f_jpg-q_x-xxyxx.jpg\"\n\t\t\tdata-image-id=\"116\"\n\t\t\tdata-title=\"144577-r_1920_1080-f_jpg-q_x-xxyxx\"\n\t\t\tdata-description=\" \"\n\t\t\tclass=\"ngg-fancybox\" rel=\"ac23e728de56542cd85f83612e2a8119\">\n\n\t\t\t<img data-image-id='116'\n\t\t\t\ttitle=\" \"\n\t\t\t\talt=\"144577-r_1920_1080-f_jpg-q_x-xxyxx\"\n\t\t\t\tsrc=\"https:\/\/festivalbritannique.fr\/wp-content\/gallery\/Moi%20daniel%20blake\/144577.jpg-r_1920_1080-f_jpg-q_x-xxyxx.jpg\"\n\t\t\t\tstyle=\"max-height: 380px;\"\/>\n\t\t<\/a>\n\n\t\t\n\t\t<a href=\"https:\/\/festivalbritannique.fr\/wp-content\/gallery\/Moi%20daniel%20blake\/382131.jpg-r_1920_1080-f_jpg-q_x-xxyxx.jpg\"\n\t\t\ttitle=\" \"\n\t\t\tdata-src=\"https:\/\/festivalbritannique.fr\/wp-content\/gallery\/Moi%20daniel%20blake\/382131.jpg-r_1920_1080-f_jpg-q_x-xxyxx.jpg\"\n\t\t\tdata-thumbnail=\"https:\/\/festivalbritannique.fr\/wp-content\/gallery\/Moi%20daniel%20blake\/thumbs\/thumbs_382131.jpg-r_1920_1080-f_jpg-q_x-xxyxx.jpg\"\n\t\t\tdata-image-id=\"117\"\n\t\t\tdata-title=\"382131-r_1920_1080-f_jpg-q_x-xxyxx\"\n\t\t\tdata-description=\" \"\n\t\t\tclass=\"ngg-fancybox\" rel=\"ac23e728de56542cd85f83612e2a8119\">\n\n\t\t\t<img data-image-id='117'\n\t\t\t\ttitle=\" \"\n\t\t\t\talt=\"382131-r_1920_1080-f_jpg-q_x-xxyxx\"\n\t\t\t\tsrc=\"https:\/\/festivalbritannique.fr\/wp-content\/gallery\/Moi%20daniel%20blake\/382131.jpg-r_1920_1080-f_jpg-q_x-xxyxx.jpg\"\n\t\t\t\tstyle=\"max-height: 380px;\"\/>\n\t\t<\/a>\n\n\t\t\n\t\t<a href=\"https:\/\/festivalbritannique.fr\/wp-content\/gallery\/Moi%20daniel%20blake\/431720.jpg-r_1920_1080-f_jpg-q_x-xxyxx.jpg\"\n\t\t\ttitle=\" \"\n\t\t\tdata-src=\"https:\/\/festivalbritannique.fr\/wp-content\/gallery\/Moi%20daniel%20blake\/431720.jpg-r_1920_1080-f_jpg-q_x-xxyxx.jpg\"\n\t\t\tdata-thumbnail=\"https:\/\/festivalbritannique.fr\/wp-content\/gallery\/Moi%20daniel%20blake\/thumbs\/thumbs_431720.jpg-r_1920_1080-f_jpg-q_x-xxyxx.jpg\"\n\t\t\tdata-image-id=\"118\"\n\t\t\tdata-title=\"431720-r_1920_1080-f_jpg-q_x-xxyxx\"\n\t\t\tdata-description=\" \"\n\t\t\tclass=\"ngg-fancybox\" rel=\"ac23e728de56542cd85f83612e2a8119\">\n\n\t\t\t<img data-image-id='118'\n\t\t\t\ttitle=\" \"\n\t\t\t\talt=\"431720-r_1920_1080-f_jpg-q_x-xxyxx\"\n\t\t\t\tsrc=\"https:\/\/festivalbritannique.fr\/wp-content\/gallery\/Moi%20daniel%20blake\/431720.jpg-r_1920_1080-f_jpg-q_x-xxyxx.jpg\"\n\t\t\t\tstyle=\"max-height: 380px;\"\/>\n\t\t<\/a>\n\n\t\t\n\t\t<a href=\"https:\/\/festivalbritannique.fr\/wp-content\/gallery\/Moi%20daniel%20blake\/574739.jpg-r_1920_1080-f_jpg-q_x-xxyxx.jpg\"\n\t\t\ttitle=\" \"\n\t\t\tdata-src=\"https:\/\/festivalbritannique.fr\/wp-content\/gallery\/Moi%20daniel%20blake\/574739.jpg-r_1920_1080-f_jpg-q_x-xxyxx.jpg\"\n\t\t\tdata-thumbnail=\"https:\/\/festivalbritannique.fr\/wp-content\/gallery\/Moi%20daniel%20blake\/thumbs\/thumbs_574739.jpg-r_1920_1080-f_jpg-q_x-xxyxx.jpg\"\n\t\t\tdata-image-id=\"119\"\n\t\t\tdata-title=\"574739-r_1920_1080-f_jpg-q_x-xxyxx\"\n\t\t\tdata-description=\" \"\n\t\t\tclass=\"ngg-fancybox\" rel=\"ac23e728de56542cd85f83612e2a8119\">\n\n\t\t\t<img data-image-id='119'\n\t\t\t\ttitle=\" \"\n\t\t\t\talt=\"574739-r_1920_1080-f_jpg-q_x-xxyxx\"\n\t\t\t\tsrc=\"https:\/\/festivalbritannique.fr\/wp-content\/gallery\/Moi%20daniel%20blake\/574739.jpg-r_1920_1080-f_jpg-q_x-xxyxx.jpg\"\n\t\t\t\tstyle=\"max-height: 380px;\"\/>\n\t\t<\/a>\n\n\t\t\n\t\t<a href=\"https:\/\/festivalbritannique.fr\/wp-content\/gallery\/Moi%20daniel%20blake\/575521.jpg-r_1920_1080-f_jpg-q_x-xxyxx.jpg\"\n\t\t\ttitle=\" \"\n\t\t\tdata-src=\"https:\/\/festivalbritannique.fr\/wp-content\/gallery\/Moi%20daniel%20blake\/575521.jpg-r_1920_1080-f_jpg-q_x-xxyxx.jpg\"\n\t\t\tdata-thumbnail=\"https:\/\/festivalbritannique.fr\/wp-content\/gallery\/Moi%20daniel%20blake\/thumbs\/thumbs_575521.jpg-r_1920_1080-f_jpg-q_x-xxyxx.jpg\"\n\t\t\tdata-image-id=\"120\"\n\t\t\tdata-title=\"575521-r_1920_1080-f_jpg-q_x-xxyxx\"\n\t\t\tdata-description=\" \"\n\t\t\tclass=\"ngg-fancybox\" rel=\"ac23e728de56542cd85f83612e2a8119\">\n\n\t\t\t<img data-image-id='120'\n\t\t\t\ttitle=\" \"\n\t\t\t\talt=\"575521-r_1920_1080-f_jpg-q_x-xxyxx\"\n\t\t\t\tsrc=\"https:\/\/festivalbritannique.fr\/wp-content\/gallery\/Moi%20daniel%20blake\/575521.jpg-r_1920_1080-f_jpg-q_x-xxyxx.jpg\"\n\t\t\t\tstyle=\"max-height: 380px;\"\/>\n\t\t<\/a>\n\n\t\t\n\t\t<a href=\"https:\/\/festivalbritannique.fr\/wp-content\/gallery\/Moi%20daniel%20blake\/576146.jpg-r_1920_1080-f_jpg-q_x-xxyxx.jpg\"\n\t\t\ttitle=\" \"\n\t\t\tdata-src=\"https:\/\/festivalbritannique.fr\/wp-content\/gallery\/Moi%20daniel%20blake\/576146.jpg-r_1920_1080-f_jpg-q_x-xxyxx.jpg\"\n\t\t\tdata-thumbnail=\"https:\/\/festivalbritannique.fr\/wp-content\/gallery\/Moi%20daniel%20blake\/thumbs\/thumbs_576146.jpg-r_1920_1080-f_jpg-q_x-xxyxx.jpg\"\n\t\t\tdata-image-id=\"121\"\n\t\t\tdata-title=\"576146-r_1920_1080-f_jpg-q_x-xxyxx\"\n\t\t\tdata-description=\" \"\n\t\t\tclass=\"ngg-fancybox\" rel=\"ac23e728de56542cd85f83612e2a8119\">\n\n\t\t\t<img data-image-id='121'\n\t\t\t\ttitle=\" \"\n\t\t\t\talt=\"576146-r_1920_1080-f_jpg-q_x-xxyxx\"\n\t\t\t\tsrc=\"https:\/\/festivalbritannique.fr\/wp-content\/gallery\/Moi%20daniel%20blake\/576146.jpg-r_1920_1080-f_jpg-q_x-xxyxx.jpg\"\n\t\t\t\tstyle=\"max-height: 380px;\"\/>\n\t\t<\/a>\n\n\t\t\n\t\t<a href=\"https:\/\/festivalbritannique.fr\/wp-content\/gallery\/Moi%20daniel%20blake\/moi-daniel-blake.jpg\"\n\t\t\ttitle=\" \"\n\t\t\tdata-src=\"https:\/\/festivalbritannique.fr\/wp-content\/gallery\/Moi%20daniel%20blake\/moi-daniel-blake.jpg\"\n\t\t\tdata-thumbnail=\"https:\/\/festivalbritannique.fr\/wp-content\/gallery\/Moi%20daniel%20blake\/thumbs\/thumbs_moi-daniel-blake.jpg\"\n\t\t\tdata-image-id=\"122\"\n\t\t\tdata-title=\"moi daniel blake\"\n\t\t\tdata-description=\" \"\n\t\t\tclass=\"ngg-fancybox\" rel=\"ac23e728de56542cd85f83612e2a8119\">\n\n\t\t\t<img data-image-id='122'\n\t\t\t\ttitle=\" \"\n\t\t\t\talt=\"moi daniel blake\"\n\t\t\t\tsrc=\"https:\/\/festivalbritannique.fr\/wp-content\/gallery\/Moi%20daniel%20blake\/moi-daniel-blake.jpg\"\n\t\t\t\tstyle=\"max-height: 380px;\"\/>\n\t\t<\/a>\n\n\t\t<\/div>\n\n\n<\/p>\n<p><iframe loading=\"lazy\" title=\"Moi, Daniel Blake - Bande annonce HD VOST\" width=\"1170\" height=\"658\" src=\"https:\/\/www.youtube.com\/embed\/oW1l3ptA7Sc?feature=oembed\" frameborder=\"0\" allow=\"accelerometer; autoplay; encrypted-media; gyroscope; picture-in-picture\" allowfullscreen><\/iframe><\/p>\n<!-- AddThis Advanced Settings generic via filter on the_content --><!-- AddThis Share Buttons generic via filter on the_content -->","protected":false},"excerpt":{"rendered":"<p>Titre original : I, Daniel Blake Vendredi 10 mars \u00e0 17h de Ken Loach. 1h41. Pour la premi\u00e8re fois de sa vie, Daniel Blake, un menuisier anglais de 59 ans, est contraint de faire appel \u00e0 l\u2019aide sociale \u00e0 la suite de probl\u00e8mes cardiaques. Mais bien que son m\u00e9decin lui ait interdit de travailler, il<\/p>\n<p><a href=\"https:\/\/festivalbritannique.fr\/?page_id=782\" class=\"more-link themebutton\">Read More<\/a><\/p>\n<p><!-- AddThis Advanced Settings generic via filter on get_the_excerpt --><!-- AddThis Share Buttons generic via filter on get_the_excerpt --><\/p>\n","protected":false},"author":2,"featured_media":0,"parent":1105,"menu_order":0,"comment_status":"closed","ping_status":"closed","template":"","meta":{"ngg_post_thumbnail":0,"footnotes":""},"class_list":["post-782","page","type-page","status-publish","hentry"],"_links":{"self":[{"href":"https:\/\/festivalbritannique.fr\/index.php?rest_route=\/wp\/v2\/pages\/782","targetHints":{"allow":["GET"]}}],"collection":[{"href":"https:\/\/festivalbritannique.fr\/index.php?rest_route=\/wp\/v2\/pages"}],"about":[{"href":"https:\/\/festivalbritannique.fr\/index.php?rest_route=\/wp\/v2\/types\/page"}],"author":[{"embeddable":true,"href":"https:\/\/festivalbritannique.fr\/index.php?rest_route=\/wp\/v2\/users\/2"}],"replies":[{"embeddable":true,"href":"https:\/\/festivalbritannique.fr\/index.php?rest_route=%2Fwp%2Fv2%2Fcomments&post=782"}],"version-history":[{"count":4,"href":"https:\/\/festivalbritannique.fr\/index.php?rest_route=\/wp\/v2\/pages\/782\/revisions"}],"predecessor-version":[{"id":1032,"href":"https:\/\/festivalbritannique.fr\/index.php?rest_route=\/wp\/v2\/pages\/782\/revisions\/1032"}],"up":[{"embeddable":true,"href":"https:\/\/festivalbritannique.fr\/index.php?rest_route=\/wp\/v2\/pages\/1105"}],"wp:attachment":[{"href":"https:\/\/festivalbritannique.fr\/index.php?rest_route=%2Fwp%2Fv2%2Fmedia&parent=782"}],"curies":[{"name":"wp","href":"https:\/\/api.w.org\/{rel}","templated":true}]}}