{"id":810,"date":"2017-02-13T17:30:30","date_gmt":"2017-02-13T16:30:30","guid":{"rendered":"http:\/\/festivalbritannique.fr\/?page_id=810"},"modified":"2018-02-06T10:55:03","modified_gmt":"2018-02-06T09:55:03","slug":"monsieur-bout-de-bois","status":"publish","type":"page","link":"https:\/\/festivalbritannique.fr\/?page_id=810","title":{"rendered":"Monsieur Bout de Bois"},"content":{"rendered":"<h3><em>Titre original : <span style=\"color: #0000ff;\">Stick man<br \/>\n<\/span><\/em><\/h3>\n<hr \/>\n<h3><span style=\"color: #ff0000;\"><strong>Dimanche 12 mars \u00e0 11h &#8211; Cin\u00e9 p&rsquo;tit d\u00e8j&rsquo; &#8211; en version fran\u00e7aise<\/strong><br \/>\n<\/span><\/h3>\n<hr \/>\n<h5>\u00e0 partir de 3 ans. 40 minutes.<\/h5>\n<blockquote>\n<h5>Monsieur Bout-de-Bois m\u00e8ne une vie paisible dans son arbre familial avec Madame Bout-de-Bois et leurs trois enfants. Lors de son footing matinal, il se fait attraper par un chien qui le prend pour un vulgaire b\u00e2ton. Commence alors pour Monsieur Bout-de-Bois une s\u00e9rie d\u2019aventures qui l\u2019entra\u00eeneront bien loin de chez lui\u2026<\/h5>\n<hr \/>\n<\/blockquote>\n<p style=\"text-align: center;\">\n<div class=\"ngg-galleryoverview ngg-slideshow\"\n\tid=\"ngg-slideshow-00e84f427f2666ee8a8e1c80e597ac77-4497591150\"\n\tdata-gallery-id=\"00e84f427f2666ee8a8e1c80e597ac77\"\n\tstyle=\"max-width: 600px;\n\t\t\tmax-height: 400px;\n\t\t\tdisplay: none;\">\n\n\t\n\t\t<a href=\"https:\/\/festivalbritannique.fr\/wp-content\/gallery\/Monsieur%20Bout%20de%20Bois\/m-bout-de-bois.jpg\"\n\t\t\ttitle=\"\"\n\t\t\tdata-src=\"https:\/\/festivalbritannique.fr\/wp-content\/gallery\/Monsieur%20Bout%20de%20Bois\/m-bout-de-bois.jpg\"\n\t\t\tdata-thumbnail=\"https:\/\/festivalbritannique.fr\/wp-content\/gallery\/Monsieur%20Bout%20de%20Bois\/thumbs\/thumbs_m-bout-de-bois.jpg\"\n\t\t\tdata-image-id=\"166\"\n\t\t\tdata-title=\"m bout de bois\"\n\t\t\tdata-description=\"\"\n\t\t\tclass=\"ngg-fancybox\" rel=\"00e84f427f2666ee8a8e1c80e597ac77\">\n\n\t\t\t<img data-image-id='166'\n\t\t\t\ttitle=\"\"\n\t\t\t\talt=\"m bout de bois\"\n\t\t\t\tsrc=\"https:\/\/festivalbritannique.fr\/wp-content\/gallery\/Monsieur%20Bout%20de%20Bois\/m-bout-de-bois.jpg\"\n\t\t\t\tstyle=\"max-height: 380px;\"\/>\n\t\t<\/a>\n\n\t\t\n\t\t<a href=\"https:\/\/festivalbritannique.fr\/wp-content\/gallery\/Monsieur%20Bout%20de%20Bois\/387611.jpg-r_1920_1080-f_jpg-q_x-xxyxx.jpg\"\n\t\t\ttitle=\"\"\n\t\t\tdata-src=\"https:\/\/festivalbritannique.fr\/wp-content\/gallery\/Monsieur%20Bout%20de%20Bois\/387611.jpg-r_1920_1080-f_jpg-q_x-xxyxx.jpg\"\n\t\t\tdata-thumbnail=\"https:\/\/festivalbritannique.fr\/wp-content\/gallery\/Monsieur%20Bout%20de%20Bois\/thumbs\/thumbs_387611.jpg-r_1920_1080-f_jpg-q_x-xxyxx.jpg\"\n\t\t\tdata-image-id=\"167\"\n\t\t\tdata-title=\"387611-r_1920_1080-f_jpg-q_x-xxyxx\"\n\t\t\tdata-description=\"\"\n\t\t\tclass=\"ngg-fancybox\" rel=\"00e84f427f2666ee8a8e1c80e597ac77\">\n\n\t\t\t<img data-image-id='167'\n\t\t\t\ttitle=\"\"\n\t\t\t\talt=\"387611-r_1920_1080-f_jpg-q_x-xxyxx\"\n\t\t\t\tsrc=\"https:\/\/festivalbritannique.fr\/wp-content\/gallery\/Monsieur%20Bout%20de%20Bois\/387611.jpg-r_1920_1080-f_jpg-q_x-xxyxx.jpg\"\n\t\t\t\tstyle=\"max-height: 380px;\"\/>\n\t\t<\/a>\n\n\t\t\n\t\t<a href=\"https:\/\/festivalbritannique.fr\/wp-content\/gallery\/Monsieur%20Bout%20de%20Bois\/299952.jpg-r_1920_1080-f_jpg-q_x-xxyxx.jpg\"\n\t\t\ttitle=\"\"\n\t\t\tdata-src=\"https:\/\/festivalbritannique.fr\/wp-content\/gallery\/Monsieur%20Bout%20de%20Bois\/299952.jpg-r_1920_1080-f_jpg-q_x-xxyxx.jpg\"\n\t\t\tdata-thumbnail=\"https:\/\/festivalbritannique.fr\/wp-content\/gallery\/Monsieur%20Bout%20de%20Bois\/thumbs\/thumbs_299952.jpg-r_1920_1080-f_jpg-q_x-xxyxx.jpg\"\n\t\t\tdata-image-id=\"168\"\n\t\t\tdata-title=\"299952-r_1920_1080-f_jpg-q_x-xxyxx\"\n\t\t\tdata-description=\"\"\n\t\t\tclass=\"ngg-fancybox\" rel=\"00e84f427f2666ee8a8e1c80e597ac77\">\n\n\t\t\t<img data-image-id='168'\n\t\t\t\ttitle=\"\"\n\t\t\t\talt=\"299952-r_1920_1080-f_jpg-q_x-xxyxx\"\n\t\t\t\tsrc=\"https:\/\/festivalbritannique.fr\/wp-content\/gallery\/Monsieur%20Bout%20de%20Bois\/299952.jpg-r_1920_1080-f_jpg-q_x-xxyxx.jpg\"\n\t\t\t\tstyle=\"max-height: 380px;\"\/>\n\t\t<\/a>\n\n\t\t\n\t\t<a href=\"https:\/\/festivalbritannique.fr\/wp-content\/gallery\/Monsieur%20Bout%20de%20Bois\/300421.jpg-r_1920_1080-f_jpg-q_x-xxyxx.jpg\"\n\t\t\ttitle=\"\"\n\t\t\tdata-src=\"https:\/\/festivalbritannique.fr\/wp-content\/gallery\/Monsieur%20Bout%20de%20Bois\/300421.jpg-r_1920_1080-f_jpg-q_x-xxyxx.jpg\"\n\t\t\tdata-thumbnail=\"https:\/\/festivalbritannique.fr\/wp-content\/gallery\/Monsieur%20Bout%20de%20Bois\/thumbs\/thumbs_300421.jpg-r_1920_1080-f_jpg-q_x-xxyxx.jpg\"\n\t\t\tdata-image-id=\"169\"\n\t\t\tdata-title=\"300421-r_1920_1080-f_jpg-q_x-xxyxx\"\n\t\t\tdata-description=\"\"\n\t\t\tclass=\"ngg-fancybox\" rel=\"00e84f427f2666ee8a8e1c80e597ac77\">\n\n\t\t\t<img data-image-id='169'\n\t\t\t\ttitle=\"\"\n\t\t\t\talt=\"300421-r_1920_1080-f_jpg-q_x-xxyxx\"\n\t\t\t\tsrc=\"https:\/\/festivalbritannique.fr\/wp-content\/gallery\/Monsieur%20Bout%20de%20Bois\/300421.jpg-r_1920_1080-f_jpg-q_x-xxyxx.jpg\"\n\t\t\t\tstyle=\"max-height: 380px;\"\/>\n\t\t<\/a>\n\n\t\t\n\t\t<a href=\"https:\/\/festivalbritannique.fr\/wp-content\/gallery\/Monsieur%20Bout%20de%20Bois\/300889.jpg-r_1920_1080-f_jpg-q_x-xxyxx.jpg\"\n\t\t\ttitle=\"\"\n\t\t\tdata-src=\"https:\/\/festivalbritannique.fr\/wp-content\/gallery\/Monsieur%20Bout%20de%20Bois\/300889.jpg-r_1920_1080-f_jpg-q_x-xxyxx.jpg\"\n\t\t\tdata-thumbnail=\"https:\/\/festivalbritannique.fr\/wp-content\/gallery\/Monsieur%20Bout%20de%20Bois\/thumbs\/thumbs_300889.jpg-r_1920_1080-f_jpg-q_x-xxyxx.jpg\"\n\t\t\tdata-image-id=\"170\"\n\t\t\tdata-title=\"300889-r_1920_1080-f_jpg-q_x-xxyxx\"\n\t\t\tdata-description=\"\"\n\t\t\tclass=\"ngg-fancybox\" rel=\"00e84f427f2666ee8a8e1c80e597ac77\">\n\n\t\t\t<img data-image-id='170'\n\t\t\t\ttitle=\"\"\n\t\t\t\talt=\"300889-r_1920_1080-f_jpg-q_x-xxyxx\"\n\t\t\t\tsrc=\"https:\/\/festivalbritannique.fr\/wp-content\/gallery\/Monsieur%20Bout%20de%20Bois\/300889.jpg-r_1920_1080-f_jpg-q_x-xxyxx.jpg\"\n\t\t\t\tstyle=\"max-height: 380px;\"\/>\n\t\t<\/a>\n\n\t\t\n\t\t<a href=\"https:\/\/festivalbritannique.fr\/wp-content\/gallery\/Monsieur%20Bout%20de%20Bois\/301202.jpg-r_1920_1080-f_jpg-q_x-xxyxx.jpg\"\n\t\t\ttitle=\"\"\n\t\t\tdata-src=\"https:\/\/festivalbritannique.fr\/wp-content\/gallery\/Monsieur%20Bout%20de%20Bois\/301202.jpg-r_1920_1080-f_jpg-q_x-xxyxx.jpg\"\n\t\t\tdata-thumbnail=\"https:\/\/festivalbritannique.fr\/wp-content\/gallery\/Monsieur%20Bout%20de%20Bois\/thumbs\/thumbs_301202.jpg-r_1920_1080-f_jpg-q_x-xxyxx.jpg\"\n\t\t\tdata-image-id=\"171\"\n\t\t\tdata-title=\"301202-r_1920_1080-f_jpg-q_x-xxyxx\"\n\t\t\tdata-description=\"\"\n\t\t\tclass=\"ngg-fancybox\" rel=\"00e84f427f2666ee8a8e1c80e597ac77\">\n\n\t\t\t<img data-image-id='171'\n\t\t\t\ttitle=\"\"\n\t\t\t\talt=\"301202-r_1920_1080-f_jpg-q_x-xxyxx\"\n\t\t\t\tsrc=\"https:\/\/festivalbritannique.fr\/wp-content\/gallery\/Monsieur%20Bout%20de%20Bois\/301202.jpg-r_1920_1080-f_jpg-q_x-xxyxx.jpg\"\n\t\t\t\tstyle=\"max-height: 380px;\"\/>\n\t\t<\/a>\n\n\t\t\n\t\t<a href=\"https:\/\/festivalbritannique.fr\/wp-content\/gallery\/Monsieur%20Bout%20de%20Bois\/301671.jpg-r_1920_1080-f_jpg-q_x-xxyxx.jpg\"\n\t\t\ttitle=\"\"\n\t\t\tdata-src=\"https:\/\/festivalbritannique.fr\/wp-content\/gallery\/Monsieur%20Bout%20de%20Bois\/301671.jpg-r_1920_1080-f_jpg-q_x-xxyxx.jpg\"\n\t\t\tdata-thumbnail=\"https:\/\/festivalbritannique.fr\/wp-content\/gallery\/Monsieur%20Bout%20de%20Bois\/thumbs\/thumbs_301671.jpg-r_1920_1080-f_jpg-q_x-xxyxx.jpg\"\n\t\t\tdata-image-id=\"172\"\n\t\t\tdata-title=\"301671-r_1920_1080-f_jpg-q_x-xxyxx\"\n\t\t\tdata-description=\"\"\n\t\t\tclass=\"ngg-fancybox\" rel=\"00e84f427f2666ee8a8e1c80e597ac77\">\n\n\t\t\t<img data-image-id='172'\n\t\t\t\ttitle=\"\"\n\t\t\t\talt=\"301671-r_1920_1080-f_jpg-q_x-xxyxx\"\n\t\t\t\tsrc=\"https:\/\/festivalbritannique.fr\/wp-content\/gallery\/Monsieur%20Bout%20de%20Bois\/301671.jpg-r_1920_1080-f_jpg-q_x-xxyxx.jpg\"\n\t\t\t\tstyle=\"max-height: 380px;\"\/>\n\t\t<\/a>\n\n\t\t\n\t\t<a href=\"https:\/\/festivalbritannique.fr\/wp-content\/gallery\/Monsieur%20Bout%20de%20Bois\/537972.jpg-r_1920_1080-f_jpg-q_x-xxyxx.jpg\"\n\t\t\ttitle=\"\"\n\t\t\tdata-src=\"https:\/\/festivalbritannique.fr\/wp-content\/gallery\/Monsieur%20Bout%20de%20Bois\/537972.jpg-r_1920_1080-f_jpg-q_x-xxyxx.jpg\"\n\t\t\tdata-thumbnail=\"https:\/\/festivalbritannique.fr\/wp-content\/gallery\/Monsieur%20Bout%20de%20Bois\/thumbs\/thumbs_537972.jpg-r_1920_1080-f_jpg-q_x-xxyxx.jpg\"\n\t\t\tdata-image-id=\"173\"\n\t\t\tdata-title=\"537972-r_1920_1080-f_jpg-q_x-xxyxx\"\n\t\t\tdata-description=\"\"\n\t\t\tclass=\"ngg-fancybox\" rel=\"00e84f427f2666ee8a8e1c80e597ac77\">\n\n\t\t\t<img data-image-id='173'\n\t\t\t\ttitle=\"\"\n\t\t\t\talt=\"537972-r_1920_1080-f_jpg-q_x-xxyxx\"\n\t\t\t\tsrc=\"https:\/\/festivalbritannique.fr\/wp-content\/gallery\/Monsieur%20Bout%20de%20Bois\/537972.jpg-r_1920_1080-f_jpg-q_x-xxyxx.jpg\"\n\t\t\t\tstyle=\"max-height: 380px;\"\/>\n\t\t<\/a>\n\n\t\t\n\t\t<a href=\"https:\/\/festivalbritannique.fr\/wp-content\/gallery\/Monsieur%20Bout%20de%20Bois\/538910.jpg-r_1920_1080-f_jpg-q_x-xxyxx.jpg\"\n\t\t\ttitle=\"\"\n\t\t\tdata-src=\"https:\/\/festivalbritannique.fr\/wp-content\/gallery\/Monsieur%20Bout%20de%20Bois\/538910.jpg-r_1920_1080-f_jpg-q_x-xxyxx.jpg\"\n\t\t\tdata-thumbnail=\"https:\/\/festivalbritannique.fr\/wp-content\/gallery\/Monsieur%20Bout%20de%20Bois\/thumbs\/thumbs_538910.jpg-r_1920_1080-f_jpg-q_x-xxyxx.jpg\"\n\t\t\tdata-image-id=\"174\"\n\t\t\tdata-title=\"538910-r_1920_1080-f_jpg-q_x-xxyxx\"\n\t\t\tdata-description=\"\"\n\t\t\tclass=\"ngg-fancybox\" rel=\"00e84f427f2666ee8a8e1c80e597ac77\">\n\n\t\t\t<img data-image-id='174'\n\t\t\t\ttitle=\"\"\n\t\t\t\talt=\"538910-r_1920_1080-f_jpg-q_x-xxyxx\"\n\t\t\t\tsrc=\"https:\/\/festivalbritannique.fr\/wp-content\/gallery\/Monsieur%20Bout%20de%20Bois\/538910.jpg-r_1920_1080-f_jpg-q_x-xxyxx.jpg\"\n\t\t\t\tstyle=\"max-height: 380px;\"\/>\n\t\t<\/a>\n\n\t\t\n\t\t<a href=\"https:\/\/festivalbritannique.fr\/wp-content\/gallery\/Monsieur%20Bout%20de%20Bois\/539535.jpg-r_1920_1080-f_jpg-q_x-xxyxx.jpg\"\n\t\t\ttitle=\"\"\n\t\t\tdata-src=\"https:\/\/festivalbritannique.fr\/wp-content\/gallery\/Monsieur%20Bout%20de%20Bois\/539535.jpg-r_1920_1080-f_jpg-q_x-xxyxx.jpg\"\n\t\t\tdata-thumbnail=\"https:\/\/festivalbritannique.fr\/wp-content\/gallery\/Monsieur%20Bout%20de%20Bois\/thumbs\/thumbs_539535.jpg-r_1920_1080-f_jpg-q_x-xxyxx.jpg\"\n\t\t\tdata-image-id=\"175\"\n\t\t\tdata-title=\"539535-r_1920_1080-f_jpg-q_x-xxyxx\"\n\t\t\tdata-description=\"\"\n\t\t\tclass=\"ngg-fancybox\" rel=\"00e84f427f2666ee8a8e1c80e597ac77\">\n\n\t\t\t<img data-image-id='175'\n\t\t\t\ttitle=\"\"\n\t\t\t\talt=\"539535-r_1920_1080-f_jpg-q_x-xxyxx\"\n\t\t\t\tsrc=\"https:\/\/festivalbritannique.fr\/wp-content\/gallery\/Monsieur%20Bout%20de%20Bois\/539535.jpg-r_1920_1080-f_jpg-q_x-xxyxx.jpg\"\n\t\t\t\tstyle=\"max-height: 380px;\"\/>\n\t\t<\/a>\n\n\t\t<\/div>\n\n\n<\/p>\n<p>&nbsp;<\/p>\n<p><iframe loading=\"lazy\" title=\"MONSIEUR BOUT-DE-BOIS Bande Annonce (Animation - 2016)\" width=\"1170\" height=\"658\" src=\"https:\/\/www.youtube.com\/embed\/iytM4tiWHqE?feature=oembed\" frameborder=\"0\" allow=\"accelerometer; autoplay; encrypted-media; gyroscope; picture-in-picture\" allowfullscreen><\/iframe><\/p>\n<p>&nbsp;<\/p>\n<!-- AddThis Advanced Settings generic via filter on the_content --><!-- AddThis Share Buttons generic via filter on the_content -->","protected":false},"excerpt":{"rendered":"<p>Titre original : Stick man Dimanche 12 mars \u00e0 11h &#8211; Cin\u00e9 p&rsquo;tit d\u00e8j&rsquo; &#8211; en version fran\u00e7aise \u00e0 partir de 3 ans. 40 minutes. Monsieur Bout-de-Bois m\u00e8ne une vie paisible dans son arbre familial avec Madame Bout-de-Bois et leurs trois enfants. Lors de son footing matinal, il se fait attraper par un chien qui<\/p>\n<p><a href=\"https:\/\/festivalbritannique.fr\/?page_id=810\" class=\"more-link themebutton\">Read More<\/a><\/p>\n<p><!-- AddThis Advanced Settings generic via filter on get_the_excerpt --><!-- AddThis Share Buttons generic via filter on get_the_excerpt --><\/p>\n","protected":false},"author":2,"featured_media":0,"parent":1105,"menu_order":0,"comment_status":"closed","ping_status":"closed","template":"","meta":{"ngg_post_thumbnail":0,"footnotes":""},"class_list":["post-810","page","type-page","status-publish","hentry"],"_links":{"self":[{"href":"https:\/\/festivalbritannique.fr\/index.php?rest_route=\/wp\/v2\/pages\/810","targetHints":{"allow":["GET"]}}],"collection":[{"href":"https:\/\/festivalbritannique.fr\/index.php?rest_route=\/wp\/v2\/pages"}],"about":[{"href":"https:\/\/festivalbritannique.fr\/index.php?rest_route=\/wp\/v2\/types\/page"}],"author":[{"embeddable":true,"href":"https:\/\/festivalbritannique.fr\/index.php?rest_route=\/wp\/v2\/users\/2"}],"replies":[{"embeddable":true,"href":"https:\/\/festivalbritannique.fr\/index.php?rest_route=%2Fwp%2Fv2%2Fcomments&post=810"}],"version-history":[{"count":2,"href":"https:\/\/festivalbritannique.fr\/index.php?rest_route=\/wp\/v2\/pages\/810\/revisions"}],"predecessor-version":[{"id":1042,"href":"https:\/\/festivalbritannique.fr\/index.php?rest_route=\/wp\/v2\/pages\/810\/revisions\/1042"}],"up":[{"embeddable":true,"href":"https:\/\/festivalbritannique.fr\/index.php?rest_route=\/wp\/v2\/pages\/1105"}],"wp:attachment":[{"href":"https:\/\/festivalbritannique.fr\/index.php?rest_route=%2Fwp%2Fv2%2Fmedia&parent=810"}],"curies":[{"name":"wp","href":"https:\/\/api.w.org\/{rel}","templated":true}]}}