{"id":817,"date":"2017-02-13T17:18:02","date_gmt":"2017-02-13T16:18:02","guid":{"rendered":"http:\/\/festivalbritannique.fr\/?page_id=817"},"modified":"2018-02-06T10:54:45","modified_gmt":"2018-02-06T09:54:45","slug":"avant-toi","status":"publish","type":"page","link":"https:\/\/festivalbritannique.fr\/?page_id=817","title":{"rendered":"Avant toi"},"content":{"rendered":"<h3><em>Titre original : <span style=\"color: #0000ff;\">Me before you<br \/>\n<\/span><\/em><\/h3>\n<hr \/>\n<h3><span style=\"color: #ff0000;\"><strong>Samedi 11 mars \u00e0 18h15<\/strong><br \/>\n<\/span><\/h3>\n<hr \/>\n<h5>Drame, romance. 1h50.<\/h5>\n<blockquote>\n<h5>Une charmante petite ville de l&rsquo;Angleterre rurale. Si elle est originale et artiste dans l&rsquo;\u00e2me, Louisa \u00ab\u00a0Lou\u00a0\u00bb Clark, 26 ans, n&rsquo;a aucune ambition particuli\u00e8re. Elle se contente d&rsquo;encha\u00eener les boulots pour permettre \u00e0 ses proches de joindre les deux bouts.<br \/>\nJeune et riche banquier, Will Traynor \u00e9tait un gar\u00e7on plein d&rsquo;audace et d&rsquo;optimisme jusqu&rsquo;\u00e0 ce qu&rsquo;il se retrouve paralys\u00e9, suite \u00e0 un accident survenu deux ans plus t\u00f4t. Devenu cynique, il a renonc\u00e9 \u00e0 tout et n&rsquo;est plus que l&rsquo;ombre de lui-m\u00eame.<br \/>\nAutant dire que ces deux-l\u00e0 auraient pu ne jamais se rencontrer. Mais lorsque Lou accepte de travailler comme aide-soignante aupr\u00e8s de Will, elle est bien d\u00e9cid\u00e9e \u00e0 lui redonner go\u00fbt \u00e0 la vie. Et peu \u00e0 peu, les deux jeunes gens s&rsquo;\u00e9prennent passionn\u00e9ment l&rsquo;un de l&rsquo;autre. La force de leur amour pourra-t-elle survivre \u00e0 leur destin qui semble inexorable ?<\/h5>\n<hr \/>\n<\/blockquote>\n<p>\n<div class=\"ngg-galleryoverview ngg-slideshow\"\n\tid=\"ngg-slideshow-872badbc6c0d03ca92621c9b4994b9ba-10371066230\"\n\tdata-gallery-id=\"872badbc6c0d03ca92621c9b4994b9ba\"\n\tstyle=\"max-width: 600px;\n\t\t\tmax-height: 400px;\n\t\t\tdisplay: none;\">\n\n\t\n\t\t<a href=\"https:\/\/festivalbritannique.fr\/wp-content\/gallery\/Avant%20toi\/063880.jpg-c_215_290_x-f_jpg-q_x-xxyxx.jpg\"\n\t\t\ttitle=\"\"\n\t\t\tdata-src=\"https:\/\/festivalbritannique.fr\/wp-content\/gallery\/Avant%20toi\/063880.jpg-c_215_290_x-f_jpg-q_x-xxyxx.jpg\"\n\t\t\tdata-thumbnail=\"https:\/\/festivalbritannique.fr\/wp-content\/gallery\/Avant%20toi\/thumbs\/thumbs_063880.jpg-c_215_290_x-f_jpg-q_x-xxyxx.jpg\"\n\t\t\tdata-image-id=\"149\"\n\t\t\tdata-title=\"063880-c_215_290_x-f_jpg-q_x-xxyxx\"\n\t\t\tdata-description=\"\"\n\t\t\tclass=\"ngg-fancybox\" rel=\"872badbc6c0d03ca92621c9b4994b9ba\">\n\n\t\t\t<img data-image-id='149'\n\t\t\t\ttitle=\"\"\n\t\t\t\talt=\"063880-c_215_290_x-f_jpg-q_x-xxyxx\"\n\t\t\t\tsrc=\"https:\/\/festivalbritannique.fr\/wp-content\/gallery\/Avant%20toi\/063880.jpg-c_215_290_x-f_jpg-q_x-xxyxx.jpg\"\n\t\t\t\tstyle=\"max-height: 380px;\"\/>\n\t\t<\/a>\n\n\t\t\n\t\t<a href=\"https:\/\/festivalbritannique.fr\/wp-content\/gallery\/Avant%20toi\/398720.jpg-r_1920_1080-f_jpg-q_x-xxyxx.jpg\"\n\t\t\ttitle=\"\"\n\t\t\tdata-src=\"https:\/\/festivalbritannique.fr\/wp-content\/gallery\/Avant%20toi\/398720.jpg-r_1920_1080-f_jpg-q_x-xxyxx.jpg\"\n\t\t\tdata-thumbnail=\"https:\/\/festivalbritannique.fr\/wp-content\/gallery\/Avant%20toi\/thumbs\/thumbs_398720.jpg-r_1920_1080-f_jpg-q_x-xxyxx.jpg\"\n\t\t\tdata-image-id=\"150\"\n\t\t\tdata-title=\"ME BEFORE YOU\"\n\t\t\tdata-description=\"\"\n\t\t\tclass=\"ngg-fancybox\" rel=\"872badbc6c0d03ca92621c9b4994b9ba\">\n\n\t\t\t<img data-image-id='150'\n\t\t\t\ttitle=\"\"\n\t\t\t\talt=\"ME BEFORE YOU\"\n\t\t\t\tsrc=\"https:\/\/festivalbritannique.fr\/wp-content\/gallery\/Avant%20toi\/398720.jpg-r_1920_1080-f_jpg-q_x-xxyxx.jpg\"\n\t\t\t\tstyle=\"max-height: 380px;\"\/>\n\t\t<\/a>\n\n\t\t\n\t\t<a href=\"https:\/\/festivalbritannique.fr\/wp-content\/gallery\/Avant%20toi\/399501.jpg-r_1920_1080-f_jpg-q_x-xxyxx.jpg\"\n\t\t\ttitle=\"\"\n\t\t\tdata-src=\"https:\/\/festivalbritannique.fr\/wp-content\/gallery\/Avant%20toi\/399501.jpg-r_1920_1080-f_jpg-q_x-xxyxx.jpg\"\n\t\t\tdata-thumbnail=\"https:\/\/festivalbritannique.fr\/wp-content\/gallery\/Avant%20toi\/thumbs\/thumbs_399501.jpg-r_1920_1080-f_jpg-q_x-xxyxx.jpg\"\n\t\t\tdata-image-id=\"151\"\n\t\t\tdata-title=\"ME BEFORE YOU\"\n\t\t\tdata-description=\"\"\n\t\t\tclass=\"ngg-fancybox\" rel=\"872badbc6c0d03ca92621c9b4994b9ba\">\n\n\t\t\t<img data-image-id='151'\n\t\t\t\ttitle=\"\"\n\t\t\t\talt=\"ME BEFORE YOU\"\n\t\t\t\tsrc=\"https:\/\/festivalbritannique.fr\/wp-content\/gallery\/Avant%20toi\/399501.jpg-r_1920_1080-f_jpg-q_x-xxyxx.jpg\"\n\t\t\t\tstyle=\"max-height: 380px;\"\/>\n\t\t<\/a>\n\n\t\t\n\t\t<a href=\"https:\/\/festivalbritannique.fr\/wp-content\/gallery\/Avant%20toi\/400282.jpg-r_1920_1080-f_jpg-q_x-xxyxx.jpg\"\n\t\t\ttitle=\"\"\n\t\t\tdata-src=\"https:\/\/festivalbritannique.fr\/wp-content\/gallery\/Avant%20toi\/400282.jpg-r_1920_1080-f_jpg-q_x-xxyxx.jpg\"\n\t\t\tdata-thumbnail=\"https:\/\/festivalbritannique.fr\/wp-content\/gallery\/Avant%20toi\/thumbs\/thumbs_400282.jpg-r_1920_1080-f_jpg-q_x-xxyxx.jpg\"\n\t\t\tdata-image-id=\"152\"\n\t\t\tdata-title=\"MBY203_056.tif\"\n\t\t\tdata-description=\"\"\n\t\t\tclass=\"ngg-fancybox\" rel=\"872badbc6c0d03ca92621c9b4994b9ba\">\n\n\t\t\t<img data-image-id='152'\n\t\t\t\ttitle=\"\"\n\t\t\t\talt=\"MBY203_056.tif\"\n\t\t\t\tsrc=\"https:\/\/festivalbritannique.fr\/wp-content\/gallery\/Avant%20toi\/400282.jpg-r_1920_1080-f_jpg-q_x-xxyxx.jpg\"\n\t\t\t\tstyle=\"max-height: 380px;\"\/>\n\t\t<\/a>\n\n\t\t\n\t\t<a href=\"https:\/\/festivalbritannique.fr\/wp-content\/gallery\/Avant%20toi\/402470.jpg-r_1920_1080-f_jpg-q_x-xxyxx.jpg\"\n\t\t\ttitle=\"\"\n\t\t\tdata-src=\"https:\/\/festivalbritannique.fr\/wp-content\/gallery\/Avant%20toi\/402470.jpg-r_1920_1080-f_jpg-q_x-xxyxx.jpg\"\n\t\t\tdata-thumbnail=\"https:\/\/festivalbritannique.fr\/wp-content\/gallery\/Avant%20toi\/thumbs\/thumbs_402470.jpg-r_1920_1080-f_jpg-q_x-xxyxx.jpg\"\n\t\t\tdata-image-id=\"153\"\n\t\t\tdata-title=\"MBY203_052.tif\"\n\t\t\tdata-description=\"\"\n\t\t\tclass=\"ngg-fancybox\" rel=\"872badbc6c0d03ca92621c9b4994b9ba\">\n\n\t\t\t<img data-image-id='153'\n\t\t\t\ttitle=\"\"\n\t\t\t\talt=\"MBY203_052.tif\"\n\t\t\t\tsrc=\"https:\/\/festivalbritannique.fr\/wp-content\/gallery\/Avant%20toi\/402470.jpg-r_1920_1080-f_jpg-q_x-xxyxx.jpg\"\n\t\t\t\tstyle=\"max-height: 380px;\"\/>\n\t\t<\/a>\n\n\t\t\n\t\t<a href=\"https:\/\/festivalbritannique.fr\/wp-content\/gallery\/Avant%20toi\/403095.jpg-r_1920_1080-f_jpg-q_x-xxyxx.jpg\"\n\t\t\ttitle=\"\"\n\t\t\tdata-src=\"https:\/\/festivalbritannique.fr\/wp-content\/gallery\/Avant%20toi\/403095.jpg-r_1920_1080-f_jpg-q_x-xxyxx.jpg\"\n\t\t\tdata-thumbnail=\"https:\/\/festivalbritannique.fr\/wp-content\/gallery\/Avant%20toi\/thumbs\/thumbs_403095.jpg-r_1920_1080-f_jpg-q_x-xxyxx.jpg\"\n\t\t\tdata-image-id=\"154\"\n\t\t\tdata-title=\"MBY203_045.tif\"\n\t\t\tdata-description=\"\"\n\t\t\tclass=\"ngg-fancybox\" rel=\"872badbc6c0d03ca92621c9b4994b9ba\">\n\n\t\t\t<img data-image-id='154'\n\t\t\t\ttitle=\"\"\n\t\t\t\talt=\"MBY203_045.tif\"\n\t\t\t\tsrc=\"https:\/\/festivalbritannique.fr\/wp-content\/gallery\/Avant%20toi\/403095.jpg-r_1920_1080-f_jpg-q_x-xxyxx.jpg\"\n\t\t\t\tstyle=\"max-height: 380px;\"\/>\n\t\t<\/a>\n\n\t\t\n\t\t<a href=\"https:\/\/festivalbritannique.fr\/wp-content\/gallery\/Avant%20toi\/404501.jpg-r_1920_1080-f_jpg-q_x-xxyxx.jpg\"\n\t\t\ttitle=\"\"\n\t\t\tdata-src=\"https:\/\/festivalbritannique.fr\/wp-content\/gallery\/Avant%20toi\/404501.jpg-r_1920_1080-f_jpg-q_x-xxyxx.jpg\"\n\t\t\tdata-thumbnail=\"https:\/\/festivalbritannique.fr\/wp-content\/gallery\/Avant%20toi\/thumbs\/thumbs_404501.jpg-r_1920_1080-f_jpg-q_x-xxyxx.jpg\"\n\t\t\tdata-image-id=\"155\"\n\t\t\tdata-title=\"MBY203_031.tif\"\n\t\t\tdata-description=\"\"\n\t\t\tclass=\"ngg-fancybox\" rel=\"872badbc6c0d03ca92621c9b4994b9ba\">\n\n\t\t\t<img data-image-id='155'\n\t\t\t\ttitle=\"\"\n\t\t\t\talt=\"MBY203_031.tif\"\n\t\t\t\tsrc=\"https:\/\/festivalbritannique.fr\/wp-content\/gallery\/Avant%20toi\/404501.jpg-r_1920_1080-f_jpg-q_x-xxyxx.jpg\"\n\t\t\t\tstyle=\"max-height: 380px;\"\/>\n\t\t<\/a>\n\n\t\t\n\t\t<a href=\"https:\/\/festivalbritannique.fr\/wp-content\/gallery\/Avant%20toi\/469870.jpg-r_1920_1080-f_jpg-q_x-xxyxx.jpg\"\n\t\t\ttitle=\"\"\n\t\t\tdata-src=\"https:\/\/festivalbritannique.fr\/wp-content\/gallery\/Avant%20toi\/469870.jpg-r_1920_1080-f_jpg-q_x-xxyxx.jpg\"\n\t\t\tdata-thumbnail=\"https:\/\/festivalbritannique.fr\/wp-content\/gallery\/Avant%20toi\/thumbs\/thumbs_469870.jpg-r_1920_1080-f_jpg-q_x-xxyxx.jpg\"\n\t\t\tdata-image-id=\"156\"\n\t\t\tdata-title=\"ME BEFORE YOU\"\n\t\t\tdata-description=\"\"\n\t\t\tclass=\"ngg-fancybox\" rel=\"872badbc6c0d03ca92621c9b4994b9ba\">\n\n\t\t\t<img data-image-id='156'\n\t\t\t\ttitle=\"\"\n\t\t\t\talt=\"ME BEFORE YOU\"\n\t\t\t\tsrc=\"https:\/\/festivalbritannique.fr\/wp-content\/gallery\/Avant%20toi\/469870.jpg-r_1920_1080-f_jpg-q_x-xxyxx.jpg\"\n\t\t\t\tstyle=\"max-height: 380px;\"\/>\n\t\t<\/a>\n\n\t\t\n\t\t<a href=\"https:\/\/festivalbritannique.fr\/wp-content\/gallery\/Avant%20toi\/470339.jpg-r_1920_1080-f_jpg-q_x-xxyxx.jpg\"\n\t\t\ttitle=\"\"\n\t\t\tdata-src=\"https:\/\/festivalbritannique.fr\/wp-content\/gallery\/Avant%20toi\/470339.jpg-r_1920_1080-f_jpg-q_x-xxyxx.jpg\"\n\t\t\tdata-thumbnail=\"https:\/\/festivalbritannique.fr\/wp-content\/gallery\/Avant%20toi\/thumbs\/thumbs_470339.jpg-r_1920_1080-f_jpg-q_x-xxyxx.jpg\"\n\t\t\tdata-image-id=\"157\"\n\t\t\tdata-title=\"470339-r_1920_1080-f_jpg-q_x-xxyxx\"\n\t\t\tdata-description=\"\"\n\t\t\tclass=\"ngg-fancybox\" rel=\"872badbc6c0d03ca92621c9b4994b9ba\">\n\n\t\t\t<img data-image-id='157'\n\t\t\t\ttitle=\"\"\n\t\t\t\talt=\"470339-r_1920_1080-f_jpg-q_x-xxyxx\"\n\t\t\t\tsrc=\"https:\/\/festivalbritannique.fr\/wp-content\/gallery\/Avant%20toi\/470339.jpg-r_1920_1080-f_jpg-q_x-xxyxx.jpg\"\n\t\t\t\tstyle=\"max-height: 380px;\"\/>\n\t\t<\/a>\n\n\t\t\n\t\t<a href=\"https:\/\/festivalbritannique.fr\/wp-content\/gallery\/Avant%20toi\/470964.jpg-r_1920_1080-f_jpg-q_x-xxyxx.jpg\"\n\t\t\ttitle=\"\"\n\t\t\tdata-src=\"https:\/\/festivalbritannique.fr\/wp-content\/gallery\/Avant%20toi\/470964.jpg-r_1920_1080-f_jpg-q_x-xxyxx.jpg\"\n\t\t\tdata-thumbnail=\"https:\/\/festivalbritannique.fr\/wp-content\/gallery\/Avant%20toi\/thumbs\/thumbs_470964.jpg-r_1920_1080-f_jpg-q_x-xxyxx.jpg\"\n\t\t\tdata-image-id=\"158\"\n\t\t\tdata-title=\"ME BEFORE YOU\"\n\t\t\tdata-description=\"\"\n\t\t\tclass=\"ngg-fancybox\" rel=\"872badbc6c0d03ca92621c9b4994b9ba\">\n\n\t\t\t<img data-image-id='158'\n\t\t\t\ttitle=\"\"\n\t\t\t\talt=\"ME BEFORE YOU\"\n\t\t\t\tsrc=\"https:\/\/festivalbritannique.fr\/wp-content\/gallery\/Avant%20toi\/470964.jpg-r_1920_1080-f_jpg-q_x-xxyxx.jpg\"\n\t\t\t\tstyle=\"max-height: 380px;\"\/>\n\t\t<\/a>\n\n\t\t\n\t\t<a href=\"https:\/\/festivalbritannique.fr\/wp-content\/gallery\/Avant%20toi\/471589.jpg-r_1920_1080-f_jpg-q_x-xxyxx.jpg\"\n\t\t\ttitle=\"\"\n\t\t\tdata-src=\"https:\/\/festivalbritannique.fr\/wp-content\/gallery\/Avant%20toi\/471589.jpg-r_1920_1080-f_jpg-q_x-xxyxx.jpg\"\n\t\t\tdata-thumbnail=\"https:\/\/festivalbritannique.fr\/wp-content\/gallery\/Avant%20toi\/thumbs\/thumbs_471589.jpg-r_1920_1080-f_jpg-q_x-xxyxx.jpg\"\n\t\t\tdata-image-id=\"159\"\n\t\t\tdata-title=\"ME BEFORE YOU\"\n\t\t\tdata-description=\"\"\n\t\t\tclass=\"ngg-fancybox\" rel=\"872badbc6c0d03ca92621c9b4994b9ba\">\n\n\t\t\t<img data-image-id='159'\n\t\t\t\ttitle=\"\"\n\t\t\t\talt=\"ME BEFORE YOU\"\n\t\t\t\tsrc=\"https:\/\/festivalbritannique.fr\/wp-content\/gallery\/Avant%20toi\/471589.jpg-r_1920_1080-f_jpg-q_x-xxyxx.jpg\"\n\t\t\t\tstyle=\"max-height: 380px;\"\/>\n\t\t<\/a>\n\n\t\t\n\t\t<a href=\"https:\/\/festivalbritannique.fr\/wp-content\/gallery\/Avant%20toi\/472214.jpg-r_1920_1080-f_jpg-q_x-xxyxx.jpg\"\n\t\t\ttitle=\"\"\n\t\t\tdata-src=\"https:\/\/festivalbritannique.fr\/wp-content\/gallery\/Avant%20toi\/472214.jpg-r_1920_1080-f_jpg-q_x-xxyxx.jpg\"\n\t\t\tdata-thumbnail=\"https:\/\/festivalbritannique.fr\/wp-content\/gallery\/Avant%20toi\/thumbs\/thumbs_472214.jpg-r_1920_1080-f_jpg-q_x-xxyxx.jpg\"\n\t\t\tdata-image-id=\"160\"\n\t\t\tdata-title=\"ME BEFORE YOU\"\n\t\t\tdata-description=\"\"\n\t\t\tclass=\"ngg-fancybox\" rel=\"872badbc6c0d03ca92621c9b4994b9ba\">\n\n\t\t\t<img data-image-id='160'\n\t\t\t\ttitle=\"\"\n\t\t\t\talt=\"ME BEFORE YOU\"\n\t\t\t\tsrc=\"https:\/\/festivalbritannique.fr\/wp-content\/gallery\/Avant%20toi\/472214.jpg-r_1920_1080-f_jpg-q_x-xxyxx.jpg\"\n\t\t\t\tstyle=\"max-height: 380px;\"\/>\n\t\t<\/a>\n\n\t\t\n\t\t<a href=\"https:\/\/festivalbritannique.fr\/wp-content\/gallery\/Avant%20toi\/472995.jpg-r_1920_1080-f_jpg-q_x-xxyxx.jpg\"\n\t\t\ttitle=\"\"\n\t\t\tdata-src=\"https:\/\/festivalbritannique.fr\/wp-content\/gallery\/Avant%20toi\/472995.jpg-r_1920_1080-f_jpg-q_x-xxyxx.jpg\"\n\t\t\tdata-thumbnail=\"https:\/\/festivalbritannique.fr\/wp-content\/gallery\/Avant%20toi\/thumbs\/thumbs_472995.jpg-r_1920_1080-f_jpg-q_x-xxyxx.jpg\"\n\t\t\tdata-image-id=\"161\"\n\t\t\tdata-title=\"ME BEFORE YOU\"\n\t\t\tdata-description=\"\"\n\t\t\tclass=\"ngg-fancybox\" rel=\"872badbc6c0d03ca92621c9b4994b9ba\">\n\n\t\t\t<img data-image-id='161'\n\t\t\t\ttitle=\"\"\n\t\t\t\talt=\"ME BEFORE YOU\"\n\t\t\t\tsrc=\"https:\/\/festivalbritannique.fr\/wp-content\/gallery\/Avant%20toi\/472995.jpg-r_1920_1080-f_jpg-q_x-xxyxx.jpg\"\n\t\t\t\tstyle=\"max-height: 380px;\"\/>\n\t\t<\/a>\n\n\t\t\n\t\t<a href=\"https:\/\/festivalbritannique.fr\/wp-content\/gallery\/Avant%20toi\/473620.jpg-r_1920_1080-f_jpg-q_x-xxyxx.jpg\"\n\t\t\ttitle=\"\"\n\t\t\tdata-src=\"https:\/\/festivalbritannique.fr\/wp-content\/gallery\/Avant%20toi\/473620.jpg-r_1920_1080-f_jpg-q_x-xxyxx.jpg\"\n\t\t\tdata-thumbnail=\"https:\/\/festivalbritannique.fr\/wp-content\/gallery\/Avant%20toi\/thumbs\/thumbs_473620.jpg-r_1920_1080-f_jpg-q_x-xxyxx.jpg\"\n\t\t\tdata-image-id=\"162\"\n\t\t\tdata-title=\"ME BEFORE YOU\"\n\t\t\tdata-description=\"\"\n\t\t\tclass=\"ngg-fancybox\" rel=\"872badbc6c0d03ca92621c9b4994b9ba\">\n\n\t\t\t<img data-image-id='162'\n\t\t\t\ttitle=\"\"\n\t\t\t\talt=\"ME BEFORE YOU\"\n\t\t\t\tsrc=\"https:\/\/festivalbritannique.fr\/wp-content\/gallery\/Avant%20toi\/473620.jpg-r_1920_1080-f_jpg-q_x-xxyxx.jpg\"\n\t\t\t\tstyle=\"max-height: 380px;\"\/>\n\t\t<\/a>\n\n\t\t<\/div>\n\n\n<\/p>\n<p>&nbsp;<\/p>\n<p><iframe loading=\"lazy\" title=\"Avant Toi - Bande Annonce Officielle 3 (VOST) - Emilia Clarke \/ Sam Claflin\" width=\"1170\" height=\"658\" src=\"https:\/\/www.youtube.com\/embed\/FwzO0P9qYCE?feature=oembed\" frameborder=\"0\" allow=\"accelerometer; autoplay; encrypted-media; gyroscope; picture-in-picture\" allowfullscreen><\/iframe><\/p>\n<p>&nbsp;<\/p>\n<!-- AddThis Advanced Settings generic via filter on the_content --><!-- AddThis Share Buttons generic via filter on the_content -->","protected":false},"excerpt":{"rendered":"<p>Titre original : Me before you Samedi 11 mars \u00e0 18h15 Drame, romance. 1h50. Une charmante petite ville de l&rsquo;Angleterre rurale. Si elle est originale et artiste dans l&rsquo;\u00e2me, Louisa \u00ab\u00a0Lou\u00a0\u00bb Clark, 26 ans, n&rsquo;a aucune ambition particuli\u00e8re. Elle se contente d&rsquo;encha\u00eener les boulots pour permettre \u00e0 ses proches de joindre les deux bouts. Jeune<\/p>\n<p><a href=\"https:\/\/festivalbritannique.fr\/?page_id=817\" class=\"more-link themebutton\">Read More<\/a><\/p>\n<p><!-- AddThis Advanced Settings generic via filter on get_the_excerpt --><!-- AddThis Share Buttons generic via filter on get_the_excerpt --><\/p>\n","protected":false},"author":2,"featured_media":0,"parent":1105,"menu_order":0,"comment_status":"closed","ping_status":"closed","template":"","meta":{"ngg_post_thumbnail":0,"footnotes":""},"class_list":["post-817","page","type-page","status-publish","hentry"],"_links":{"self":[{"href":"https:\/\/festivalbritannique.fr\/index.php?rest_route=\/wp\/v2\/pages\/817","targetHints":{"allow":["GET"]}}],"collection":[{"href":"https:\/\/festivalbritannique.fr\/index.php?rest_route=\/wp\/v2\/pages"}],"about":[{"href":"https:\/\/festivalbritannique.fr\/index.php?rest_route=\/wp\/v2\/types\/page"}],"author":[{"embeddable":true,"href":"https:\/\/festivalbritannique.fr\/index.php?rest_route=\/wp\/v2\/users\/2"}],"replies":[{"embeddable":true,"href":"https:\/\/festivalbritannique.fr\/index.php?rest_route=%2Fwp%2Fv2%2Fcomments&post=817"}],"version-history":[{"count":2,"href":"https:\/\/festivalbritannique.fr\/index.php?rest_route=\/wp\/v2\/pages\/817\/revisions"}],"predecessor-version":[{"id":1038,"href":"https:\/\/festivalbritannique.fr\/index.php?rest_route=\/wp\/v2\/pages\/817\/revisions\/1038"}],"up":[{"embeddable":true,"href":"https:\/\/festivalbritannique.fr\/index.php?rest_route=\/wp\/v2\/pages\/1105"}],"wp:attachment":[{"href":"https:\/\/festivalbritannique.fr\/index.php?rest_route=%2Fwp%2Fv2%2Fmedia&parent=817"}],"curies":[{"name":"wp","href":"https:\/\/api.w.org\/{rel}","templated":true}]}}